{"id":919,"date":"2010-10-19T00:04:04","date_gmt":"2010-10-19T00:04:04","guid":{"rendered":"http:\/\/www.categero.org.br\/?page_id=919"},"modified":"2017-05-18T17:59:51","modified_gmt":"2017-05-18T20:59:51","slug":"2006-canoasrs-categero-e-entronizado-no-cpm","status":"publish","type":"page","link":"https:\/\/categero.org.br\/antigo\/?page_id=919","title":{"rendered":"Canoas\/RS &#8211;  Gruta ao Beato Ant\u00f4nio de Categer\u00f3 no CPM e 15\u00baBPM"},"content":{"rendered":"<p style=\"text-align: right;\"><em><strong>VEJA MAIS &nbsp; &nbsp;&nbsp;<a href=\"http:\/\/categero.org.br\/?p=10137&amp;preview=true\" target=\"_blank\" rel=\"noopener noreferrer\">Not\u00edcias &nbsp;desta igreja em nosso Portal<\/a><\/strong><\/em><\/p>\n<p style=\"text-align: center;\"><strong>Primeira Gruta &nbsp;ao Beato Ant\u00f4nio de Categer\u00f3 no solo Ga\u00facho<\/strong><\/p>\n<p style=\"text-align: justify;\"><img loading=\"lazy\" decoding=\"async\" class=\" wp-image-921 alignleft\" title=\"Brasao CPM - Internet\" src=\"http:\/\/www.categero.org.br\/wp-content\/uploads\/2010\/10\/Brasao-CPM-Internet-236x300.jpg\" alt=\"\" width=\"163\" height=\"207\"\/>H\u00e1 uma gruta para o Beato Ant\u00f4nio de Categer\u00f3, da sede do CPM e 15\u00ba BPM, na cidade de Canoas, no Estado do Rio Grande do Sul. Ela (a gruta) foi inaugurada no dia 21 de novembro de 2006.<\/p>\n<p style=\"text-align: justify;\">&nbsp;A gruta mede 1,80 metros e foi constru\u00edda pelo Sd Claudeci Rodrigues.&nbsp; Ela est\u00e1 inserida entre os port\u00f5es que conduzem para o complexo de ensino, ficando na converg\u00eancia da divis\u00e3o, para a direita, as salas de aula e a linha de tiro&nbsp;&nbsp;e, para a esquerda, o campo de futebol. &nbsp;Ela se situa bem nessa intersec\u00e7\u00e3o de entrada desses dois espa\u00e7os.<\/p>\n<p style=\"text-align: justify;\">A cerim\u00f4nia que teve in\u00edcio em torno das 10 horas contou com a presen\u00e7a de todo o comando metropolitano, do Comandante do 5\u00ba Comando a\u00e9reo Regional, Brigadeiro Vilmar Ferroso Freitas, do Prefeito do Munic\u00edpio de Canoas,&nbsp; Marcos Ronchetti, do Presidente da C\u00e2mara Municipal de Canoas e de outras autoridades.<\/p>\n<p style=\"text-align: right;\"><em><strong>VEJA MAIS &nbsp; &nbsp;<a href=\"http:\/\/categero.org.br\/?p=10137&amp;preview=true\" target=\"_blank\" rel=\"noopener noreferrer\">&nbsp;Not\u00edcias &nbsp;desta igreja em nosso Portal<\/a><\/strong><\/em><\/p>\n<div id=\"attachment_10149\" style=\"width: 326px\" class=\"wp-caption alignleft\"><a href=\"http:\/\/categero.org.br\/wp-content\/uploads\/2010\/10\/Placa-Categr.jpg\"><img loading=\"lazy\" decoding=\"async\" aria-describedby=\"caption-attachment-10149\" class=\"wp-image-10149\" src=\"http:\/\/categero.org.br\/wp-content\/uploads\/2010\/10\/Placa-Categr.jpg\" alt=\"Placa Categr\" width=\"316\" height=\"186\"\/><\/a><p id=\"caption-attachment-10149\" class=\"wp-caption-text\">Placa com a inscri\u00e7\u00e3o &#8220;Santo Ant\u00f4nio de Categer\u00f3 &#8211; Barca (Norte da \u00c1frica) 1490\/1550 &#8211; Aben\u00e7oe a seguran\u00e7a p\u00fablica. Canoas Novembro 21, 2006.<\/p><\/div>\n<p style=\"text-align: justify;\">A imagem de Categer\u00f3 posta na gruta \u00e9 &nbsp;a que estava&nbsp;na sede do&nbsp;jornal Correio Brigadiano. Ela mede 73 cm de altura e est\u00e1 elevada em um pequeno pedestal. O espa\u00e7o foi previsto para uma imagem, bem maior, mais de &nbsp;1,30 mts, &nbsp;como previa o projeto inicial. H\u00e1 uma placa de identifica\u00e7\u00e3o que est\u00e1 fixada, na parte superior externa, a direita da entrada da gruta.<\/p>\n<p style=\"text-align: right;\"><em><strong>VEJA MAIS &nbsp; &nbsp;<a href=\"http:\/\/categero.org.br\/?p=10137&amp;preview=true\" target=\"_blank\" rel=\"noopener noreferrer\">&nbsp;Not\u00edcias &nbsp;desta igreja em nosso Portal<\/a><\/strong><\/em><\/p>\n<p><a href=\"http:\/\/categero.org.br\/wp-content\/uploads\/2010\/10\/RS-Gruta-CPM-Canoas-RS.jpg\"><img loading=\"lazy\" decoding=\"async\" class=\"aligncenter size-medium wp-image-8592\" src=\"http:\/\/categero.org.br\/wp-content\/uploads\/2010\/10\/RS-Gruta-CPM-Canoas-RS-300x154.jpg\" alt=\"RS - Gruta CPM Canoas RS\" width=\"300\" height=\"154\" srcset=\"https:\/\/categero.org.br\/antigo\/wp-content\/uploads\/2010\/10\/RS-Gruta-CPM-Canoas-RS-300x154.jpg 300w, https:\/\/categero.org.br\/antigo\/wp-content\/uploads\/2010\/10\/RS-Gruta-CPM-Canoas-RS-1024x526.jpg 1024w, https:\/\/categero.org.br\/antigo\/wp-content\/uploads\/2010\/10\/RS-Gruta-CPM-Canoas-RS-495x254.jpg 495w, https:\/\/categero.org.br\/antigo\/wp-content\/uploads\/2010\/10\/RS-Gruta-CPM-Canoas-RS.jpg 1944w\" sizes=\"auto, (max-width: 300px) 100vw, 300px\" \/><\/a><\/p>\n","protected":false},"excerpt":{"rendered":"<p>VEJA MAIS &nbsp; &nbsp;&nbsp;Not\u00edcias &nbsp;desta igreja em nosso Portal Primeira Gruta &nbsp;ao Beato Ant\u00f4nio de Categer\u00f3 no solo Ga\u00facho H\u00e1 uma gruta para o Beato Ant\u00f4nio de Categer\u00f3, da sede do CPM e 15\u00ba BPM, na cidade de Canoas, no Estado do Rio Grande do Sul. Ela (a gruta) foi inaugurada no dia 21 de [&hellip;]<\/p>\n","protected":false},"author":1,"featured_media":8592,"parent":12333,"menu_order":0,"comment_status":"closed","ping_status":"closed","template":"","meta":{"ngg_post_thumbnail":0,"footnotes":""},"class_list":["post-919","page","type-page","status-publish","has-post-thumbnail","hentry"],"_links":{"self":[{"href":"https:\/\/categero.org.br\/antigo\/index.php?rest_route=\/wp\/v2\/pages\/919","targetHints":{"allow":["GET"]}}],"collection":[{"href":"https:\/\/categero.org.br\/antigo\/index.php?rest_route=\/wp\/v2\/pages"}],"about":[{"href":"https:\/\/categero.org.br\/antigo\/index.php?rest_route=\/wp\/v2\/types\/page"}],"author":[{"embeddable":true,"href":"https:\/\/categero.org.br\/antigo\/index.php?rest_route=\/wp\/v2\/users\/1"}],"replies":[{"embeddable":true,"href":"https:\/\/categero.org.br\/antigo\/index.php?rest_route=%2Fwp%2Fv2%2Fcomments&post=919"}],"version-history":[{"count":17,"href":"https:\/\/categero.org.br\/antigo\/index.php?rest_route=\/wp\/v2\/pages\/919\/revisions"}],"predecessor-version":[{"id":12375,"href":"https:\/\/categero.org.br\/antigo\/index.php?rest_route=\/wp\/v2\/pages\/919\/revisions\/12375"}],"up":[{"embeddable":true,"href":"https:\/\/categero.org.br\/antigo\/index.php?rest_route=\/wp\/v2\/pages\/12333"}],"wp:featuredmedia":[{"embeddable":true,"href":"https:\/\/categero.org.br\/antigo\/index.php?rest_route=\/wp\/v2\/media\/8592"}],"wp:attachment":[{"href":"https:\/\/categero.org.br\/antigo\/index.php?rest_route=%2Fwp%2Fv2%2Fmedia&parent=919"}],"curies":[{"name":"wp","href":"https:\/\/api.w.org\/{rel}","templated":true}]}}