{"id":8867,"date":"2014-03-25T15:51:27","date_gmt":"2014-03-25T18:51:27","guid":{"rendered":"http:\/\/categero.org.br\/?page_id=8867"},"modified":"2018-12-31T10:47:57","modified_gmt":"2018-12-31T13:47:57","slug":"8867-2","status":"publish","type":"page","link":"https:\/\/categero.org.br\/antigo\/?page_id=8867","title":{"rendered":"S\u00e3o Paulo: Templos, Museus, Logradouros e outros a Santo Ant\u00f4nio de Categer\u00f3"},"content":{"rendered":"<p style=\"text-align: center;\"><strong>ESTADO DE S\u00c3O PAULO<\/strong><\/p>\n<p style=\"text-align: center;\"><span style=\"color: #993300;\"><strong>\u00a0Fundados locais devocionais, pela arte ou cultura e, t<\/strong><strong>emplos \u00a0e outros locais<br \/>\n<\/strong>com imagem ou topon\u00edmia ao Beato Ant\u00f4nio de Categer\u00f3<\/span><\/p>\n<p style=\"text-align: center;\"><strong>\u00a0<span style=\"color: #ff0000;\">Capital -Templos e afins<\/span><br \/>\n<\/strong><\/p>\n<p style=\"padding-left: 90px;\"><span style=\"font-family: 'Georgia',serif; color: #333333;\"><br \/>\nS\u00e3o Paulo &#8211; <a href=\"http:\/\/categero.org.br\/?page_id=11993\" target=\"_blank\" rel=\"noopener\">Capela do p\u00e1tio do Col\u00e9gio<\/a><\/span><\/p>\n<p style=\"padding-left: 90px;\"><span style=\"font-family: 'Georgia',serif; color: #333333;\">S\u00e3o Paulo &#8211;\u00a0<a href=\"http:\/\/categero.org.br\/?page_id=11889\" target=\"_blank\" rel=\"noopener\">Capela Santo Ant\u00f5nio &#8211; Patriarca<\/a><\/span><\/p>\n<p style=\"font-variant-ligatures: normal; font-variant-caps: normal; orphans: 2; text-align: start; widows: 2; -webkit-text-stroke-width: 0px; word-spacing: 0px; padding-left: 90px;\"><span style=\"font-family: 'Georgia',serif; color: #333333;\">S\u00e3o Paulo &#8211; Igreja de N\u00aa S\u00aa de Penha de Fran\u00e7a<\/span><\/p>\n<p style=\"font-variant-ligatures: normal; font-variant-caps: normal; orphans: 2; text-align: start; widows: 2; -webkit-text-stroke-width: 0px; word-spacing: 0px; padding-left: 90px;\"><span style=\"font-family: 'Georgia',serif; color: #333333;\">S\u00e3o Paulo \u2013\u00a0<a href=\"http:\/\/categero.org.br\/?page_id=116\" target=\"_blank\" rel=\"noopener\">Capela de N\u00aa S\u00aa dos Aflitos<\/a><\/span><\/p>\n<p style=\"font-variant-ligatures: normal; font-variant-caps: normal; orphans: 2; text-align: start; widows: 2; -webkit-text-stroke-width: 0px; word-spacing: 0px; padding-left: 90px;\"><span style=\"font-family: 'Georgia',serif; color: #333333;\">S\u00e3o Paulo &#8211;<span class=\"apple-converted-space\">\u00a0<\/span><a href=\"http:\/\/categero.org.br\/?page_id=785\" target=\"_blank\" rel=\"noopener\">Capela Particular da Eliza de Categer\u00f3<\/a><\/span><\/p>\n<p style=\"font-variant-ligatures: normal; font-variant-caps: normal; orphans: 2; text-align: start; widows: 2; -webkit-text-stroke-width: 0px; word-spacing: 0px; padding-left: 90px;\"><span style=\"font-family: 'Georgia',serif; color: #333333;\">S\u00e3o Paulo &#8211;<span class=\"apple-converted-space\">\u00a0<\/span>Igreja \u00a0de Santa Efig\u00eania<\/span><\/p>\n<p style=\"font-variant-ligatures: normal; font-variant-caps: normal; orphans: 2; text-align: start; widows: 2; -webkit-text-stroke-width: 0px; word-spacing: 0px; padding-left: 90px;\"><span style=\"font-family: 'Georgia',serif; color: #333333;\">S\u00e3o Paulo \u2013\u00a0<a href=\"http:\/\/www.categero.org.br\/?page_id=119\">Igreja da Irmandade de N\u00aa S\u00aa do Ros\u00e1rio dos Pretos<\/a><\/span><\/p>\n<p style=\"font-variant-ligatures: normal; font-variant-caps: normal; orphans: 2; text-align: start; widows: 2; -webkit-text-stroke-width: 0px; word-spacing: 0px; padding-left: 90px;\"><span style=\"font-family: 'Georgia',serif; color: #333333;\">S\u00e3o Paulo \u2013\u00a0<a href=\"http:\/\/www.categero.org.br\/?page_id=113\" target=\"_blank\" rel=\"noopener\">Igreja das Chagas do Ser\u00e1fico Pai S\u00e3o Farncisco (ordem 3\u00aa) ou tamb\u00e9m da Penit\u00eancia<\/a><\/span><\/p>\n<p style=\"font-variant-ligatures: normal; font-variant-caps: normal; orphans: 2; text-align: start; widows: 2; -webkit-text-stroke-width: 0px; word-spacing: 0px; padding-left: 90px;\"><span style=\"font-family: 'Georgia',serif; color: #333333;\">S\u00e3o Paulo \u2013\u00a0<a href=\"http:\/\/www.categero.org.br\/?page_id=124\" target=\"_blank\" rel=\"noopener\">Igreja de Nossa Senhora da Achir\u00f3pita<\/a><\/span><\/p>\n<p style=\"font-variant-ligatures: normal; font-variant-caps: normal; orphans: 2; text-align: start; widows: 2; -webkit-text-stroke-width: 0px; word-spacing: 0px; padding-left: 90px;\"><span style=\"font-family: 'Georgia',serif; color: #333333;\">S\u00e3o Paulo \u2013\u00a0<a href=\"http:\/\/www.categero.org.br\/?page_id=133\" target=\"_blank\" rel=\"noopener\">Igreja de Santa Cruz das Almas Enforcadas<\/a><\/span><\/p>\n<p style=\"font-variant-ligatures: normal; font-variant-caps: normal; orphans: 2; text-align: start; widows: 2; -webkit-text-stroke-width: 0px; word-spacing: 0px; padding-left: 90px;\"><span style=\"font-family: 'Georgia',serif; color: #333333;\">S\u00e3o Paulo \u2013\u00a0<a href=\"http:\/\/www.categero.org.br\/?page_id=136\" target=\"_blank\" rel=\"noopener\">Igreja de Santa Edviges<\/a><\/span><\/p>\n<p style=\"font-variant-ligatures: normal; font-variant-caps: normal; orphans: 2; text-align: start; widows: 2; -webkit-text-stroke-width: 0px; word-spacing: 0px; padding-left: 90px;\"><span style=\"font-family: 'Georgia',serif; color: #333333;\">S\u00e3o Paulo \u2013\u00a0<a href=\"http:\/\/www.categero.org.br\/?page_id=138\">Igreja de Santo Amaro<\/a><\/span><\/p>\n<p style=\"font-variant-ligatures: normal; font-variant-caps: normal; orphans: 2; text-align: start; widows: 2; -webkit-text-stroke-width: 0px; word-spacing: 0px; padding-left: 90px;\"><span style=\"font-family: 'Georgia',serif; color: #333333;\">S\u00e3o Paulo \u2013<a href=\"http:\/\/categero.org.br\/?page_id=9801\" target=\"_blank\" rel=\"noopener\">\u00a0Igreja Matriz de N\u00aa S\u00aa do \u00d3<\/a>\u00a0<\/span><\/p>\n<p style=\"font-variant-ligatures: normal; font-variant-caps: normal; orphans: 2; text-align: start; widows: 2; -webkit-text-stroke-width: 0px; word-spacing: 0px; padding-left: 90px;\"><span style=\"font-family: 'Georgia',serif; color: #333333;\">S\u00e3o Paulo \u2013\u00a0<a href=\"http:\/\/categero.org.br\/?page_id=148\" target=\"_blank\" rel=\"noopener\">Igreja de Vila Formosa &#8211; Cat\u00f3lica Brasileira &#8211; IACAB<\/a><\/span><\/p>\n<p style=\"text-align: center;\"><span style=\"color: #ff0000;\"><strong>Capital &#8211; Outros<\/strong><\/span><\/p>\n<p style=\"padding-left: 90px;\">S\u00e3o Paulo &#8211; <a href=\"http:\/\/categero.org.br\/?page_id=8838\" target=\"_blank\" rel=\"noopener\">Rua Santo Ant\u00f4nio de Categer\u00f3<\/a><\/p>\n<p style=\"padding-left: 90px;\">S\u00e3o Paulo &#8211; <a href=\"http:\/\/categero.org.br\/?page_id=11651\" target=\"_blank\" rel=\"noopener\">Museu de Arte Sacra\/SP Capital<\/a><\/p>\n<p style=\"padding-left: 90px;\">S\u00e3o Paulo &#8211;<a href=\"http:\/\/categero.org.br\/?page_id=11636\" target=\"_blank\" rel=\"noopener\"> Museu Afro Brasil no Ibirapuera<\/a><\/p>\n<p style=\"padding-left: 90px;\">S\u00e3o Paulo &#8211;<a href=\"http:\/\/categero.org.br\/?page_id=11651\" target=\"_blank\" rel=\"noopener\"> Museu da Pessoa<\/a><\/p>\n<p style=\"padding-left: 90px;\">S\u00e3o Paulo &#8211; <a href=\"http:\/\/categero.org.br\/?page_id=11759\" target=\"_blank\" rel=\"noopener\">Asilo Cidade dos Velhinhos<\/a><\/p>\n<p style=\"padding-left: 90px;\">S\u00e3o Paulo &#8211; Editora Paulus<\/p>\n<p style=\"padding-left: 90px;\">S\u00e3o Paulo &#8211; \u00a0<a href=\"http:\/\/categero.org.br\/2017\/02\/casa-de-velas-santa-rita-e-com-a-exposicao-de-um-beato-antonio-de-categero-em-tamanho-natural\/\">Casa de Velas Santa Rita na Liberdade<\/a><\/p>\n<p style=\"padding-left: 90px;\">S\u00e3o Paulo &#8211; Jornal O Estado de S\u00e3o Paulo<\/p>\n<p style=\"padding-left: 90px; text-align: center;\"><span style=\"color: #ff0000;\"><strong>Interior<\/strong><\/span><\/p>\n<p style=\"padding-left: 90px;\">Aruj\u00e1 &#8211; <a href=\"http:\/\/categero.org.br\/?page_id=11252\" target=\"_blank\" rel=\"noopener\">Rua Santo Ant\u00f4nio de Catigir\u00f3<\/a><\/p>\n<p style=\"padding-left: 90px;\">Embu &#8211; Igreja N\u00aa S\u00aa do Ros\u00e1rio<\/p>\n<p style=\"padding-left: 90px;\">Ilha Comprida \u2013\u00a0<a href=\"http:\/\/www.categero.org.br\/?page_id=1183\" target=\"_blank\" rel=\"noopener\">Capela Santo Ant\u00f4nio de Catiger\u00f3<\/a><\/p>\n<p style=\"padding-left: 90px;\">Itapeva \u00a0&#8211; \u00a0<a href=\"http:\/\/categero.org.br\/?page_id=8820\" target=\"_blank\" rel=\"noopener\">Rua Santo Ant\u00f4nio de Categer\u00f3<\/a><\/p>\n<p style=\"padding-left: 90px;\">Itapeva \u00a0\u2013 \u00a0<a href=\"http:\/\/categero.org.br\/?page_id=8820\" target=\"_blank\" rel=\"noopener\">Igreja de S\u00e3o Benedito<\/a><\/p>\n<p style=\"padding-left: 90px;\">Itaquaquecetuba &#8211; <a href=\"http:\/\/categero.org.br\/?page_id=11999\" target=\"_blank\" rel=\"noopener\">TU Sto Ant\u00f4no de Categer\u00f3<\/a><\/p>\n<p style=\"padding-left: 90px;\">Itu \u2013\u00a0<a href=\"http:\/\/categero.org.br\/?page_id=9061\" target=\"_blank\" rel=\"noopener\">Igreja de S\u00e3o Benedito<\/a><\/p>\n<p style=\"padding-left: 90px;\">S\u00e3o Jos\u00e9 dos Campos \u00a0&#8211; \u00a0Funda\u00e7\u00e3o Cultural Ricardo Cassiano<\/p>\n<p style=\"padding-left: 90px;\">Sorocaba &#8211;\u00a0<a href=\"http:\/\/categero.org.br\/?page_id=8828\" target=\"_blank\" rel=\"noopener\">Igreja Capela do Senhor do Bom Fim \u00a0S\u00e3o Jo\u00e3o de Camargo<\/a><\/p>\n<p style=\"padding-left: 90px;\">Taubat\u00e9 &#8211; Velha igreja de\u00a0 N\u00aa S\u00aa do Ros\u00e1rio<\/p>\n<p style=\"padding-left: 90px;\">.<\/p>\n<p style=\"padding-left: 90px; text-align: center;\"><span style=\"color: #ff0000;\"><strong>Pessoas (em organiza\u00e7\u00e3o)<\/strong><\/span><\/p>\n<p style=\"padding-left: 90px;\">SP &#8211; Campinas &#8211; Maria Cristina Caponero Tese<br \/>\nSP &#8211; S\u00e3o Caetano do Sul &#8211; Antrop\u00f3loga Luciane Ramos<br \/>\nSP &#8211;\u00a0Fernand\u00f3polis &#8211; Dupla sertaneja Quintino &amp; Quirino<br \/>\nSP &#8211; Piracicaba &#8211; Ana Marly O.J.conto<br \/>\nSP &#8211; Piracicaba &#8211; Ernst Mahle (Maestro)<br \/>\nSP &#8211; Prat\u00e2nia &#8211; Tonico e Tinoco<br \/>\nSP &#8211; Rio Preto &#8211; Romano Kalil &#8211; conto<br \/>\nSP &#8211; Rio Preto &#8211; Wilson Romano Calil &#8211; Conto<br \/>\nSP &#8211; Santo Andr\u00e9 &#8211; Silva Terapeuta &#8211; Devot Ativ<br \/>\nSP &#8211; SJdosCampos &#8211; Cassiano Ricardo (Imortal)<br \/>\nSP &#8211; SP &#8211; A Novi\u00e7a Mais Rebelde &#8211; Teatro<br \/>\nSP &#8211; SP &#8211; Ana Maria Finocchio<br \/>\nSP &#8211; SP &#8211; Anabel Andres conto<br \/>\nSP &#8211; SP &#8211; Claudia de Categero &#8211; A Sta dos C\u00e3es<br \/>\nSP &#8211; SP &#8211; Crica Artezanatos<br \/>\nSP &#8211; SP &#8211; E L &#8211; bairro Ipiranga SP &#8211; conto<br \/>\nSP &#8211; SP &#8211; Eliana Asano Ramos (M\u00fasica)<br \/>\nSP &#8211; SP &#8211; Eliza Pereira de Luca<br \/>\nSP &#8211; SP &#8211; Gilberto Vasconcellos &#8211; Eliza de Catgr<br \/>\nSP &#8211; SP &#8211; Jonathan Silva (Jongo)<br \/>\nSP &#8211; SP &#8211; Kiko Danucci &#8211; M\u00fasica e desenho<br \/>\nSP &#8211; SP &#8211; L\u00eddia Luz &#8211; Antropol e artes\u00e3<br \/>\nSP &#8211; SP &#8211; Manoel Victor de Azevedo<br \/>\nSP &#8211; SP &#8211; Manoel Victor de Azevedo Filho<br \/>\nSP &#8211; SP &#8211; Manoel Victor de Azevedo Neto<br \/>\nSP &#8211; SP &#8211; Mayra Lob\u00e3o Pinheiro &#8211; conto ArtPlast SP<br \/>\nSP &#8211; SP &#8211; Oscar Monteiro &#8211; Almanaque 1904<br \/>\nSP &#8211; SP &#8211; Ricardo Teixeira &#8211; Colun<br \/>\nSP &#8211; SP &#8211; Willian Andrade Fot\u00f3grafo<\/p>\n<p style=\"padding-left: 90px;\">\n","protected":false},"excerpt":{"rendered":"<p>ESTADO DE S\u00c3O PAULO \u00a0Fundados locais devocionais, pela arte ou cultura e, templos \u00a0e outros locais com imagem ou topon\u00edmia ao Beato Ant\u00f4nio de Categer\u00f3 \u00a0Capital -Templos e afins S\u00e3o Paulo &#8211; Capela do p\u00e1tio do Col\u00e9gio S\u00e3o Paulo &#8211;\u00a0Capela Santo Ant\u00f5nio &#8211; Patriarca S\u00e3o Paulo &#8211; Igreja de N\u00aa S\u00aa de Penha de Fran\u00e7a [&hellip;]<\/p>\n","protected":false},"author":1,"featured_media":11628,"parent":31,"menu_order":0,"comment_status":"open","ping_status":"open","template":"","meta":{"ngg_post_thumbnail":0,"footnotes":""},"class_list":["post-8867","page","type-page","status-publish","has-post-thumbnail","hentry"],"_links":{"self":[{"href":"https:\/\/categero.org.br\/antigo\/index.php?rest_route=\/wp\/v2\/pages\/8867","targetHints":{"allow":["GET"]}}],"collection":[{"href":"https:\/\/categero.org.br\/antigo\/index.php?rest_route=\/wp\/v2\/pages"}],"about":[{"href":"https:\/\/categero.org.br\/antigo\/index.php?rest_route=\/wp\/v2\/types\/page"}],"author":[{"embeddable":true,"href":"https:\/\/categero.org.br\/antigo\/index.php?rest_route=\/wp\/v2\/users\/1"}],"replies":[{"embeddable":true,"href":"https:\/\/categero.org.br\/antigo\/index.php?rest_route=%2Fwp%2Fv2%2Fcomments&post=8867"}],"version-history":[{"count":45,"href":"https:\/\/categero.org.br\/antigo\/index.php?rest_route=\/wp\/v2\/pages\/8867\/revisions"}],"predecessor-version":[{"id":13318,"href":"https:\/\/categero.org.br\/antigo\/index.php?rest_route=\/wp\/v2\/pages\/8867\/revisions\/13318"}],"up":[{"embeddable":true,"href":"https:\/\/categero.org.br\/antigo\/index.php?rest_route=\/wp\/v2\/pages\/31"}],"wp:featuredmedia":[{"embeddable":true,"href":"https:\/\/categero.org.br\/antigo\/index.php?rest_route=\/wp\/v2\/media\/11628"}],"wp:attachment":[{"href":"https:\/\/categero.org.br\/antigo\/index.php?rest_route=%2Fwp%2Fv2%2Fmedia&parent=8867"}],"curies":[{"name":"wp","href":"https:\/\/api.w.org\/{rel}","templated":true}]}}