{"id":8776,"date":"2014-03-02T16:54:58","date_gmt":"2014-03-02T19:54:58","guid":{"rendered":"http:\/\/categero.org.br\/?page_id=8776"},"modified":"2018-06-21T22:35:31","modified_gmt":"2018-06-22T01:35:31","slug":"lui-e-noi-per-loro-livro","status":"publish","type":"page","link":"https:\/\/categero.org.br\/antigo\/?page_id=8776","title":{"rendered":"Lui e noi per loro &#8211; livro"},"content":{"rendered":"<p><a href=\"http:\/\/categero.org.br\/wp-content\/uploads\/2014\/02\/Lui-e-noi-per-loro-1.bmp\"><img loading=\"lazy\" decoding=\"async\" width=\"161\" height=\"228\" class=\"aligncenter\" alt=\"Lui e noi per loro 1\" src=\"http:\/\/categero.org.br\/wp-content\/uploads\/2014\/02\/Lui-e-noi-per-loro-1.bmp\"\/><\/a><\/p>\n<p style=\"text-align: center;\"><strong>Eis a prova da beatifica\u00e7\u00e3o de Categer\u00f3<\/strong><\/p>\n<p style=\"text-align: justify;\">Obra (em italiano)sobre a vida, obra, milagres e beatifica\u00e7\u00e3o de Ant\u00f4nio de Noto (Et\u00edope ou de Categer\u00f3), de autoria do Ms. Salvatore Guastella. Editado pela Caritas diocesana de Noto, no ano de 2000. Noto\/It\u00e1lia..<\/p>\n<p style=\"text-align: justify;\">O livro trata, basicamente, da c\u00f3pia do processo diocesano que fez a beatifica\u00e7\u00e3o de Ant\u00f4nio &nbsp;de Noto, Et\u00edope ou de Categer\u00f3) e se encontra depositado na biblioteca de Palermo, mais &nbsp;alguns documentos recentes, tudo compilado pelo Ms. Salvatore Guastella.<\/p>\n<p style=\"text-align: center;\">(<a href=\"http:\/\/issuu.com\/categero.br\/docs\/lui_e_noi_per_loro\" target=\"_blank\" rel=\"noopener\">texto do livro para baixar<\/a>)<\/p>\n<p><a href=\"http:\/\/categero.org.br\/wp-content\/uploads\/2014\/02\/Liv-de-Categero-Lui-e-noi.jpg\"><img loading=\"lazy\" decoding=\"async\" width=\"300\" height=\"149\" class=\"aligncenter\" alt=\"Liv de Categero- Lui e noi\" src=\"http:\/\/categero.org.br\/wp-content\/uploads\/2014\/02\/Liv-de-Categero-Lui-e-noi-300x149.jpg\"\/><\/a><\/p>\n","protected":false},"excerpt":{"rendered":"<p>Eis a prova da beatifica\u00e7\u00e3o de Categer\u00f3 Obra (em italiano)sobre a vida, obra, milagres e beatifica\u00e7\u00e3o de Ant\u00f4nio de Noto (Et\u00edope ou de Categer\u00f3), de autoria do Ms. Salvatore Guastella. Editado pela Caritas diocesana de Noto, no ano de 2000. Noto\/It\u00e1lia.. O livro trata, basicamente, da c\u00f3pia do processo diocesano que fez a beatifica\u00e7\u00e3o de [&hellip;]<\/p>\n","protected":false},"author":1,"featured_media":7821,"parent":7192,"menu_order":0,"comment_status":"open","ping_status":"open","template":"","meta":{"ngg_post_thumbnail":0,"footnotes":""},"class_list":["post-8776","page","type-page","status-publish","has-post-thumbnail","hentry"],"_links":{"self":[{"href":"https:\/\/categero.org.br\/antigo\/index.php?rest_route=\/wp\/v2\/pages\/8776","targetHints":{"allow":["GET"]}}],"collection":[{"href":"https:\/\/categero.org.br\/antigo\/index.php?rest_route=\/wp\/v2\/pages"}],"about":[{"href":"https:\/\/categero.org.br\/antigo\/index.php?rest_route=\/wp\/v2\/types\/page"}],"author":[{"embeddable":true,"href":"https:\/\/categero.org.br\/antigo\/index.php?rest_route=\/wp\/v2\/users\/1"}],"replies":[{"embeddable":true,"href":"https:\/\/categero.org.br\/antigo\/index.php?rest_route=%2Fwp%2Fv2%2Fcomments&post=8776"}],"version-history":[{"count":3,"href":"https:\/\/categero.org.br\/antigo\/index.php?rest_route=\/wp\/v2\/pages\/8776\/revisions"}],"predecessor-version":[{"id":13097,"href":"https:\/\/categero.org.br\/antigo\/index.php?rest_route=\/wp\/v2\/pages\/8776\/revisions\/13097"}],"up":[{"embeddable":true,"href":"https:\/\/categero.org.br\/antigo\/index.php?rest_route=\/wp\/v2\/pages\/7192"}],"wp:featuredmedia":[{"embeddable":true,"href":"https:\/\/categero.org.br\/antigo\/index.php?rest_route=\/wp\/v2\/media\/7821"}],"wp:attachment":[{"href":"https:\/\/categero.org.br\/antigo\/index.php?rest_route=%2Fwp%2Fv2%2Fmedia&parent=8776"}],"curies":[{"name":"wp","href":"https:\/\/api.w.org\/{rel}","templated":true}]}}