{"id":7742,"date":"2014-02-15T18:05:31","date_gmt":"2014-02-15T21:05:31","guid":{"rendered":"http:\/\/categero.org.br\/?page_id=7742"},"modified":"2014-02-21T14:27:30","modified_gmt":"2014-02-21T17:27:30","slug":"apoiadores-divulgadores","status":"publish","type":"page","link":"https:\/\/categero.org.br\/antigo\/?page_id=7742","title":{"rendered":"Apoiadores &#8211; Divulgadores"},"content":{"rendered":"<p align=\"center\">Apoiadores de Santo Ant\u00f4nio de Categer\u00f3<\/p>\n<p>&nbsp;<\/p>\n<p style=\"text-align: justify;\">Apoiadores s\u00e3o pessoas e institui\u00e7\u00f5es que de forma direta ou indireta promovem uma ideia ou pessoa. Assim, todos os \u00a0divulgadores, devotos e VIPs do beato Ant\u00f4nio de Categer\u00f3, s\u00e3o seus apoiadores. Eles s\u00e3o esp\u00e9cies distintas, que cumprem, ao in\u00edcio, a mesma inten\u00e7\u00e3o, ou seja, promover a difus\u00e3o da imagem e ideias deste santo da igreja cat\u00f3lica. Cada qual, conta com uma especificidade de procedimento.<\/p>\n<p style=\"text-align: justify;\">Divulgadores &#8211;\u00a0 S\u00e3o as pessoas e institui\u00e7\u00f5es que, normalmente, de forma direta ou indireta, citam ou trabalham aspectos da vida do beato Ant\u00f4nio de Categer\u00f3, seja atrav\u00e9s de m\u00eddia, da produ\u00e7\u00e3o de \u00a0bens ou servi\u00e7os, nas manifesta\u00e7\u00f5es art\u00edsticas ou culturais, ou mesmo, em documentos acad\u00eamicos (Teses, Disserta\u00e7\u00f5es, Monografias, Ensaios ou Papers) e, ainda em reportagens impressas ou virtuais e outras manifesta\u00e7\u00f5es poss\u00edveis;<\/p>\n<p style=\"text-align: justify;\"><a href=\"http:\/\/categero.org.br\/?page_id=5069\">Devotos<\/a>\u00a0 &#8211;\u00a0 S\u00e3o pessoas (inclusive cl\u00e9rigos) \u00a0que assumem publicamente admirarem a mensagem que o beato trouxe com seu \u00a0exemplo \u00e0 nossa conduta cotidiana de amor a Cristo e respeito \u00e0s demais pessoas, nossos irm\u00e3os em Cristo;<\/p>\n<p style=\"text-align: justify;\"><a href=\"http:\/\/categero.org.br\/?page_id=3766\">Very Important Persons <\/a>(VIPs)\u00a0 &#8211;\u00a0 S\u00e3o \u00a0devotos (pessoas, inclusive cl\u00e9rigos) que t\u00eam ou tenham, no curso de sua devo\u00e7\u00e3o ao beato Ant\u00f4nio de Categer\u00f3, desenvolvido a\u00e7\u00f5es que tenham constru\u00eddo ou ainda estejam em constru\u00e7\u00e3o, em atos na consagra\u00e7\u00e3o \u00e0 canoniza\u00e7\u00e3o, do beato, em curso no Vaticano.<\/p>\n<p style=\"text-align: justify;\">Assim, os devotos e VIPs, bem como os divulgadores, fazem parte do grande grupo de pessoas apoiadoras dessa devo\u00e7\u00e3o, mas cada um com sua especificidade \u00e9 relatada, separadamente, como instrumentos da f\u00e9.<\/p>\n","protected":false},"excerpt":{"rendered":"<p>Apoiadores de Santo Ant\u00f4nio de Categer\u00f3 &nbsp; Apoiadores s\u00e3o pessoas e institui\u00e7\u00f5es que de forma direta ou indireta promovem uma ideia ou pessoa. Assim, todos os \u00a0divulgadores, devotos e VIPs do beato Ant\u00f4nio de Categer\u00f3, s\u00e3o seus apoiadores. Eles s\u00e3o esp\u00e9cies distintas, que cumprem, ao in\u00edcio, a mesma inten\u00e7\u00e3o, ou seja, promover a difus\u00e3o da [&hellip;]<\/p>\n","protected":false},"author":1,"featured_media":8447,"parent":3714,"menu_order":6,"comment_status":"open","ping_status":"open","template":"","meta":{"ngg_post_thumbnail":0,"footnotes":""},"class_list":["post-7742","page","type-page","status-publish","has-post-thumbnail","hentry"],"_links":{"self":[{"href":"https:\/\/categero.org.br\/antigo\/index.php?rest_route=\/wp\/v2\/pages\/7742","targetHints":{"allow":["GET"]}}],"collection":[{"href":"https:\/\/categero.org.br\/antigo\/index.php?rest_route=\/wp\/v2\/pages"}],"about":[{"href":"https:\/\/categero.org.br\/antigo\/index.php?rest_route=\/wp\/v2\/types\/page"}],"author":[{"embeddable":true,"href":"https:\/\/categero.org.br\/antigo\/index.php?rest_route=\/wp\/v2\/users\/1"}],"replies":[{"embeddable":true,"href":"https:\/\/categero.org.br\/antigo\/index.php?rest_route=%2Fwp%2Fv2%2Fcomments&post=7742"}],"version-history":[{"count":4,"href":"https:\/\/categero.org.br\/antigo\/index.php?rest_route=\/wp\/v2\/pages\/7742\/revisions"}],"predecessor-version":[{"id":7744,"href":"https:\/\/categero.org.br\/antigo\/index.php?rest_route=\/wp\/v2\/pages\/7742\/revisions\/7744"}],"up":[{"embeddable":true,"href":"https:\/\/categero.org.br\/antigo\/index.php?rest_route=\/wp\/v2\/pages\/3714"}],"wp:featuredmedia":[{"embeddable":true,"href":"https:\/\/categero.org.br\/antigo\/index.php?rest_route=\/wp\/v2\/media\/8447"}],"wp:attachment":[{"href":"https:\/\/categero.org.br\/antigo\/index.php?rest_route=%2Fwp%2Fv2%2Fmedia&parent=7742"}],"curies":[{"name":"wp","href":"https:\/\/api.w.org\/{rel}","templated":true}]}}