{"id":7332,"date":"2014-02-07T06:08:16","date_gmt":"2014-02-07T09:08:16","guid":{"rendered":"http:\/\/categero.org.br\/?page_id=7332"},"modified":"2014-02-07T06:08:16","modified_gmt":"2014-02-07T09:08:16","slug":"chile-artesanato-em-madeira-de-santo-antonio-negro","status":"publish","type":"page","link":"https:\/\/categero.org.br\/antigo\/?page_id=7332","title":{"rendered":"Chile &#8211; Artesanato em madeira de Santo Antonio Negro"},"content":{"rendered":"<p><b><a href=\"http:\/\/categero.org.br\/wp-content\/uploads\/2014\/01\/artesanato-em-madeira-1.jpg\"><img loading=\"lazy\" decoding=\"async\" class=\"aligncenter\" alt=\"artesanato em madeira 1\" src=\"http:\/\/categero.org.br\/wp-content\/uploads\/2014\/01\/artesanato-em-madeira-1-194x300.jpg\" width=\"194\" height=\"300\" \/><\/a><\/b><\/p>\n<p align=\"center\"><strong>Balnearios de Yumbel<\/strong><\/p>\n<p>A pen\u00faltima de uma s\u00e9rie de 21 fotos, postadas no Site \u201cAlbuns da Web do Picasa\u201d sobre os Balne\u00e1rios de Yumbel, na Chile, \u00e9 uma denominada \u201cSanto Antonio Negro\u201d. \u00a0S\u00e3o fotos\u00a0 dos Balnearios de Yumbel, no Chile. Retratam: \u201cLacuna das Flores, Rio Claro, Las Cantareras e otras de La Aguada,\u00a0 Balneario Salto Del Laja, La Igreja, Campana, santuario e eremita , da localidade de Rere, La primera capilla de San\u00a0 Sebastian e campo de Oraci\u00f3n, Las plazas de Rere, de Armas de Yumbel e Alonso de Sotomayor, uma cavalgada e orat\u00f3rio a San Sebastian.\u201d \u00a0E como pen\u00faltima foto a de um\u00a0<strong>Santo Antonio Negro (um trabalho de alto relevo em madeira, posto de lado dando a impress\u00e3o de est\u00e1tua)<\/strong>\u00a0e por \u00faltima um altar bastante simples \u00a0do Menino Deus. \u00a0As fotos s\u00f3 est\u00e3o tituladas n\u00e3o havendo dispon\u00edvel informa\u00e7\u00f5es complementares e perpassa um misto de turismo local e religiosidade.<\/p>\n<p>Endere\u00e7o de onde foi obtida a informa\u00e7\u00e3o:\u00a0<a href=\"http:\/\/picasaweb.google.com\/elcarepoto\/BalneariosDeYumbel#5387003772126095922\">http:\/\/picasaweb.google.com\/elcarepoto\/BalneariosDeYumbel#5387003772126095922<\/a><\/p>\n<p><b>\u00a0<\/b><\/p>\n","protected":false},"excerpt":{"rendered":"<p>Balnearios de Yumbel A pen\u00faltima de uma s\u00e9rie de 21 fotos, postadas no Site \u201cAlbuns da Web do Picasa\u201d sobre os Balne\u00e1rios de Yumbel, na Chile, \u00e9 uma denominada \u201cSanto Antonio Negro\u201d. \u00a0S\u00e3o fotos\u00a0 dos Balnearios de Yumbel, no Chile. Retratam: \u201cLacuna das Flores, Rio Claro, Las Cantareras e otras de La Aguada,\u00a0 Balneario Salto [&hellip;]<\/p>\n","protected":false},"author":1,"featured_media":0,"parent":7324,"menu_order":0,"comment_status":"open","ping_status":"open","template":"","meta":{"ngg_post_thumbnail":0,"footnotes":""},"class_list":["post-7332","page","type-page","status-publish","hentry"],"_links":{"self":[{"href":"https:\/\/categero.org.br\/antigo\/index.php?rest_route=\/wp\/v2\/pages\/7332","targetHints":{"allow":["GET"]}}],"collection":[{"href":"https:\/\/categero.org.br\/antigo\/index.php?rest_route=\/wp\/v2\/pages"}],"about":[{"href":"https:\/\/categero.org.br\/antigo\/index.php?rest_route=\/wp\/v2\/types\/page"}],"author":[{"embeddable":true,"href":"https:\/\/categero.org.br\/antigo\/index.php?rest_route=\/wp\/v2\/users\/1"}],"replies":[{"embeddable":true,"href":"https:\/\/categero.org.br\/antigo\/index.php?rest_route=%2Fwp%2Fv2%2Fcomments&post=7332"}],"version-history":[{"count":1,"href":"https:\/\/categero.org.br\/antigo\/index.php?rest_route=\/wp\/v2\/pages\/7332\/revisions"}],"predecessor-version":[{"id":7334,"href":"https:\/\/categero.org.br\/antigo\/index.php?rest_route=\/wp\/v2\/pages\/7332\/revisions\/7334"}],"up":[{"embeddable":true,"href":"https:\/\/categero.org.br\/antigo\/index.php?rest_route=\/wp\/v2\/pages\/7324"}],"wp:attachment":[{"href":"https:\/\/categero.org.br\/antigo\/index.php?rest_route=%2Fwp%2Fv2%2Fmedia&parent=7332"}],"curies":[{"name":"wp","href":"https:\/\/api.w.org\/{rel}","templated":true}]}}