{"id":733,"date":"2010-10-12T17:27:43","date_gmt":"2010-10-12T17:27:43","guid":{"rendered":"http:\/\/www.categero.org.br\/?page_id=733"},"modified":"2013-12-13T09:29:34","modified_gmt":"2013-12-13T12:29:34","slug":"5-1999as-ordens-terceiras-de-sao-francisco-nas-minas-coloniais-cultura-artistica-e-procissao-de-cinzas","status":"publish","type":"page","link":"https:\/\/categero.org.br\/antigo\/?page_id=733","title":{"rendered":"MJ\/1999 &#8211; As Ordens Terceiras de S\u00e3o Francisco nas Minas Coloniais: Cultura art\u00edstica e Prociss\u00e3o de Cinzas"},"content":{"rendered":"<p>publicada em \u201cAs Ordens terceiras de S\u00e3o Francisco nas Minas Coloniais: Cultura art\u00edstica e prociss\u00e3o de Cinzas\u201d. In: Estudos de Hist\u00f3ria (UNESP). Franca, v. 6, n. 2, p. 121-134, 1999.<\/p>\n<p>Autoria: Dra. Adalgisa Arantes CAMPOS<\/p>\n<p>RESUMO: O estudo contempla a atua\u00e7\u00e3o das ordens terceiras de S\u00e3o Francisco da Penit\u00eancia nas Minas Gerais no dom\u00ednio da produ\u00e7\u00e3o art\u00edstica, das manifesta\u00e7\u00f5es rituais, notadamente a Prociss\u00e3o de Cinzas. As fontes privilegiadas s\u00e3o os livros internos dessas ordens de leigos e as imagens processionais.<\/p>\n<p>Portal: Apesar de n\u00e3o apresentar cita\u00e7\u00e3o a Categer\u00f3 \u00e9 um trabalho fundamental para o entendimento do contexto em que ocorria a devo\u00e7\u00e3o de Categer\u00f3, nos anos dos s\u00e9culos XVII e XVIII, no Brasil.<\/p>\n<p>Nossa c\u00f3pia em arquivo: <a href=\"http:\/\/www.categero.org.br\/wp-content\/uploads\/2010\/10\/5.DOC.doc\">5.DOC<\/a><\/p>\n<p>Local onde foi buscado este texto: <a href=\"http:\/\/www.google.com.br\/search?hl=pt-BR&amp;q=%221999+-+Franca%2FSP+As+Ordens+Terceiras+de+S%C3%A3o+Francisco+nas+Minas+Coloniais%3A+Cultura+art%C3%ADstica+e+Prociss%C3%A3o+de+Cinzas%22&amp;aq=f&amp;aqi=&amp;aql=&amp;oq=&amp;gs_rfai=\">http:\/\/www.google.com.br\/search?hl=pt-BR&amp;q=%221999+-+Franca%2FSP+As+Ordens+Terceiras+de+S%C3%A3o+Francisco+nas+Minas+Coloniais%3A+Cultura+art%C3%ADstica+e+Prociss%C3%A3o+de+Cinzas%22&amp;aq=f&amp;aqi=&amp;aql=&amp;oq=&amp;gs_rfai=<\/a><\/p>\n","protected":false},"excerpt":{"rendered":"<p>publicada em \u201cAs Ordens terceiras de S\u00e3o Francisco nas Minas Coloniais: Cultura art\u00edstica e prociss\u00e3o de Cinzas\u201d. In: Estudos de Hist\u00f3ria (UNESP). Franca, v. 6, n. 2, p. 121-134, 1999. Autoria: Dra. Adalgisa Arantes CAMPOS RESUMO: O estudo contempla a atua\u00e7\u00e3o das ordens terceiras de S\u00e3o Francisco da Penit\u00eancia nas Minas Gerais no dom\u00ednio da [&hellip;]<\/p>\n","protected":false},"author":1,"featured_media":0,"parent":3838,"menu_order":0,"comment_status":"closed","ping_status":"closed","template":"","meta":{"ngg_post_thumbnail":0,"footnotes":""},"class_list":["post-733","page","type-page","status-publish","hentry"],"_links":{"self":[{"href":"https:\/\/categero.org.br\/antigo\/index.php?rest_route=\/wp\/v2\/pages\/733","targetHints":{"allow":["GET"]}}],"collection":[{"href":"https:\/\/categero.org.br\/antigo\/index.php?rest_route=\/wp\/v2\/pages"}],"about":[{"href":"https:\/\/categero.org.br\/antigo\/index.php?rest_route=\/wp\/v2\/types\/page"}],"author":[{"embeddable":true,"href":"https:\/\/categero.org.br\/antigo\/index.php?rest_route=\/wp\/v2\/users\/1"}],"replies":[{"embeddable":true,"href":"https:\/\/categero.org.br\/antigo\/index.php?rest_route=%2Fwp%2Fv2%2Fcomments&post=733"}],"version-history":[{"count":3,"href":"https:\/\/categero.org.br\/antigo\/index.php?rest_route=\/wp\/v2\/pages\/733\/revisions"}],"predecessor-version":[{"id":5993,"href":"https:\/\/categero.org.br\/antigo\/index.php?rest_route=\/wp\/v2\/pages\/733\/revisions\/5993"}],"up":[{"embeddable":true,"href":"https:\/\/categero.org.br\/antigo\/index.php?rest_route=\/wp\/v2\/pages\/3838"}],"wp:attachment":[{"href":"https:\/\/categero.org.br\/antigo\/index.php?rest_route=%2Fwp%2Fv2%2Fmedia&parent=733"}],"curies":[{"name":"wp","href":"https:\/\/api.w.org\/{rel}","templated":true}]}}