{"id":73,"date":"2010-09-28T23:59:26","date_gmt":"2010-09-28T23:59:26","guid":{"rendered":"http:\/\/www.categero.org.br\/?page_id=73"},"modified":"2014-02-21T14:09:29","modified_gmt":"2014-02-21T17:09:29","slug":"5-gracas-e-depoimentos","status":"publish","type":"page","link":"https:\/\/categero.org.br\/antigo\/?page_id=73","title":{"rendered":"Gra\u00e7as \u00e0 Beatifica\u00e7\u00e3o"},"content":{"rendered":"<p><strong>P\u00e1ginas de assuntos pertinentes ao Processo de Beatifica\u00e7\u00e3o Diocesano de Noto, da altera\u00e7\u00e3o na legisla\u00e7\u00e3o can\u00f4nica e do reconhecimento dos Santos Populares por Jo\u00e3o Paulo II<\/strong><\/p>\n<p><a href=\"http:\/\/categero.org.br\/wp-content\/uploads\/2010\/09\/gra\u00e7s-a-beatifica\u00e7\u00e3o.jpg\"><img loading=\"lazy\" decoding=\"async\" class=\"aligncenter size-medium wp-image-8430\" alt=\"gra\u00e7s a beatifica\u00e7\u00e3o\" src=\"http:\/\/categero.org.br\/wp-content\/uploads\/2010\/09\/gra\u00e7s-a-beatifica\u00e7\u00e3o-300x149.jpg\" width=\"300\" height=\"149\" srcset=\"https:\/\/categero.org.br\/antigo\/wp-content\/uploads\/2010\/09\/gra\u00e7s-a-beatifica\u00e7\u00e3o-300x149.jpg 300w, https:\/\/categero.org.br\/antigo\/wp-content\/uploads\/2010\/09\/gra\u00e7s-a-beatifica\u00e7\u00e3o.jpg 397w\" sizes=\"auto, (max-width: 300px) 100vw, 300px\" \/><\/a><\/p>\n<p align=\"center\">Sobre o ser \u201cBeato\u201d do Irm\u00e3o Ant\u00f3nio Et\u00edope ou de Categer\u00f3<\/p>\n<p>Expressa o dicion\u00e1rio sobre bem aventurado. S.m. Teologia Diz-se daquele que goza no c\u00e9u a beatitude eterna. Por outra fonte: \u201cUm\u00a0<b>beato<\/b>\u00a0(do\u00a0<a title=\"Latim\" href=\"http:\/\/pt.wikipedia.org\/wiki\/Latim\">latim<\/a>\u00a0<i>beatum<\/i>, &#8220;feliz&#8221;, &#8220;bem-aventurado&#8221;) \u00e9, no direito can\u00f3nico da\u00a0<a title=\"Igreja Cat\u00f3lica\" href=\"http:\/\/pt.wikipedia.org\/wiki\/Igreja_Cat%C3%B3lica\">Igreja Cat\u00f3lica<\/a>, um homem ou uma mulher cujo processo de\u00a0<a title=\"Beatifica\u00e7\u00e3o\" href=\"http:\/\/pt.wikipedia.org\/wiki\/Beatifica%C3%A7%C3%A3o\">beatifica\u00e7\u00e3o<\/a>\u00a0foi conclu\u00eddo; depois, esse processo prosseguir\u00e1 em direc\u00e7\u00e3o \u00e0 canoniza\u00e7\u00e3o se verificarem as condi\u00e7\u00f5es requeridas para o efeito; em caso afirmativo, o candidato ser\u00e1 reconhecido como\u00a0<a title=\"Santo\" href=\"http:\/\/pt.wikipedia.org\/wiki\/Santo\">santo<\/a>. Neste sentido, beato e santo indicam o reconhecimento oficial da Igreja.\u201d<\/p>\n<p>Por muito tempo, quest\u00f5es\u00a0 de discuss\u00f5es teol\u00f3gicas, junto a disputas, com outras irmandades cat\u00f3licas, te\u00f3logos e outros religiosos cat\u00f3licos, n\u00e3o reconheciam a beatidute formal, de Ant\u00f4nio de Categer\u00f3, de Noto e \u00c1vola. N\u00e3o consta do Martiriol\u00f3gico. E com essa express\u00e3o, encobria-se um erro burocr\u00e1tico, de quando o Vaticano\u00a0 tirou dos\u00a0 Bispos nas Dioceses o poder de beatificar.<\/p>\n<p>&nbsp;<\/p>\n<p>Quando morreu em1550 o irm\u00e3o Ant\u00f4nio Et\u00edope ou de Categer\u00f3 \u00a0inicia seu reconhecimento p\u00fablico de santidade pelos povos de Noto e de \u00c1vola na Sic\u00edlia\/It\u00e1lia.<\/p>\n<p>Sua beatifica\u00e7\u00e3o ocorreu em dez anos pelo rito da \u00e9poca, que era o de responsabilidade\u00a0 e realiza\u00e7\u00e3o diocesana. Foram cumpridos todos os ritos locais e sagrada sua beatifica\u00e7\u00e3o. Provavelmente, por uma quest\u00e3o burocr\u00e1tica interna da igreja cat\u00f3lica, seu nome n\u00e3o foi inclu\u00eddo na lista de santos do Vaticano.<\/p>\n<p>A grande tarefa do Monsenhor Salvatore Guastella foi fazer esse resgate documental, publicando no livro \u201cLui e noi per loro\u201d \u00a0a maioria do processo elaborado na Diocese.<\/p>\n<p>Mostraremos alguns aspectos tirados e outros mostrados diretametne dos originais do processo de beatifica\u00e7\u00e3o. Hoje, j\u00e1 est\u00e1 sanado, mas ainda existem alguns cl\u00e9rigos e te\u00f3logos, mais antigos, que n\u00e3o est\u00e3o devidamente atualizados.<\/p>\n<p>Hoje, j\u00e1 existe, em tramita\u00e7\u00e3o ordin\u00e1ria no Vaticano, um processo de \u201cCanoniza\u00e7\u00e3o\u201d do beato Ant\u00f4nio de Categer\u00f3.<\/p>\n<p>Vejas as p\u00e1ginas sobre esse assunto.<\/p>\n","protected":false},"excerpt":{"rendered":"<p>P\u00e1ginas de assuntos pertinentes ao Processo de Beatifica\u00e7\u00e3o Diocesano de Noto, da altera\u00e7\u00e3o na legisla\u00e7\u00e3o can\u00f4nica e do reconhecimento dos Santos Populares por Jo\u00e3o Paulo II Sobre o ser \u201cBeato\u201d do Irm\u00e3o Ant\u00f3nio Et\u00edope ou de Categer\u00f3 Expressa o dicion\u00e1rio sobre bem aventurado. S.m. Teologia Diz-se daquele que goza no c\u00e9u a beatitude eterna. Por [&hellip;]<\/p>\n","protected":false},"author":1,"featured_media":8430,"parent":3714,"menu_order":5,"comment_status":"closed","ping_status":"closed","template":"","meta":{"ngg_post_thumbnail":0,"footnotes":""},"class_list":["post-73","page","type-page","status-publish","has-post-thumbnail","hentry"],"_links":{"self":[{"href":"https:\/\/categero.org.br\/antigo\/index.php?rest_route=\/wp\/v2\/pages\/73","targetHints":{"allow":["GET"]}}],"collection":[{"href":"https:\/\/categero.org.br\/antigo\/index.php?rest_route=\/wp\/v2\/pages"}],"about":[{"href":"https:\/\/categero.org.br\/antigo\/index.php?rest_route=\/wp\/v2\/types\/page"}],"author":[{"embeddable":true,"href":"https:\/\/categero.org.br\/antigo\/index.php?rest_route=\/wp\/v2\/users\/1"}],"replies":[{"embeddable":true,"href":"https:\/\/categero.org.br\/antigo\/index.php?rest_route=%2Fwp%2Fv2%2Fcomments&post=73"}],"version-history":[{"count":12,"href":"https:\/\/categero.org.br\/antigo\/index.php?rest_route=\/wp\/v2\/pages\/73\/revisions"}],"predecessor-version":[{"id":8433,"href":"https:\/\/categero.org.br\/antigo\/index.php?rest_route=\/wp\/v2\/pages\/73\/revisions\/8433"}],"up":[{"embeddable":true,"href":"https:\/\/categero.org.br\/antigo\/index.php?rest_route=\/wp\/v2\/pages\/3714"}],"wp:featuredmedia":[{"embeddable":true,"href":"https:\/\/categero.org.br\/antigo\/index.php?rest_route=\/wp\/v2\/media\/8430"}],"wp:attachment":[{"href":"https:\/\/categero.org.br\/antigo\/index.php?rest_route=%2Fwp%2Fv2%2Fmedia&parent=73"}],"curies":[{"name":"wp","href":"https:\/\/api.w.org\/{rel}","templated":true}]}}