{"id":719,"date":"2010-10-12T16:49:46","date_gmt":"2010-10-12T16:49:46","guid":{"rendered":"http:\/\/www.categero.org.br\/?page_id=719"},"modified":"2013-12-13T09:25:35","modified_gmt":"2013-12-13T12:25:35","slug":"20-2008go-a-arte-afro-brasileira","status":"publish","type":"page","link":"https:\/\/categero.org.br\/antigo\/?page_id=719","title":{"rendered":"GO\/2008 &#8211; A Arte Afro-Brasileira"},"content":{"rendered":"<p>Autora: Rita de C\u00e1ssia Alves Lotti Silva<br \/>\nPublicado em FRAGMENTOS DE CULTURA, Goi\u00e2nia, v. 18, n. 3\/4, p. 313-328, mar.\/abr. 2008. (Portal de peri\u00f3dicos eletr\u00f4nicos da Universidade Cat\u00f3lica de Goi\u00e1s) http:\/\/seer.ucg.br\/<\/p>\n<p>Resumo: a cultura afro-brasileira est\u00e1 presente em toda a trajet\u00f3ria<br \/>\nde forma\u00e7\u00e3o do povo brasileiro. O Brasil foi o pa\u00eds que mais<br \/>\nrecebeu escravos africanos e, ap\u00f3s a aboli\u00e7\u00e3o, a luta pelo seu reconhecimento<br \/>\nna sociedade tem sido incessante. Falar em uma cultura<br \/>\nafro-brasileira implica abordar as lutas sociais, a miscigena\u00e7\u00e3o, a discrimina\u00e7\u00e3o,<br \/>\no sincretismo e a contribui\u00e7\u00e3o cultural de um modo geral.<br \/>\nSomente compreender\u00e1 o objeto art\u00edstico afro-brasileiro aquele que<br \/>\nsouber o significado das formas, das cores e das disposi\u00e7\u00f5es espaciais<br \/>\ndesses objetos em seu contexto. A arte negra reflete o esp\u00edrito de um<br \/>\npovo. O esp\u00edrito de um povo que, uma vez cativo, buscou manter sua<br \/>\ncultura e sua cren\u00e7a usando artif\u00edcios de toda esp\u00e9cie, lutando por sua<br \/>\nintegridade, mesmo atado ao tronco.<\/p>\n<p>Nosso PDF dispon\u00edvel: <a href=\"http:\/\/www.categero.org.br\/wp-content\/uploads\/2010\/10\/20.PDF.pdf\">20.PDF<\/a><\/p>\n<p>Portal: Ele tem cita\u00e7\u00e3o sobre Santo Ant\u00f4nio de Noto.<\/p>\n<p>Local espec\u00edfico de onde retiramos o material: <a href=\"http:\/\/seer.ucg.br\/index.php\/fragmentos\/article\/viewArticle\/612\">http:\/\/seer.ucg.br\/index.php\/fragmentos\/article\/viewArticle\/612<\/a><\/p>\n","protected":false},"excerpt":{"rendered":"<p>Autora: Rita de C\u00e1ssia Alves Lotti Silva Publicado em FRAGMENTOS DE CULTURA, Goi\u00e2nia, v. 18, n. 3\/4, p. 313-328, mar.\/abr. 2008. (Portal de peri\u00f3dicos eletr\u00f4nicos da Universidade Cat\u00f3lica de Goi\u00e1s) http:\/\/seer.ucg.br\/ Resumo: a cultura afro-brasileira est\u00e1 presente em toda a trajet\u00f3ria de forma\u00e7\u00e3o do povo brasileiro. O Brasil foi o pa\u00eds que mais recebeu escravos [&hellip;]<\/p>\n","protected":false},"author":1,"featured_media":0,"parent":3840,"menu_order":0,"comment_status":"closed","ping_status":"closed","template":"","meta":{"ngg_post_thumbnail":0,"footnotes":""},"class_list":["post-719","page","type-page","status-publish","hentry"],"_links":{"self":[{"href":"https:\/\/categero.org.br\/antigo\/index.php?rest_route=\/wp\/v2\/pages\/719","targetHints":{"allow":["GET"]}}],"collection":[{"href":"https:\/\/categero.org.br\/antigo\/index.php?rest_route=\/wp\/v2\/pages"}],"about":[{"href":"https:\/\/categero.org.br\/antigo\/index.php?rest_route=\/wp\/v2\/types\/page"}],"author":[{"embeddable":true,"href":"https:\/\/categero.org.br\/antigo\/index.php?rest_route=\/wp\/v2\/users\/1"}],"replies":[{"embeddable":true,"href":"https:\/\/categero.org.br\/antigo\/index.php?rest_route=%2Fwp%2Fv2%2Fcomments&post=719"}],"version-history":[{"count":2,"href":"https:\/\/categero.org.br\/antigo\/index.php?rest_route=\/wp\/v2\/pages\/719\/revisions"}],"predecessor-version":[{"id":5956,"href":"https:\/\/categero.org.br\/antigo\/index.php?rest_route=\/wp\/v2\/pages\/719\/revisions\/5956"}],"up":[{"embeddable":true,"href":"https:\/\/categero.org.br\/antigo\/index.php?rest_route=\/wp\/v2\/pages\/3840"}],"wp:attachment":[{"href":"https:\/\/categero.org.br\/antigo\/index.php?rest_route=%2Fwp%2Fv2%2Fmedia&parent=719"}],"curies":[{"name":"wp","href":"https:\/\/api.w.org\/{rel}","templated":true}]}}