{"id":7119,"date":"2014-02-04T10:24:05","date_gmt":"2014-02-04T13:24:05","guid":{"rendered":"http:\/\/categero.org.br\/?page_id=7119"},"modified":"2014-02-21T13:36:14","modified_gmt":"2014-02-21T16:36:14","slug":"quando-categero-chegou-a-sao-paulo","status":"publish","type":"page","link":"https:\/\/categero.org.br\/antigo\/?page_id=7119","title":{"rendered":"4. Quando Categer\u00f3 chegou a S\u00e3o Paulo?"},"content":{"rendered":"<p style=\"text-align: center;\"><b>Um enfoque da chegada de Categer\u00f3 no Brasil<\/b><\/p>\n<p style=\"text-align: center;\"><a href=\"http:\/\/categero.org.br\/wp-content\/uploads\/2014\/02\/CATEGERO-EM-SP.jpg\"><img loading=\"lazy\" decoding=\"async\" class=\"aligncenter size-medium wp-image-8408\" alt=\"CATEGERO EM SP\" src=\"http:\/\/categero.org.br\/wp-content\/uploads\/2014\/02\/CATEGERO-EM-SP-300x158.jpg\" width=\"300\" height=\"158\" srcset=\"https:\/\/categero.org.br\/antigo\/wp-content\/uploads\/2014\/02\/CATEGERO-EM-SP-300x158.jpg 300w, https:\/\/categero.org.br\/antigo\/wp-content\/uploads\/2014\/02\/CATEGERO-EM-SP.jpg 361w\" sizes=\"auto, (max-width: 300px) 100vw, 300px\" \/><\/a><\/p>\n<p>O C\u00f4n. No\u00e9 Rodrigues afirma que em S\u00e3o Paulo, a devo\u00e7\u00e3o a Santo Ant\u00f4nio de Categer\u00f3 data, de pelo menos de tr\u00eas s\u00e9culos. Talvez ela remonte aos in\u00edcios do s\u00e9culo XVII, isto \u00e9, a apenas cinq\u00fcenta anos depois da morte do bem-aventurado.<br \/>\nO que me faz pensar assim \u00e9 uma nota de arquivo relativa ao pe. Nicolau Faranda, SJ, destinat\u00e1rio da citada c\u00f3pia manuscrita do processo testemunhal diocesano de 1550, c\u00f3pia que, a seu pedido, lhe foi enviada de Noto, em 1595.<\/p>\n<p>A nota informativa diz que o pe. Faranda deseja ir para as \u00cdndias Ocidentais, entre os infi\u00e9is.<br \/>\nOra, ele morreu em 1612, em Palermo, e n\u00e3o consta que nesse meio tempo tenha estado nas \u00cdndias Ocidentais (Am\u00e9rica). \u00c9 prov\u00e1vel que o come\u00e7a o do culto ao \u201csanto Negro\u201d se deva a ele, que se teria interessado nesse sentido junto a seus confrades jesu\u00edtas italianos que foram para a Bahia (Brasil) como mission\u00e1rios.<br \/>\nEsta hip\u00f3tese \u00e9 plaus\u00edvel, uma vez que \u00e9 do come\u00e7o do s\u00e9culo XVII a vida documentada escrita por Ant\u00f4nio Da\u00e7a e publicada em Valladolid (Espanha) em 1611.<\/p>\n<p>O sinal do renascimento veio do Brasil, em 08 de mar\u00e7o de 1971, o m\u00e9dico Dr. Marco Finocchio, natural de Messina e residente de S\u00e3o Paulo, mandou-se a seguinte informa\u00e7\u00e3o: \u00a0&#8211; Aqui em S\u00e3o Paulo existe uma igreja muito Antiga, da ordem Terceira de S\u00e3o Francisco de Assis, na qual \u00e9 venerado Santo Ant\u00f4nio de Categer\u00f3.<\/p>\n<p>J\u00e1 era sabido que Categer\u00f3 era venerado em S\u00e3o Paulo, como na Bahia, em Pernambuco, Minas e outros Estados.\u00a0Por outro lado, a documenta\u00e7\u00e3o mais difundida, diz que a primeira devo\u00e7\u00e3o\u00a0ao beato Ant\u00f4nio de Categer\u00f3, como era costume da \u00e9poca para a funda\u00e7\u00e3o de devo\u00e7\u00f5es, apresentada por diversos autores, diz que o primeiro registro para Categer\u00f3, se deu em 1699, com a Irmandade de Santo Ant\u00f4nio de Categer\u00f3, da igreja de Nossa Senhora do Ros\u00e1rio dos Pretos, em Salvador na Bahia.<\/p>\n<p>Tamb\u00e9m \u00e9 sabido que a tramita\u00e7\u00e3o burocr\u00e1tica para a cria\u00e7\u00e3o de uma Irmandade de escravos, naquela \u00e9poca, \u00a0dependia de despachos no Reino, em Portugal. \u00a0Al\u00e9m, tamb\u00e9m, de toda a constru\u00e7\u00e3o social que implicava, localmente, com autoridades eclesi\u00e1sticas e laicas, previamente. Deveu-se arrastar por anos.<\/p>\n<p>Assim, tem de ser calculado, que os Jesu\u00edtas chegados ao Brasil, no in\u00edcio do s\u00e9culo XVII, ocorreu por volta de 1610, mas que tenham levado quase 80 anos, muito tempo para estruturar a primeira devo\u00e7\u00e3o ao beato de Categer\u00f3. Sendo a chegada, era primeiro destino na Bahia, e se demorou tanto tempo por l\u00e1, poderia ter ocorrido in\u00edcio devocional, em outro Estado, em data anterior.<\/p>\n","protected":false},"excerpt":{"rendered":"<p>Um enfoque da chegada de Categer\u00f3 no Brasil O C\u00f4n. No\u00e9 Rodrigues afirma que em S\u00e3o Paulo, a devo\u00e7\u00e3o a Santo Ant\u00f4nio de Categer\u00f3 data, de pelo menos de tr\u00eas s\u00e9culos. Talvez ela remonte aos in\u00edcios do s\u00e9culo XVII, isto \u00e9, a apenas cinq\u00fcenta anos depois da morte do bem-aventurado. O que me faz pensar [&hellip;]<\/p>\n","protected":false},"author":1,"featured_media":8408,"parent":7192,"menu_order":5,"comment_status":"open","ping_status":"open","template":"","meta":{"ngg_post_thumbnail":0,"footnotes":""},"class_list":["post-7119","page","type-page","status-publish","has-post-thumbnail","hentry"],"_links":{"self":[{"href":"https:\/\/categero.org.br\/antigo\/index.php?rest_route=\/wp\/v2\/pages\/7119","targetHints":{"allow":["GET"]}}],"collection":[{"href":"https:\/\/categero.org.br\/antigo\/index.php?rest_route=\/wp\/v2\/pages"}],"about":[{"href":"https:\/\/categero.org.br\/antigo\/index.php?rest_route=\/wp\/v2\/types\/page"}],"author":[{"embeddable":true,"href":"https:\/\/categero.org.br\/antigo\/index.php?rest_route=\/wp\/v2\/users\/1"}],"replies":[{"embeddable":true,"href":"https:\/\/categero.org.br\/antigo\/index.php?rest_route=%2Fwp%2Fv2%2Fcomments&post=7119"}],"version-history":[{"count":9,"href":"https:\/\/categero.org.br\/antigo\/index.php?rest_route=\/wp\/v2\/pages\/7119\/revisions"}],"predecessor-version":[{"id":8410,"href":"https:\/\/categero.org.br\/antigo\/index.php?rest_route=\/wp\/v2\/pages\/7119\/revisions\/8410"}],"up":[{"embeddable":true,"href":"https:\/\/categero.org.br\/antigo\/index.php?rest_route=\/wp\/v2\/pages\/7192"}],"wp:featuredmedia":[{"embeddable":true,"href":"https:\/\/categero.org.br\/antigo\/index.php?rest_route=\/wp\/v2\/media\/8408"}],"wp:attachment":[{"href":"https:\/\/categero.org.br\/antigo\/index.php?rest_route=%2Fwp%2Fv2%2Fmedia&parent=7119"}],"curies":[{"name":"wp","href":"https:\/\/api.w.org\/{rel}","templated":true}]}}