{"id":69,"date":"2010-09-28T23:56:19","date_gmt":"2010-09-28T23:56:19","guid":{"rendered":"http:\/\/www.categero.org.br\/?page_id=69"},"modified":"2014-02-20T08:13:05","modified_gmt":"2014-02-20T11:13:05","slug":"5-subprojeto-vips-de-categero","status":"publish","type":"page","link":"https:\/\/categero.org.br\/antigo\/?page_id=69","title":{"rendered":"Subprojeto VIPs de Categer\u00f3"},"content":{"rendered":"<p style=\"text-align: center;\"><a href=\"http:\/\/www.categero.org.br\/wp-content\/uploads\/2010\/09\/Categero_sintonisaintgermai.gif\"><img loading=\"lazy\" decoding=\"async\" class=\"aligncenter size-thumbnail wp-image-2398\" title=\"Categero_sintonisaintgermai\" alt=\"\" src=\"http:\/\/www.categero.org.br\/wp-content\/uploads\/2010\/09\/Categero_sintonisaintgermai-150x150.gif\" width=\"150\" height=\"150\" \/><\/a><strong>Os VIPs de Categer\u00f3<\/strong><\/p>\n<p>&nbsp;<\/p>\n<p>O que \u00e9 para n\u00f3s o VIP de Categer\u00f3?<\/p>\n<p>Dentre muitas abreviaturas inglesas h\u00e1 uma para designar a pessoa que deve ser considerada, por algum motivo, importante. Neste sentido literalmente \u00e9 traduzida como \u201cVery important Person\u201d.<\/p>\n<p>Para nosso portal, todo o devoto de Santo Ant\u00f4nio de Categer\u00f3, quando conhecedor das circunst\u00e2ncias da vida e do exemplo deixado por ele &#8211; a todos n\u00f3s, \u00e9 um VIP, ou seja, para n\u00f3s estas pessoas s\u00e3o muito importantes, s\u00e3o important\u00edssimas. E \u00e9 a obriga\u00e7\u00e3o do Portal assinalar essa condi\u00e7\u00e3o, n\u00e3o pelo reconhecimento de doa\u00e7\u00e3o, que cada um faz em sua devo\u00e7\u00e3o. N\u00e3o. Mas pela necessidade de reunirmos for\u00e7as em uma Irmandade de Categer\u00f3 interessada em fortificar o nome de nosso benfeitor, o Beato Ant\u00f4nio de Categer\u00f3.<\/p>\n<p>N\u00e3o \u00e9 e, nem pretende ser, uma comunidade virtual. Nada de regras ou estrutura. \u00c9 s\u00f3 a consagra\u00e7\u00e3o isolada de cada um, neste espa\u00e7o, a mostrar ao mundo que nosso Beato Categer\u00f3 \u00e9 uma devo\u00e7\u00e3o de, no m\u00ednimo tr\u00eas continentes: A \u00c1frica (L\u00edbia) onde ele nasceu e na\u00e7\u00f5es de l\u00edngua porturguesa; a Europa (It\u00e1lia) onde viveu e morreu e (Portugal) que o propagou para as Am\u00e9ricas; e, as Am\u00e9ricas. No Brasil onde como diz o Monsenhor Salvatore Guastella, onde se deu o renascimento mas, tamb\u00e9m diversos outros pa\u00edses americanos, onde ele j\u00e1 tem por n\u00f3s assinalada a devo\u00e7\u00e3o.<\/p>\n<p>Hoje o Beato de Categer\u00f3, convive conosco em Comunidades como: Orkut, do Facebook, Sonico, Linkding e outras. Buscamos arrigementar \u00a0esfor\u00e7os para que Santo Ant\u00f4nio de Categer\u00f3 consiga ser reconhecido como Padroeiro da Seguran\u00e7a P\u00fablica Brasileira, al\u00e9m de Padroeira da Diocese de \u00c1vola e Noto, que j\u00e1 o \u00e9.<\/p>\n<p>Ao manifestar publicamente por qualquer meio sua devo\u00e7\u00e3o entendemos que ele \u00e9 um VIP de Categer\u00f3 e constar\u00e1 de nossa rela\u00e7\u00e3o de devotos. Nossa satisfa\u00e7\u00e3o \u00e9 notici\u00e1-lo num \u00a0\u201cPost\u201d de nosso Portal.<\/p>\n<p>Algu\u00e9m n\u00e3o ser\u00e1 \u00a0VIP por estar citado em nosso Portal. Ele \u00e9 VIP a partir de quando, manifestou por qualquer meio de comunica\u00e7\u00e3o virtual ou f\u00edsica sua devo\u00e7\u00e3o. N\u00e1s queremos aprenas trascrever no Portal.\u00a0 E se, n\u00e3o houver manifesta\u00e7\u00e3o de desconformidade com a cita\u00e7\u00e3o no Posts, est\u00e1 automaticamente pr\u00e9-cadastrado como um VIP.<\/p>\n<p>E no espa\u00e7o em que for referido como VIP faremos links de outras cita\u00e7\u00f5es, que sobre ele exista, em nosso Portal, ou de seus endere\u00e7os virtuais (Sites e redes sociais).<\/p>\n<p style=\"text-align: center;\">\u00a0<a href=\"http:\/\/categero.org.br\/wp-content\/uploads\/2012\/01\/VIPs.jpg\"><img loading=\"lazy\" decoding=\"async\" class=\"aligncenter size-medium wp-image-8299\" alt=\"VIPs\" src=\"http:\/\/categero.org.br\/wp-content\/uploads\/2012\/01\/VIPs-300x149.jpg\" width=\"300\" height=\"149\" srcset=\"https:\/\/categero.org.br\/antigo\/wp-content\/uploads\/2012\/01\/VIPs-300x149.jpg 300w, https:\/\/categero.org.br\/antigo\/wp-content\/uploads\/2012\/01\/VIPs.jpg 397w\" sizes=\"auto, (max-width: 300px) 100vw, 300px\" \/><\/a><\/p>\n","protected":false},"excerpt":{"rendered":"<p>Os VIPs de Categer\u00f3 &nbsp; O que \u00e9 para n\u00f3s o VIP de Categer\u00f3? Dentre muitas abreviaturas inglesas h\u00e1 uma para designar a pessoa que deve ser considerada, por algum motivo, importante. Neste sentido literalmente \u00e9 traduzida como \u201cVery important Person\u201d. Para nosso portal, todo o devoto de Santo Ant\u00f4nio de Categer\u00f3, quando conhecedor das [&hellip;]<\/p>\n","protected":false},"author":1,"featured_media":8299,"parent":3766,"menu_order":0,"comment_status":"closed","ping_status":"closed","template":"","meta":{"ngg_post_thumbnail":0,"footnotes":""},"class_list":["post-69","page","type-page","status-publish","has-post-thumbnail","hentry"],"_links":{"self":[{"href":"https:\/\/categero.org.br\/antigo\/index.php?rest_route=\/wp\/v2\/pages\/69","targetHints":{"allow":["GET"]}}],"collection":[{"href":"https:\/\/categero.org.br\/antigo\/index.php?rest_route=\/wp\/v2\/pages"}],"about":[{"href":"https:\/\/categero.org.br\/antigo\/index.php?rest_route=\/wp\/v2\/types\/page"}],"author":[{"embeddable":true,"href":"https:\/\/categero.org.br\/antigo\/index.php?rest_route=\/wp\/v2\/users\/1"}],"replies":[{"embeddable":true,"href":"https:\/\/categero.org.br\/antigo\/index.php?rest_route=%2Fwp%2Fv2%2Fcomments&post=69"}],"version-history":[{"count":7,"href":"https:\/\/categero.org.br\/antigo\/index.php?rest_route=\/wp\/v2\/pages\/69\/revisions"}],"predecessor-version":[{"id":8312,"href":"https:\/\/categero.org.br\/antigo\/index.php?rest_route=\/wp\/v2\/pages\/69\/revisions\/8312"}],"up":[{"embeddable":true,"href":"https:\/\/categero.org.br\/antigo\/index.php?rest_route=\/wp\/v2\/pages\/3766"}],"wp:featuredmedia":[{"embeddable":true,"href":"https:\/\/categero.org.br\/antigo\/index.php?rest_route=\/wp\/v2\/media\/8299"}],"wp:attachment":[{"href":"https:\/\/categero.org.br\/antigo\/index.php?rest_route=%2Fwp%2Fv2%2Fmedia&parent=69"}],"curies":[{"name":"wp","href":"https:\/\/api.w.org\/{rel}","templated":true}]}}