{"id":578,"date":"2010-10-04T14:04:41","date_gmt":"2010-10-04T14:04:41","guid":{"rendered":"http:\/\/www.categero.org.br\/?page_id=578"},"modified":"2013-12-13T09:29:22","modified_gmt":"2013-12-13T12:29:22","slug":"procissoes-na-bahia-teatro-barroca-a-ceu-aberto","status":"publish","type":"page","link":"https:\/\/categero.org.br\/antigo\/?page_id=578","title":{"rendered":"BA\/2001 &#8211; Prociss\u00f5es na Bahia: Teatro barroco a c\u00e9u aberto"},"content":{"rendered":"<p>Autora: Maria Helena Ochi Flexor<\/p>\n<p>A autora \u00e9 doutora em Hist\u00f3ria. Lecionou Hist\u00f3ria da Arte por mais de quarenta anos na Universidade Federal de Salvador\/BA. Neste trabalho ela aborda o processo de desenvolvimento das &#8220;prociss\u00f5es&#8221; na Bahia, desde suas origens \u00edberas.<br \/>\nApesar de n\u00e3o haver cita\u00e7\u00e3o direta a Categer\u00f3, sua narrativa \u00e9 rica em informa\u00e7\u00f5es que nos possibilitam entender o contexto de f\u00e9 ao nosso devoto, bem como alguns elementos concretos do sincretismo dos cultos afros ao catolicismo, tema esse muito pr\u00f3ximo a Categer\u00f3.<br \/>\nO \u00faltimo par\u00e1grafo \u00e9, para meus estudos sobre o Beato, bastante elucidador, quase um contexto de valida\u00e7\u00e3o. J\u00e1 referi em um &#8220;paper&#8221;, publicado neste Portal&#8221; que senti uma aus\u00eancia de devo\u00e7\u00e3o efetiva, no sentido religioso cat\u00f3lico, a Categer\u00f3 na Bahia, quando l\u00e1 estive. \u00c9 na expressividade da rua, no Pelourinho, das festas e da cultura popular, que se encontra alguma refer\u00eancia ao nome de Santo Antonio de Categer\u00f3. E a conclus\u00e3o da autora trabalha bem concretamente isso.<\/p>\n<p>Nossa c\u00f3pia em <a href=\"http:\/\/www.categero.org.br\/wp-content\/uploads\/2010\/10\/PDF2.pdf\">PDF<\/a><\/p>\n<p>Portal|: Apesar de n\u00e3o apresentar cita\u00e7\u00e3o a Categer\u00f3 \u00e9 importante para que se compreenda o formato em que se deu a expan\u00e7\u00e3o da devo\u00e7\u00e3o de Categer\u00f3.<\/p>\n<p>Local de onde foi obtido o trabalho em PDF:<br \/>\n<a href=\"http:\/\/ler.letras.up.pt\/uploads\/ficheiros\/7559.pdf\">http:\/\/ler.letras.up.pt\/uploads\/ficheiros\/7559.pdf<\/a><\/p>\n","protected":false},"excerpt":{"rendered":"<p>Autora: Maria Helena Ochi Flexor A autora \u00e9 doutora em Hist\u00f3ria. Lecionou Hist\u00f3ria da Arte por mais de quarenta anos na Universidade Federal de Salvador\/BA. Neste trabalho ela aborda o processo de desenvolvimento das &#8220;prociss\u00f5es&#8221; na Bahia, desde suas origens \u00edberas. Apesar de n\u00e3o haver cita\u00e7\u00e3o direta a Categer\u00f3, sua narrativa \u00e9 rica em informa\u00e7\u00f5es [&hellip;]<\/p>\n","protected":false},"author":1,"featured_media":0,"parent":3838,"menu_order":0,"comment_status":"closed","ping_status":"closed","template":"","meta":{"ngg_post_thumbnail":0,"footnotes":""},"class_list":["post-578","page","type-page","status-publish","hentry"],"_links":{"self":[{"href":"https:\/\/categero.org.br\/antigo\/index.php?rest_route=\/wp\/v2\/pages\/578","targetHints":{"allow":["GET"]}}],"collection":[{"href":"https:\/\/categero.org.br\/antigo\/index.php?rest_route=\/wp\/v2\/pages"}],"about":[{"href":"https:\/\/categero.org.br\/antigo\/index.php?rest_route=\/wp\/v2\/types\/page"}],"author":[{"embeddable":true,"href":"https:\/\/categero.org.br\/antigo\/index.php?rest_route=\/wp\/v2\/users\/1"}],"replies":[{"embeddable":true,"href":"https:\/\/categero.org.br\/antigo\/index.php?rest_route=%2Fwp%2Fv2%2Fcomments&post=578"}],"version-history":[{"count":3,"href":"https:\/\/categero.org.br\/antigo\/index.php?rest_route=\/wp\/v2\/pages\/578\/revisions"}],"predecessor-version":[{"id":5991,"href":"https:\/\/categero.org.br\/antigo\/index.php?rest_route=\/wp\/v2\/pages\/578\/revisions\/5991"}],"up":[{"embeddable":true,"href":"https:\/\/categero.org.br\/antigo\/index.php?rest_route=\/wp\/v2\/pages\/3838"}],"wp:attachment":[{"href":"https:\/\/categero.org.br\/antigo\/index.php?rest_route=%2Fwp%2Fv2%2Fmedia&parent=578"}],"curies":[{"name":"wp","href":"https:\/\/api.w.org\/{rel}","templated":true}]}}