{"id":5020,"date":"2013-06-04T17:28:30","date_gmt":"2013-06-04T20:28:30","guid":{"rendered":"http:\/\/categero.org.br\/?page_id=5020"},"modified":"2018-06-11T11:20:44","modified_gmt":"2018-06-11T14:20:44","slug":"2a-oracao-de-minha-trilogia","status":"publish","type":"page","link":"https:\/\/categero.org.br\/antigo\/?page_id=5020","title":{"rendered":"11\u00aa Or &#8211; Eis me aqui Senhor, por Categer\u00f3&#8230;"},"content":{"rendered":"<h3 style=\"text-align: center;\"><em><span style=\"color: #ff0000;\"><strong>Link &#8211; &nbsp;<a href=\"http:\/\/categero.org.br\/?p=11452\" target=\"_blank\" rel=\"noopener noreferrer\">Datas de Categer\u00f3<br \/>\n<\/a><\/strong><\/span><\/em><em><span style=\"color: #ff0000;\"><strong>Link &#8211; &nbsp;<span style=\"color: #000000;\"><a href=\"http:\/\/categero.org.br\/?p=11933\" target=\"_blank\" rel=\"noopener noreferrer\">Perfil, Linha do Tempo e Vaticano<\/a><\/span><\/strong><\/span><\/em><\/h3>\n<h3 style=\"text-align: center;\"><img loading=\"lazy\" decoding=\"async\" width=\"174\" height=\"230\" class=\"aligncenter wp-image-11224\" alt=\"3-categero-meio-corpo-color\" src=\"http:\/\/categero.org.br\/wp-content\/uploads\/2016\/12\/3.-Categer\u00f3-Meio-corpo-Color.jpg\" srcset=\"https:\/\/categero.org.br\/antigo\/wp-content\/uploads\/2016\/12\/3.-Categer\u00f3-Meio-corpo-Color.jpg 482w, https:\/\/categero.org.br\/antigo\/wp-content\/uploads\/2016\/12\/3.-Categer\u00f3-Meio-corpo-Color-227x300.jpg 227w\" sizes=\"auto, (max-width: 174px) 100vw, 174px\" \/><\/h3>\n<p>&nbsp;<\/p>\n<h3 style=\"padding-left: 210px;\"><span style=\"color: #0000ff;\">Meu ato de contri\u00e7\u00e3o<\/span><br \/>\n<span style=\"color: #0000ff;\">Nossa proposta de contri\u00e7\u00e3o<\/span><br \/>\n<span style=\"color: #0000ff;\">Eis me aqui Senhor, com Categer\u00f3<\/span><br \/>\n<span style=\"color: #0000ff;\">Nossa proposta de clamor<\/span><br \/>\n<span style=\"color: #0000ff;\">Salve oh beato Ant\u00f4nio de Categer\u00f3<\/span><br \/>\n<span style=\"color: #0000ff;\">Nossa proposta de curti\u00e7\u00e3o<\/span><br \/>\n<span style=\"color: #0000ff;\">\u00c0 canoniza\u00e7\u00e3o do Beato de Categer\u00f3 pelo Vaticano<br \/>\nNosso objetivo e encontro de todas as metas&nbsp;<\/span>&nbsp;&nbsp;<\/h3>\n<h3 style=\"padding-left: 210px;\">2\u00aa Ora\u00e7\u00e3o de minha trilogia<\/h3>\n<p>&nbsp;<\/p>\n<p style=\"padding-left: 180px;\"><strong>Eis me aqui Senhor, com Categer\u00f3\u2026<\/strong><\/p>\n<address style=\"padding-left: 180px;\">Eis-me aqui prostrado a V\u00f3s<\/address>\n<address style=\"padding-left: 180px;\">Pai eterno e glorioso<\/address>\n<address style=\"padding-left: 180px;\">Criador do c\u00e9u e da terra e<\/address>\n<address style=\"padding-left: 180px;\">Meu s\u00f3cio.<\/address>\n<address style=\"padding-left: 180px;\">&nbsp;<\/address>\n<address style=\"padding-left: 180px;\">Ampara teu s\u00f3cio, senhor\u2026<\/address>\n<address style=\"padding-left: 180px;\">Ampara teu s\u00f3cio,<\/address>\n<address style=\"padding-left: 180px;\">que \u00e9&nbsp;teu&nbsp;servo e&nbsp;teu filho senhor.<\/address>\n<address style=\"padding-left: 180px;\">E pelo amor de vosso filho amado<\/address>\n<address style=\"padding-left: 180px;\">Nosso irm\u00e3o e amigo Cristo,<\/address>\n<address style=\"padding-left: 180px;\">Reconstitui minha alian\u00e7a contigo<\/address>\n<address style=\"padding-left: 180px;\">A velha e a Nova alian\u00e7a.<\/address>\n<address style=\"padding-left: 180px;\">Restaura minha sorte e edifica minha casa,<\/address>\n<address style=\"padding-left: 180px;\">Restaura minha sorte\u2026<\/address>\n<address style=\"padding-left: 180px;\">Edifica minha casa e vivifica minha vida.<\/address>\n<address style=\"padding-left: 180px;\">&nbsp;<\/address>\n<address style=\"padding-left: 180px;\">E prometo viver e trabalhar por tua<\/address>\n<address style=\"padding-left: 180px;\">Honra e gl\u00f3ria, todos os dias da minha exist\u00eancia,<\/address>\n<address style=\"padding-left: 180px;\">Bem com buscar a convers\u00e3o de meus filhos<\/address>\n<address style=\"padding-left: 180px;\">Desde agora e para as gera\u00e7\u00f5es futuras e,<\/address>\n<address style=\"padding-left: 180px;\">Ainda, levar teu nome e<\/address>\n<address style=\"padding-left: 180px;\">A tua palavra com a mensagem de f\u00e9,<\/address>\n<address style=\"padding-left: 180px;\">Conforto e esperan\u00e7a aos aflitos e necessitados<\/address>\n<address style=\"padding-left: 180px;\">Que encontre e que como eu te queiram ou aceitem.<\/address>\n<address style=\"padding-left: 180px;\">&nbsp;<\/address>\n<address style=\"padding-left: 180px;\">&nbsp;<\/address>\n<address style=\"padding-left: 180px;\">Santo Antonio de Categer\u00f3,<\/address>\n<address style=\"padding-left: 180px;\">Rogai por n\u00f3s \u2026.<\/address>\n<address style=\"padding-left: 180px;\">Santo Antonio de Categer\u00f3,<\/address>\n<address style=\"padding-left: 180px;\">Ajuda-nos a perseverar neste caminho\u2026.<\/address>\n<address style=\"padding-left: 180px;\">Santo Antonio de Categer\u00f3,<\/address>\n<address style=\"padding-left: 180px;\">Seja nosso intercessor&nbsp;em Cristo\u2026.<\/address>\n<address style=\"padding-left: 180px;\">&nbsp;<\/address>\n<address style=\"padding-left: 180px;\"><em><span style=\"color: #ff0000;\"><strong>Link &#8211; &nbsp;<a href=\"http:\/\/categero.org.br\/?p=11452\" target=\"_blank\" rel=\"noopener noreferrer\">Datas de Categer\u00f3<br \/>\n<\/a><\/strong><\/span><\/em><em><span style=\"color: #ff0000;\"><strong>Link &#8211; &nbsp;<span style=\"color: #000000;\"><a href=\"http:\/\/categero.org.br\/?p=11933\" target=\"_blank\" rel=\"noopener noreferrer\">Perfil, Linha do Tempo e Vaticano<\/a><\/span><\/strong><\/span><\/em><\/address>\n","protected":false},"excerpt":{"rendered":"<p>Link &#8211; &nbsp;Datas de Categer\u00f3 Link &#8211; &nbsp;Perfil, Linha do Tempo e Vaticano &nbsp; Meu ato de contri\u00e7\u00e3o Nossa proposta de contri\u00e7\u00e3o Eis me aqui Senhor, com Categer\u00f3 Nossa proposta de clamor Salve oh beato Ant\u00f4nio de Categer\u00f3 Nossa proposta de curti\u00e7\u00e3o \u00c0 canoniza\u00e7\u00e3o do Beato de Categer\u00f3 pelo Vaticano Nosso objetivo e encontro de [&hellip;]<\/p>\n","protected":false},"author":1,"featured_media":8262,"parent":3719,"menu_order":10,"comment_status":"open","ping_status":"open","template":"","meta":{"ngg_post_thumbnail":0,"footnotes":""},"class_list":["post-5020","page","type-page","status-publish","has-post-thumbnail","hentry"],"_links":{"self":[{"href":"https:\/\/categero.org.br\/antigo\/index.php?rest_route=\/wp\/v2\/pages\/5020","targetHints":{"allow":["GET"]}}],"collection":[{"href":"https:\/\/categero.org.br\/antigo\/index.php?rest_route=\/wp\/v2\/pages"}],"about":[{"href":"https:\/\/categero.org.br\/antigo\/index.php?rest_route=\/wp\/v2\/types\/page"}],"author":[{"embeddable":true,"href":"https:\/\/categero.org.br\/antigo\/index.php?rest_route=\/wp\/v2\/users\/1"}],"replies":[{"embeddable":true,"href":"https:\/\/categero.org.br\/antigo\/index.php?rest_route=%2Fwp%2Fv2%2Fcomments&post=5020"}],"version-history":[{"count":16,"href":"https:\/\/categero.org.br\/antigo\/index.php?rest_route=\/wp\/v2\/pages\/5020\/revisions"}],"predecessor-version":[{"id":13035,"href":"https:\/\/categero.org.br\/antigo\/index.php?rest_route=\/wp\/v2\/pages\/5020\/revisions\/13035"}],"up":[{"embeddable":true,"href":"https:\/\/categero.org.br\/antigo\/index.php?rest_route=\/wp\/v2\/pages\/3719"}],"wp:featuredmedia":[{"embeddable":true,"href":"https:\/\/categero.org.br\/antigo\/index.php?rest_route=\/wp\/v2\/media\/8262"}],"wp:attachment":[{"href":"https:\/\/categero.org.br\/antigo\/index.php?rest_route=%2Fwp%2Fv2%2Fmedia&parent=5020"}],"curies":[{"name":"wp","href":"https:\/\/api.w.org\/{rel}","templated":true}]}}