{"id":4305,"date":"2012-02-12T06:53:15","date_gmt":"2012-02-12T09:53:15","guid":{"rendered":"http:\/\/www.categero.org.br\/?page_id=4305"},"modified":"2014-02-21T14:49:24","modified_gmt":"2014-02-21T17:49:24","slug":"eis-o-vip-n%c2%ba-1-de-categero-para-o-brasil","status":"publish","type":"page","link":"https:\/\/categero.org.br\/antigo\/?page_id=4305","title":{"rendered":"VIP n\u00ba 1 de Categer\u00f3: para o Brasil\/It\u00e1lia e o Mundo"},"content":{"rendered":"<p><a href=\"http:\/\/www.categero.org.br\/wp-content\/uploads\/2012\/02\/2.-Categer\u00f3-72-dpi-Color.jpg\"><img loading=\"lazy\" decoding=\"async\" class=\"aligncenter size-medium wp-image-4241\" title=\"2. Categer\u00f3 72 dpi Color\" alt=\"\" src=\"http:\/\/www.categero.org.br\/wp-content\/uploads\/2012\/02\/2.-Categer\u00f3-72-dpi-Color-202x300.jpg\" width=\"202\" height=\"300\" \/><\/a><br \/>\n<strong><\/strong><\/p>\n<p><center>Que o Beato Ant\u00f4nio de Categer\u00f3 nos alimente com sua f\u00e9<br \/>\nObrigado Monsenhor Salvatore Guastella pela luz \u00e0 devo\u00e7\u00e3o brasileira<\/center><strong><\/strong><br \/>\n<a href=\"http:\/\/www.categero.org.br\/wp-content\/uploads\/2012\/02\/Ms-Salvatore-Qd-de-VIP.jpg\"><img loading=\"lazy\" decoding=\"async\" class=\"aligncenter size-medium wp-image-4252\" title=\"Ms Salvatore Qd de VIP\" alt=\"\" src=\"http:\/\/www.categero.org.br\/wp-content\/uploads\/2012\/02\/Ms-Salvatore-Qd-de-VIP-243x300.jpg\" width=\"243\" height=\"300\" \/><\/a><\/p>\n<p>Nome do VIP: Monsenhor Salvatore Guastella<\/p>\n<p>Local de nascimento: Noto, na Siracusa, It\u00e1lia, a mesma cidade onde Santo Ant\u00f4nio de Categer\u00f3, viveu por 38 anos;<\/p>\n<p>Data de nascimento: 16 de Janeiro de 1922;<\/p>\n<p>Cidade de resid\u00eancia: Noto, na It\u00e1lia.<\/p>\n<p>Atividade profissional ou religiosa: Foi ordenado Presbitero em 29 de Junho de 1945 em Noto (SR),pela Diocese de Noto; incardinato na Diocese de ROMA em 7 maio 1981; Aos 90 anos est\u00e1 retirado da atividade religiosa ordin\u00e1ria.<\/p>\n<p>Descri\u00e7\u00e3o da a\u00e7\u00e3o devocional: Sendo natural de Noto, talvez por esse motivo, o monsenhor Salvatore Guastela, que j\u00e1 pesquisara a vida de muitos santos, inclusive um outro santo notino, teve empatia com o santo negro de Categer\u00f3. Contatado do Brasil, iniciou pesquisas e, em 20 de agosto de 1977, localizou em Noto, os restos mortais do beato. Trabalhou no processo can\u00f4nico de reconhecimento formal da ossada 24 de janeiro de 1978. Orientou o processo de transfer\u00eancia, a pedido do Bsipo de S\u00e3o Paulo, de uma rel\u00edquia de Categer\u00f3, para os devotos brasileiros. Esteve em S\u00e3o Paulo, para a entrega da rel\u00edquia em 30 de julho do ano de 1978, ocasi\u00e3o em que visitou Salvador, onde fez contatos e pesquisas, como j\u00e1 fizera em S\u00e3o Paulo, sobre a devo\u00e7\u00e3o brasileira ao Beato Ant\u00f4nio de Categer\u00f3.<br \/>\nFoi quando coletou o material e fez as pesquisas, material com o qual editou seu primeiro livro sobre o beato: Santo Ant\u00f4nio de Categer\u00f3 &#8211; Sinal prof\u00e9tico do empenho pelos pobres, obsra editada em portugu\u00eas. Produziu com fontes de suas pesquisas posteriores na it\u00e1lia, incluindo, o processo de beatifica\u00e7\u00e3o, mais dois livros: &#8220;Lui e Noi per loro&#8221; e &#8220;Fratello Negro &#8211; Antonio di Noto detto l&#8217;etiope&#8221;, estes dois editados em italiano e patrocinados pela Diocese de Noto.<br \/>\nO livro produzido para o Brasil reavivou o braseiro da devo\u00e7\u00e3o ao beato nacionalmente. Monsenhor Salvatore, ao contr\u00e1rio, no pr\u00f3prio livro expressa que foi, a partir do Brasil, que houve o ressurgimento da devo\u00e7\u00e3o de Categer\u00f3.<br \/>\nMonsenhor Salvatore Guastella \u00e9 o VIP de todos os VIPs de Categer\u00f3.<\/p>\n<p>Postagens sobre ele neste portal:<\/p>\n<p>&#8211; Monsenhor Salvatore Guastella o guardi\u00e3o de Categer\u00f3 <a href=\"http:\/\/www.categero.org.br\/o-que-seja-de-mais-atual-sobre-categero\/monsenhor-salvatore-guastella-o-guardiao-de-categero\/\">Portagem<\/a><\/p>\n<p>&#8211; Livros de Ms. Guastella sobre Categer\u00f3 &#8211; <a href=\"http:\/\/www.categero.org.br\/o-que-seja-de-mais-atual-sobre-categero\/livros-de-ms-guastella-sobre-categero\/\">Postagem<\/a><\/p>\n<p>&#8211; 1. Categer\u00f3 \u2013 Sinal prof\u00e9tico de empenho pelos pobres <a href=\"http:\/\/www.categero.org.br\/4-manifestacoes-culturais\/3-livros-e-opusculos\/1-categero-sinal-profetico-aos-pobres\/\">Postagem<\/a><\/p>\n<p>&#8211; 2. Fratelo negro detto L\u2019etiope <a href=\"http:\/\/www.categero.org.br\/4-manifestacoes-culturais\/3-livros-e-opusculos\/2-fratelo-negro-detto-l%E2%80%99etiope\/\">Postagem<\/a><\/p>\n<p>&#8211; 3. Lui e noi per loro (Ele e n\u00f3s por eles) <a href=\"http:\/\/www.categero.org.br\/4-manifestacoes-culturais\/3-livros-e-opusculos\/3-lui-e-noi-per-loro-ele-e-nos-por-eles\/\">Postagem<\/a><\/p>\n<p>&#8211; A participa\u00e7\u00e3o de Mons. Salvatore Guastella <a href=\"http:\/\/www.categero.org.br\/o-que-seja-de-mais-atual-sobre-categero\/a-participacao-de-mons-salvatore-guastella\/\">Postagem<\/a><\/p>\n<p>&#8211; Ms Salvatore Guastella destaca o C\u00f4n No\u00e9 <a href=\"http:\/\/www.categero.org.br\/o-que-seja-de-mais-atual-sobre-categero\/monsenhor-salvatore-guastella-destaca-os-60-anos-de-vida-religiosa-do-conego-noe-da-n%C2%AAs%C2%AA-do-o\/\">Postagem<\/a><\/p>\n<p><a href=\"http:\/\/categero.org.br\/wp-content\/uploads\/2012\/02\/vip-1.jpg\"><img loading=\"lazy\" decoding=\"async\" class=\"aligncenter size-medium wp-image-8453\" alt=\"vip 1\" src=\"http:\/\/categero.org.br\/wp-content\/uploads\/2012\/02\/vip-1-300x185.jpg\" width=\"300\" height=\"185\" srcset=\"https:\/\/categero.org.br\/antigo\/wp-content\/uploads\/2012\/02\/vip-1-300x185.jpg 300w, https:\/\/categero.org.br\/antigo\/wp-content\/uploads\/2012\/02\/vip-1.jpg 321w\" sizes=\"auto, (max-width: 300px) 100vw, 300px\" \/><\/a><\/p>\n","protected":false},"excerpt":{"rendered":"<p>Que o Beato Ant\u00f4nio de Categer\u00f3 nos alimente com sua f\u00e9 Obrigado Monsenhor Salvatore Guastella pela luz \u00e0 devo\u00e7\u00e3o brasileira Nome do VIP: Monsenhor Salvatore Guastella Local de nascimento: Noto, na Siracusa, It\u00e1lia, a mesma cidade onde Santo Ant\u00f4nio de Categer\u00f3, viveu por 38 anos; Data de nascimento: 16 de Janeiro de 1922; Cidade de [&hellip;]<\/p>\n","protected":false},"author":1,"featured_media":8453,"parent":3766,"menu_order":1,"comment_status":"open","ping_status":"open","template":"","meta":{"ngg_post_thumbnail":0,"footnotes":""},"class_list":["post-4305","page","type-page","status-publish","has-post-thumbnail","hentry"],"_links":{"self":[{"href":"https:\/\/categero.org.br\/antigo\/index.php?rest_route=\/wp\/v2\/pages\/4305","targetHints":{"allow":["GET"]}}],"collection":[{"href":"https:\/\/categero.org.br\/antigo\/index.php?rest_route=\/wp\/v2\/pages"}],"about":[{"href":"https:\/\/categero.org.br\/antigo\/index.php?rest_route=\/wp\/v2\/types\/page"}],"author":[{"embeddable":true,"href":"https:\/\/categero.org.br\/antigo\/index.php?rest_route=\/wp\/v2\/users\/1"}],"replies":[{"embeddable":true,"href":"https:\/\/categero.org.br\/antigo\/index.php?rest_route=%2Fwp%2Fv2%2Fcomments&post=4305"}],"version-history":[{"count":5,"href":"https:\/\/categero.org.br\/antigo\/index.php?rest_route=\/wp\/v2\/pages\/4305\/revisions"}],"predecessor-version":[{"id":5096,"href":"https:\/\/categero.org.br\/antigo\/index.php?rest_route=\/wp\/v2\/pages\/4305\/revisions\/5096"}],"up":[{"embeddable":true,"href":"https:\/\/categero.org.br\/antigo\/index.php?rest_route=\/wp\/v2\/pages\/3766"}],"wp:featuredmedia":[{"embeddable":true,"href":"https:\/\/categero.org.br\/antigo\/index.php?rest_route=\/wp\/v2\/media\/8453"}],"wp:attachment":[{"href":"https:\/\/categero.org.br\/antigo\/index.php?rest_route=%2Fwp%2Fv2%2Fmedia&parent=4305"}],"curies":[{"name":"wp","href":"https:\/\/api.w.org\/{rel}","templated":true}]}}