{"id":4273,"date":"2012-02-11T20:32:00","date_gmt":"2012-02-11T23:32:00","guid":{"rendered":"http:\/\/www.categero.org.br\/?page_id=4273"},"modified":"2014-02-21T14:50:22","modified_gmt":"2014-02-21T17:50:22","slug":"aqui-esta-um-vip-a-devocao-de-categero-2","status":"publish","type":"page","link":"https:\/\/categero.org.br\/antigo\/?page_id=4273","title":{"rendered":"VIP de Categer\u00f3: C\u00f4nego No\u00e9 Rodrigues (SP)"},"content":{"rendered":"<p><a href=\"http:\/\/www.categero.org.br\/wp-content\/uploads\/2012\/02\/2.-Categer\u00f3-72-dpi-Color.jpg\"><img loading=\"lazy\" decoding=\"async\" class=\"aligncenter size-medium wp-image-4241\" title=\"2. Categer\u00f3 72 dpi Color\" alt=\"\" src=\"http:\/\/www.categero.org.br\/wp-content\/uploads\/2012\/02\/2.-Categer\u00f3-72-dpi-Color-202x300.jpg\" width=\"202\" height=\"300\" \/><\/a><br \/>\n<strong><\/strong><\/p>\n<p><center>Que o Beato Ant\u00f4nio de Categer\u00f3 nos alimente com sua f\u00e9<br \/>\nObrigado C\u00f4nego No\u00e9, pela propaga\u00e7\u00e3o da luz de Categer\u00f3 sobre n\u00f3s<\/center><strong><\/strong><br \/>\n<a href=\"http:\/\/www.categero.org.br\/wp-content\/uploads\/2012\/02\/VIP-Con-No\u00e9.jpg\"><img loading=\"lazy\" decoding=\"async\" class=\"aligncenter size-medium wp-image-4275\" title=\"VIP Con No\u00e9\" alt=\"\" src=\"http:\/\/www.categero.org.br\/wp-content\/uploads\/2012\/02\/VIP-Con-No\u00e9-243x300.jpg\" width=\"243\" height=\"300\" \/><\/a><\/p>\n<p>Nome do VIP: C\u00f4nego No\u00e9 Rodrigues<\/p>\n<p>Local de nascimento:Botocatu, SP;<\/p>\n<p>Data de nascimento: 17 de junho de 1917;<\/p>\n<p>Cidade de resid\u00eancia: S\u00e3o Paulo, SP\/Brasil.<\/p>\n<p>Atividade profissional ou religiosa: Aos 14 anos ingressa na Comunidade Paroquial atrav\u00e9s da Ordem Terceira \u2013 Irm\u00e3o Franciscano, tornando-se mais tarde Congregado Mariano e Irm\u00e3o Vicentino.<br \/>\nConclui o Semin\u00e1rio maior na cidade de Belo Horizonte em Minas Gerais.<br \/>\nNa ent\u00e3o Catedral provis\u00f3ria de S\u00e3o Paulo, Igreja de Santa Efig\u00eania, o Professor Seminarista recebe pela imposi\u00e7\u00e3o das m\u00e3os do Cardeal D. Carlos Carmelo de Vasconcellos Motta, a ordena\u00e7\u00e3o sacerdotal: Padre No\u00e9 Rodrigues.<br \/>\nEm 1951, ap\u00f3s a ordena\u00e7\u00e3o sacerdotal, recebe a incumb\u00eancia de lecionar junto ao Semin\u00e1rio Menor de S\u00e3o Roque, estado de S\u00e3o Paulo.<br \/>\nEm 1965 retorna ao Semin\u00e1rio Central do Ipiranga, trabalhando como professor, ec\u00f4nomo e vice-reitor do semin\u00e1rio.<br \/>\nEm 18 de dezembro de 1966 o Padre No\u00e9 Rodrigues \u00e9 nomeado Vig\u00e1rio da Par\u00f3quia do \u00d3, por D. Paulo Evaristo Arns, \u00e0 \u00e9poca, Bispo Auxiliar de S\u00e3o Paulo \u2013 Regi\u00e3o Santana.<br \/>\nA partir de sua chegada na Matriz de Nossa Senhora do \u00d3, na capital paulista, o c\u00f4nego No\u00e9, deu espa\u00e7o para que se desenvolvesse a devo\u00e7\u00e3o ao beato, como solicitada pelos fi\u00e9is. Por seu trabalho diligente, acurado e objetivo, a Matriz de Nossa Senhora do \u00d3, em S\u00e3o Paulo, \u00e9 deposit\u00e1ria de uma rel\u00edquia do Beato Ant\u00f4nio de Categer\u00f3. A rel\u00edquia foi trazida da It\u00e1lia, com documenta\u00e7\u00e3o can\u00f4nica e entregue pelo pr\u00f3prio Monsenhor Salvatore Guastellla, que com essa viagem recolheu material para o primeiro livro produzido por ele sobre Categer\u00f3.<br \/>\nA devo\u00e7\u00e3o paulista, como concentra\u00e7\u00e3o urbana \u00e9 a maior do Brasil, gra\u00e7as ao trabalho do c\u00f4nego No\u00e9. Obrigado C\u00f4nego No\u00e9, pela propaga\u00e7\u00e3o da luz de Categer\u00f3 sobre n\u00f3s.<\/p>\n<p>Postagens sobre ele neste portal<\/p>\n<p>&#8211; 1990\/SP \u2013 Homenagem aos 40 anos de sacerd\u00f3cio do Pe. No\u00e9 Rodrigues <a href=\"http:\/\/www.categero.org.br\/o-que-seja-de-mais-atual-sobre-categero\/1990sp-%E2%80%93-homenagem-aos-40-anos-de-sacerdocio-do-pe-noe-rodrigues\/\">Postagem<\/a><\/p>\n<p>&#8211; Ms Salvatore Guastella destaca o C\u00f4n No\u00e9 <a href=\"http:\/\/www.categero.org.br\/o-que-seja-de-mais-atual-sobre-categero\/monsenhor-salvatore-guastella-destaca-os-60-anos-de-vida-religiosa-do-conego-noe-da-n%C2%AAs%C2%AA-do-o\/\">Postagem<\/a><\/p>\n","protected":false},"excerpt":{"rendered":"<p>Que o Beato Ant\u00f4nio de Categer\u00f3 nos alimente com sua f\u00e9 Obrigado C\u00f4nego No\u00e9, pela propaga\u00e7\u00e3o da luz de Categer\u00f3 sobre n\u00f3s Nome do VIP: C\u00f4nego No\u00e9 Rodrigues Local de nascimento:Botocatu, SP; Data de nascimento: 17 de junho de 1917; Cidade de resid\u00eancia: S\u00e3o Paulo, SP\/Brasil. Atividade profissional ou religiosa: Aos 14 anos ingressa na [&hellip;]<\/p>\n","protected":false},"author":1,"featured_media":8455,"parent":3766,"menu_order":2,"comment_status":"open","ping_status":"open","template":"","meta":{"ngg_post_thumbnail":0,"footnotes":""},"class_list":["post-4273","page","type-page","status-publish","has-post-thumbnail","hentry"],"_links":{"self":[{"href":"https:\/\/categero.org.br\/antigo\/index.php?rest_route=\/wp\/v2\/pages\/4273","targetHints":{"allow":["GET"]}}],"collection":[{"href":"https:\/\/categero.org.br\/antigo\/index.php?rest_route=\/wp\/v2\/pages"}],"about":[{"href":"https:\/\/categero.org.br\/antigo\/index.php?rest_route=\/wp\/v2\/types\/page"}],"author":[{"embeddable":true,"href":"https:\/\/categero.org.br\/antigo\/index.php?rest_route=\/wp\/v2\/users\/1"}],"replies":[{"embeddable":true,"href":"https:\/\/categero.org.br\/antigo\/index.php?rest_route=%2Fwp%2Fv2%2Fcomments&post=4273"}],"version-history":[{"count":6,"href":"https:\/\/categero.org.br\/antigo\/index.php?rest_route=\/wp\/v2\/pages\/4273\/revisions"}],"predecessor-version":[{"id":8456,"href":"https:\/\/categero.org.br\/antigo\/index.php?rest_route=\/wp\/v2\/pages\/4273\/revisions\/8456"}],"up":[{"embeddable":true,"href":"https:\/\/categero.org.br\/antigo\/index.php?rest_route=\/wp\/v2\/pages\/3766"}],"wp:featuredmedia":[{"embeddable":true,"href":"https:\/\/categero.org.br\/antigo\/index.php?rest_route=\/wp\/v2\/media\/8455"}],"wp:attachment":[{"href":"https:\/\/categero.org.br\/antigo\/index.php?rest_route=%2Fwp%2Fv2%2Fmedia&parent=4273"}],"curies":[{"name":"wp","href":"https:\/\/api.w.org\/{rel}","templated":true}]}}