{"id":398,"date":"2010-10-02T20:20:28","date_gmt":"2010-10-02T20:20:28","guid":{"rendered":"http:\/\/www.categero.org.br\/?page_id=398"},"modified":"2016-07-05T19:34:46","modified_gmt":"2016-07-05T22:34:46","slug":"hino-a-santo-antonio-de-categero-ba","status":"publish","type":"page","link":"https:\/\/categero.org.br\/antigo\/?page_id=398","title":{"rendered":"Hino a Santo Ant\u00f4nio de Categer\u00f3 \u2013 BA"},"content":{"rendered":"<p><a href=\"http:\/\/categero.org.br\/wp-content\/uploads\/2010\/10\/Baner-Img-Bahia-.jpg\"><img loading=\"lazy\" decoding=\"async\" class=\"aligncenter size-medium wp-image-8418\" src=\"http:\/\/categero.org.br\/wp-content\/uploads\/2010\/10\/Baner-Img-Bahia--300x149.jpg\" alt=\"Baner-Img-Bahia-\" width=\"300\" height=\"149\" srcset=\"https:\/\/categero.org.br\/antigo\/wp-content\/uploads\/2010\/10\/Baner-Img-Bahia--300x149.jpg 300w, https:\/\/categero.org.br\/antigo\/wp-content\/uploads\/2010\/10\/Baner-Img-Bahia-.jpg 397w\" sizes=\"auto, (max-width: 300px) 100vw, 300px\" \/><\/a><\/p>\n<h5 style=\"text-align: center;\"><a href=\"https:\/\/www.facebook.com\/igrejadorosariodospretos\/?fref=nf\"><br \/>\nIgreja de Nossa Senhora do Ros\u00e1rio dos Homens Pretos<\/a><\/h5>\n<p style=\"text-align: center;\">Facebook da Igreja em <a href=\"https:\/\/www.facebook.com\/igrejadorosariodospretos\/posts\/363116967149358\">6 de agosto de 2013<\/a>\u00a0\u00b7<\/p>\n<p style=\"padding-left: 150px;\">Escravo tu foste na terra<br \/>\nAnt\u00f4nio de Categer\u00f3<br \/>\nMas tua f\u00e9 te fizera<br \/>\nao Cristo amar e ter d\u00f3<\/p>\n<p style=\"padding-left: 150px;\">Por isso elevado tu foste<br \/>\na gl\u00f3ria suprema do altar<br \/>\nOrando venceste a hoste<br \/>\ninimiga de Deus a passar<\/p>\n<p style=\"padding-left: 150px;\">Ant\u00f4nio de alma sincera,<br \/>\nespelho do mais puro amor<br \/>\nCantar como tu eu quisera<br \/>\nmeu hino de gl\u00f3ria ao Senhor<\/p>\n<p style=\"padding-left: 150px;\">Refr\u00e3o:<br \/>\nEnsina-me a palmilhar<br \/>\na estrada sombria de dores<br \/>\nAonde aprendeste a amar<br \/>\na Jesus, o amor dos amores<br \/>\nAnt\u00f4nio, o mundo venceste<br \/>\ncom tua humildade e tua cor<br \/>\nO Cristo em tua alma acolheste<br \/>\ncom tanto carinho e amor.<\/p>\n<p style=\"padding-left: 150px;\"><strong>(Nota do Portal)<\/strong> Nos chegou como<br \/>\nSe fosse da Igreja S\u00e3o Pedro<br \/>\nDe Salvador<\/p>\n","protected":false},"excerpt":{"rendered":"<p>Igreja de Nossa Senhora do Ros\u00e1rio dos Homens Pretos Facebook da Igreja em 6 de agosto de 2013\u00a0\u00b7 Escravo tu foste na terra Ant\u00f4nio de Categer\u00f3 Mas tua f\u00e9 te fizera ao Cristo amar e ter d\u00f3 Por isso elevado tu foste a gl\u00f3ria suprema do altar Orando venceste a hoste inimiga de Deus a [&hellip;]<\/p>\n","protected":false},"author":1,"featured_media":8418,"parent":3761,"menu_order":0,"comment_status":"closed","ping_status":"closed","template":"","meta":{"ngg_post_thumbnail":0,"footnotes":""},"class_list":["post-398","page","type-page","status-publish","has-post-thumbnail","hentry"],"_links":{"self":[{"href":"https:\/\/categero.org.br\/antigo\/index.php?rest_route=\/wp\/v2\/pages\/398","targetHints":{"allow":["GET"]}}],"collection":[{"href":"https:\/\/categero.org.br\/antigo\/index.php?rest_route=\/wp\/v2\/pages"}],"about":[{"href":"https:\/\/categero.org.br\/antigo\/index.php?rest_route=\/wp\/v2\/types\/page"}],"author":[{"embeddable":true,"href":"https:\/\/categero.org.br\/antigo\/index.php?rest_route=\/wp\/v2\/users\/1"}],"replies":[{"embeddable":true,"href":"https:\/\/categero.org.br\/antigo\/index.php?rest_route=%2Fwp%2Fv2%2Fcomments&post=398"}],"version-history":[{"count":7,"href":"https:\/\/categero.org.br\/antigo\/index.php?rest_route=\/wp\/v2\/pages\/398\/revisions"}],"predecessor-version":[{"id":10752,"href":"https:\/\/categero.org.br\/antigo\/index.php?rest_route=\/wp\/v2\/pages\/398\/revisions\/10752"}],"up":[{"embeddable":true,"href":"https:\/\/categero.org.br\/antigo\/index.php?rest_route=\/wp\/v2\/pages\/3761"}],"wp:featuredmedia":[{"embeddable":true,"href":"https:\/\/categero.org.br\/antigo\/index.php?rest_route=\/wp\/v2\/media\/8418"}],"wp:attachment":[{"href":"https:\/\/categero.org.br\/antigo\/index.php?rest_route=%2Fwp%2Fv2%2Fmedia&parent=398"}],"curies":[{"name":"wp","href":"https:\/\/api.w.org\/{rel}","templated":true}]}}