{"id":3719,"date":"2012-01-29T19:30:57","date_gmt":"2012-01-29T22:30:57","guid":{"rendered":"http:\/\/www.categero.org.br\/?page_id=3719"},"modified":"2018-06-21T23:44:39","modified_gmt":"2018-06-22T02:44:39","slug":"oracoes","status":"publish","type":"page","link":"https:\/\/categero.org.br\/antigo\/?page_id=3719","title":{"rendered":"Ora\u00e7\u00f5es"},"content":{"rendered":"<p>&nbsp;<\/p>\n<p>&nbsp;<\/p>\n<p style=\"text-align: center;\"><span style=\"color: #ff0000;\"><strong><img loading=\"lazy\" decoding=\"async\" width=\"211\" height=\"278\" class=\"aligncenter wp-image-11870\" alt=\"\" src=\"http:\/\/categero.org.br\/wp-content\/uploads\/2017\/02\/3.-Categer\u00f3-Meio-corpo-Color.jpg\"\/>ORA\u00c7\u00d5ES EXISTENES PARA O BEATO ANT\u00d4NIO DE CATEGER\u00d3<br \/>\nDezenove ora\u00e7\u00f5es, quatro novenas, um depoimento e coment\u00e1rios, mais de 24 documentos<\/strong><\/span><\/p>\n<p><strong>1\u00aa&nbsp;<a href=\"http:\/\/categero.org.br\/?page_id=1900\">Ora\u00e7\u00e3o padr\u00e3o de Categer\u00f3<\/a><\/strong> &#8211; &nbsp; A mais difundida e mais antiga ora\u00e7\u00e3o<\/p>\n<p>2\u00aa&nbsp;<a href=\"http:\/\/categero.org.br\/?page_id=1886\">Segunda &nbsp;ora\u00e7\u00e3o de Categer\u00f3<\/a> &#8211; &nbsp; &nbsp;Ora\u00e7\u00e3o muito difundida na Internet<\/p>\n<p>3\u00aa&nbsp;<a href=\"http:\/\/categero.org.br\/?page_id=7049\">Terceira &nbsp;ora\u00e7\u00e3o de Categer\u00f3<\/a>&nbsp;&#8211; &nbsp; &nbsp;Ora\u00e7\u00e3o tamb\u00e9m difundida na Internet<\/p>\n<p>4\u00aa&nbsp;<a href=\"http:\/\/categero.org.br\/?page_id=2253\">Ora\u00e7\u00e3o do Bispo de Noto<\/a> &#8211; Giuseppe&nbsp;Malandrino, mar\u00e7o de 2006<\/p>\n<p>5\u00aa&nbsp;<a href=\"http:\/\/categero.org.br\/?page_id=2245\">Ora\u00e7\u00e3o do Bispo Auxiliar &nbsp;de S\u00e3o Paulo<\/a> &#8211; Paulo Relim Loureiro, em maio 1961<\/p>\n<p>6\u00aa&nbsp;<a href=\"http:\/\/categero.org.br\/?page_id=1916\">Pensieri del Beato Antonio<\/a>, por Ms. Salvatore &nbsp;Guastella &#8211; ora\u00e7\u00e3o pessoal do restaurador de Categer\u00f3 para o mundo<\/p>\n<p>7\u00aa &#8220;Ora\u00e7\u00e3o coletada no Orkut&#8221; &#8211;&nbsp;<a href=\"http:\/\/www.categero.org.br\/1-manifestacoes-da-fe\/oracoes\/oracao-encontrada-no-orkut\/\">Leia, reze ou ore<\/a><\/p>\n<p><strong>8\u00aa&nbsp;<a href=\"http:\/\/categero.org.br\/?page_id=11223\">A menor ora\u00e7\u00e3o<\/a> &#8211; &nbsp;estribilho<\/strong> de um Credo \u00e0 Categer\u00f3<\/p>\n<p><strong>Depoimento<\/strong> &#8211;&nbsp;<a href=\"http:\/\/categero.org.br\/?page_id=3733\">Meu retorno \u00e0 ora\u00e7\u00e3o<\/a> &#8211; uma reflex\u00e3o pessoal do Adm do Portal<\/p>\n<p>9\u00aa&nbsp;<a href=\"http:\/\/categero.org.br\/?page_id=1910\">Ora\u00e7\u00e3o do Portal<\/a>&nbsp;&#8211; uma &nbsp;trilogia devocional<\/p>\n<p>10\u00aa&nbsp;<a href=\"http:\/\/categero.org.br\/?page_id=5018\">Ato de Contri\u00e7\u00e3o a Categer\u00f3<\/a> &#8211; &nbsp;1\u00aa ora\u00e7\u00e3o da trilogia<\/p>\n<p>11\u00aa &nbsp;<a href=\"http:\/\/categero.org.br\/?page_id=5020\">Eis me aqui Senhor, por Categer\u00f3&#8230;<\/a>&nbsp;&#8211; &nbsp;2\u00aa ora\u00e7\u00e3o da trilogia<\/p>\n<p>12\u00aa&nbsp;<a href=\"http:\/\/categero.org.br\/?page_id=5022\">Categer\u00f3! interceda por mim a Cristo<\/a>&nbsp;&#8211; &nbsp;3\u00aa ora\u00e7\u00e3o da trilogia<\/p>\n<p>13\u00aa&nbsp;<a href=\"http:\/\/categero.org.br\/?page_id=7097\">Ora\u00e7\u00e3o<\/a> da Novena do Pe. Ant\u00f4nio L\u00facio<\/p>\n<p>14\u00aa&nbsp;<a href=\"http:\/\/categero.org.br\/?page_id=7102\">Ora\u00e7\u00e3o<\/a> da Novena do Livra antigo de ora\u00e7\u00f5es<\/p>\n<p>15\u00aa Ora\u00e7\u00e3o &#8211;&nbsp;Santo Ant\u00f4nio de<a href=\"http:\/\/categero.org.br\/?page_id=4407\">&nbsp;Categer\u00f3<\/a> &#8211; De Ant\u00f4nio Marcos no seu blog no <a href=\"http:\/\/www.orkut.com.br\/Main#Profile?uid=10565109575687347153\">Oukut<\/a><\/p>\n<p>16\u00aa Ora\u00e7\u00e3o &#8211; &nbsp;<a href=\"http:\/\/categero.org.br\/1-manifestacoes-da-fe\/oracoes\/16a-or-pela-santificacao-do-beato\/\">Pela Santifica\u00e7\u00e3o do Beato<\/a> (Portal)<\/p>\n<p>17\u00aa Ora\u00e7\u00e3o &nbsp;&#8211; <a href=\"http:\/\/categero.org.br\/1-manifestacoes-da-fe\/oracoes\/oracao-pela-santificacao-do-beato-traduzida-para-o-italiano\/\">Traduzida ao italiano a ora\u00e7\u00e3o pela Santifica\u00e7\u00e3o<\/a><\/p>\n<p>18\u00ba Ora\u00e7\u00e3o &#8211; <a href=\"http:\/\/categero.org.br\/1-manifestacoes-da-fe\/oracoes\/18a-oracao-do-site-espaco-mistico-a-santo-antonio-de-catigiro\/\" target=\"_blank\" rel=\"noopener noreferrer\">Do Site Espa\u00e7o M\u00edstico (Santo Ant\u00f4nio de Catigir\u00f3)<\/a><\/p>\n<p>19\u00aa Ora\u00e7\u00e3o &#8211; <a href=\"http:\/\/categero.org.br\/1-manifestacoes-da-fe\/oracoes\/maristella-padao-guimaraes-do-oracaopura-blogspot\/\">Do Ora\u00e7\u00e3o Pura do Blogspot por Mari<\/a><\/p>\n<p>20\u00aa Ora\u00e7\u00e3o &#8211;<a href=\"http:\/\/categero.org.br\/1-manifestacoes-da-fe\/oracoes\/20a-oracao\/\"> A primeira ora\u00e7\u00e3o do Bispo Rolim<\/a><\/p>\n<p>21\u00aa Ora\u00e7\u00e3o &#8211; <a href=\"http:\/\/categero.org.br\/1-manifestacoes-da-fe\/oracoes\/21a-orac-versejando-em-oracao-as-oracoes-da-tetralogia\/\">Versejando em ora\u00e7\u00e3o \u00e0 tetrologia<\/a><\/p>\n<p>25\u00aa &#8211; Ora\u00e7\u00e3o &#8211;&nbsp; <a href=\"http:\/\/categero.org.br\/?page_id=7081\">Diversas novenas de Categer\u00f3<\/a>&nbsp;<\/p>\n","protected":false},"excerpt":{"rendered":"<p>&nbsp; &nbsp; ORA\u00c7\u00d5ES EXISTENES PARA O BEATO ANT\u00d4NIO DE CATEGER\u00d3 Dezenove ora\u00e7\u00f5es, quatro novenas, um depoimento e coment\u00e1rios, mais de 24 documentos 1\u00aa&nbsp;Ora\u00e7\u00e3o padr\u00e3o de Categer\u00f3 &#8211; &nbsp; A mais difundida e mais antiga ora\u00e7\u00e3o 2\u00aa&nbsp;Segunda &nbsp;ora\u00e7\u00e3o de Categer\u00f3 &#8211; &nbsp; &nbsp;Ora\u00e7\u00e3o muito difundida na Internet 3\u00aa&nbsp;Terceira &nbsp;ora\u00e7\u00e3o de Categer\u00f3&nbsp;&#8211; &nbsp; &nbsp;Ora\u00e7\u00e3o tamb\u00e9m difundida na [&hellip;]<\/p>\n","protected":false},"author":1,"featured_media":8242,"parent":3714,"menu_order":1,"comment_status":"open","ping_status":"open","template":"","meta":{"ngg_post_thumbnail":0,"footnotes":""},"class_list":["post-3719","page","type-page","status-publish","has-post-thumbnail","hentry"],"_links":{"self":[{"href":"https:\/\/categero.org.br\/antigo\/index.php?rest_route=\/wp\/v2\/pages\/3719","targetHints":{"allow":["GET"]}}],"collection":[{"href":"https:\/\/categero.org.br\/antigo\/index.php?rest_route=\/wp\/v2\/pages"}],"about":[{"href":"https:\/\/categero.org.br\/antigo\/index.php?rest_route=\/wp\/v2\/types\/page"}],"author":[{"embeddable":true,"href":"https:\/\/categero.org.br\/antigo\/index.php?rest_route=\/wp\/v2\/users\/1"}],"replies":[{"embeddable":true,"href":"https:\/\/categero.org.br\/antigo\/index.php?rest_route=%2Fwp%2Fv2%2Fcomments&post=3719"}],"version-history":[{"count":37,"href":"https:\/\/categero.org.br\/antigo\/index.php?rest_route=\/wp\/v2\/pages\/3719\/revisions"}],"predecessor-version":[{"id":13108,"href":"https:\/\/categero.org.br\/antigo\/index.php?rest_route=\/wp\/v2\/pages\/3719\/revisions\/13108"}],"up":[{"embeddable":true,"href":"https:\/\/categero.org.br\/antigo\/index.php?rest_route=\/wp\/v2\/pages\/3714"}],"wp:featuredmedia":[{"embeddable":true,"href":"https:\/\/categero.org.br\/antigo\/index.php?rest_route=\/wp\/v2\/media\/8242"}],"wp:attachment":[{"href":"https:\/\/categero.org.br\/antigo\/index.php?rest_route=%2Fwp%2Fv2%2Fmedia&parent=3719"}],"curies":[{"name":"wp","href":"https:\/\/api.w.org\/{rel}","templated":true}]}}