{"id":3714,"date":"2012-01-29T19:10:48","date_gmt":"2012-01-29T22:10:48","guid":{"rendered":"http:\/\/www.categero.org.br\/?page_id=3714"},"modified":"2017-04-16T19:00:36","modified_gmt":"2017-04-16T22:00:36","slug":"1-manifestacoes-da-fe","status":"publish","type":"page","link":"https:\/\/categero.org.br\/antigo\/?page_id=3714","title":{"rendered":"1. Instrumentos da F\u00e9"},"content":{"rendered":"<p style=\"padding-left: 120px;\">1. <a href=\"http:\/\/categero.org.br\/?page_id=3719\">Ora\u00e7\u00f5es<\/a> &#8211; Dezesseis ora\u00e7\u00f5es, quatro novenas e um depoimento<\/p>\n<p style=\"padding-left: 120px;\">2. <a href=\"http:\/\/categero.org.br\/1-manifestacoes-da-fe\/a-vida-de-categero-textos\/\">A vida de Categer\u00f3<\/a> (Abrir)<\/p>\n<p style=\"padding-left: 120px;\">3. Hinos Religiosos ao Beato (Abrir)<\/p>\n<p style=\"padding-left: 120px;\">4. Gra\u00e7as da beatifica\u00e7\u00e3o (Abrir)<\/p>\n<p style=\"padding-left: 120px;\">5. Processo de canoniza\u00e7\u00e3o<\/p>\n<p style=\"padding-left: 120px;\">6. Apoiadores de Categer\u00f3 (Abrir)<\/p>\n<p style=\"padding-left: 120px;\">7. VIPs a Categer\u00f3 (Abrir)<\/p>\n<p style=\"padding-left: 120px;\">8. Invent\u00e1rio &nbsp;devocional<\/p>\n<p style=\"padding-left: 120px;\">9. Imagens<\/p>\n<p style=\"padding-left: 120px;\">10. Santinhos<\/p>\n<p style=\"text-align: left; padding-left: 120px;\">11. Estudos Religiosos<\/p>\n<p style=\"text-align: center;\">&nbsp;<\/p>\n<p style=\"text-align: center;\">P\u00e1gina em constru\u00e7\u00e3o, para ser adequada, em outro sistema.<\/p>\n","protected":false},"excerpt":{"rendered":"<p>1. Ora\u00e7\u00f5es &#8211; Dezesseis ora\u00e7\u00f5es, quatro novenas e um depoimento 2. A vida de Categer\u00f3 (Abrir) 3. Hinos Religiosos ao Beato (Abrir) 4. Gra\u00e7as da beatifica\u00e7\u00e3o (Abrir) 5. Processo de canoniza\u00e7\u00e3o 6. Apoiadores de Categer\u00f3 (Abrir) 7. VIPs a Categer\u00f3 (Abrir) 8. Invent\u00e1rio &nbsp;devocional 9. Imagens 10. Santinhos 11. Estudos Religiosos &nbsp; P\u00e1gina em constru\u00e7\u00e3o, [&hellip;]<\/p>\n","protected":false},"author":1,"featured_media":0,"parent":0,"menu_order":1,"comment_status":"open","ping_status":"open","template":"","meta":{"ngg_post_thumbnail":0,"footnotes":""},"class_list":["post-3714","page","type-page","status-publish","hentry"],"_links":{"self":[{"href":"https:\/\/categero.org.br\/antigo\/index.php?rest_route=\/wp\/v2\/pages\/3714","targetHints":{"allow":["GET"]}}],"collection":[{"href":"https:\/\/categero.org.br\/antigo\/index.php?rest_route=\/wp\/v2\/pages"}],"about":[{"href":"https:\/\/categero.org.br\/antigo\/index.php?rest_route=\/wp\/v2\/types\/page"}],"author":[{"embeddable":true,"href":"https:\/\/categero.org.br\/antigo\/index.php?rest_route=\/wp\/v2\/users\/1"}],"replies":[{"embeddable":true,"href":"https:\/\/categero.org.br\/antigo\/index.php?rest_route=%2Fwp%2Fv2%2Fcomments&post=3714"}],"version-history":[{"count":13,"href":"https:\/\/categero.org.br\/antigo\/index.php?rest_route=\/wp\/v2\/pages\/3714\/revisions"}],"predecessor-version":[{"id":12214,"href":"https:\/\/categero.org.br\/antigo\/index.php?rest_route=\/wp\/v2\/pages\/3714\/revisions\/12214"}],"wp:attachment":[{"href":"https:\/\/categero.org.br\/antigo\/index.php?rest_route=%2Fwp%2Fv2%2Fmedia&parent=3714"}],"curies":[{"name":"wp","href":"https:\/\/api.w.org\/{rel}","templated":true}]}}