{"id":33,"date":"2010-09-28T23:09:57","date_gmt":"2010-09-28T23:09:57","guid":{"rendered":"http:\/\/www.categero.org.br\/?page_id=33"},"modified":"2017-03-07T09:04:10","modified_gmt":"2017-03-07T12:04:10","slug":"europa-italia-e-portugual","status":"publish","type":"page","link":"https:\/\/categero.org.br\/antigo\/?page_id=33","title":{"rendered":"7.  Europa (Portugal e It\u00e1lia)"},"content":{"rendered":"<p>&nbsp;<\/p>\n<p><a href=\"http:\/\/www.categero.org.br\/wp-content\/uploads\/2010\/09\/Portugal.jpg\"><img loading=\"lazy\" decoding=\"async\" class=\"aligncenter size-full wp-image-4516\" title=\"Portugal\" src=\"http:\/\/www.categero.org.br\/wp-content\/uploads\/2010\/09\/Portugal.jpg\" alt=\"\" width=\"63\" height=\"55\" \/><\/a><\/p>\n<p style=\"text-align: center;\"><strong>Portugal<\/strong><\/p>\n<p>Igreja de NS das Gra\u00e7as de Lisboa &#8211; <a href=\"http:\/\/categero.org.br\/?p=6196\" target=\"_blank\">Altar hist\u00f3rico<\/a><\/p>\n<p>Viana do Castelo\/Portugal \u2013<a href=\"http:\/\/www.categero.org.br\/?page_id=234\" target=\"_blank\"> Igreja de Santo Ant\u00f3nio<\/a><\/p>\n<p>Museu Municipal de Portalegre \u2013 <a href=\"http:\/\/categero.org.br\/?p=6221\" target=\"_blank\">Imagem de Categer\u00f3<\/a><\/p>\n<p>Baia de C\u00e2mara de Lobos <a href=\"\/?page_id=1757\" target=\"_blank\">Prociss\u00e3o de Cinzas<\/a><\/p>\n<p>Prociss\u00e3o em Lisboa no s\u00e9culo XVIII &#8211; <a href=\"http:\/\/categero.org.br\/?page_id=4498\" target=\"_blank\">Not\u00edcia de Categer\u00f3<\/a><\/p>\n<p>&nbsp;<\/p>\n<p><a href=\"http:\/\/www.categero.org.br\/wp-content\/uploads\/2010\/09\/Italia.jpg\"><img loading=\"lazy\" decoding=\"async\" class=\"aligncenter size-full wp-image-4515\" title=\"Italia\" src=\"http:\/\/www.categero.org.br\/wp-content\/uploads\/2010\/09\/Italia.jpg\" alt=\"\" width=\"63\" height=\"52\" \/><\/a><\/p>\n<p><strong>It\u00e1lia<\/strong><\/p>\n<p>Noto\/It\u00e1lia &#8211; <a href=\"http:\/\/www.categero.org.br\/?page_id=219\" target=\"_blank\">Igreja Santa Maria de Jesus<\/a><\/p>\n<p>\u00c1vola\/It\u00e1lia &#8211; <a href=\"http:\/\/www.categero.org.br\/?page_id=212\" target=\"_blank\">Igreja de Santa Venera V.M.<\/a><\/p>\n<p>&nbsp;<\/p>\n","protected":false},"excerpt":{"rendered":"<p>&nbsp; Portugal Igreja de NS das Gra\u00e7as de Lisboa &#8211; Altar hist\u00f3rico Viana do Castelo\/Portugal \u2013 Igreja de Santo Ant\u00f3nio Museu Municipal de Portalegre \u2013 Imagem de Categer\u00f3 Baia de C\u00e2mara de Lobos Prociss\u00e3o de Cinzas Prociss\u00e3o em Lisboa no s\u00e9culo XVIII &#8211; Not\u00edcia de Categer\u00f3 &nbsp; It\u00e1lia Noto\/It\u00e1lia &#8211; Igreja Santa Maria de Jesus [&hellip;]<\/p>\n","protected":false},"author":1,"featured_media":8605,"parent":6,"menu_order":0,"comment_status":"closed","ping_status":"closed","template":"","meta":{"ngg_post_thumbnail":0,"footnotes":""},"class_list":["post-33","page","type-page","status-publish","has-post-thumbnail","hentry"],"_links":{"self":[{"href":"https:\/\/categero.org.br\/antigo\/index.php?rest_route=\/wp\/v2\/pages\/33","targetHints":{"allow":["GET"]}}],"collection":[{"href":"https:\/\/categero.org.br\/antigo\/index.php?rest_route=\/wp\/v2\/pages"}],"about":[{"href":"https:\/\/categero.org.br\/antigo\/index.php?rest_route=\/wp\/v2\/types\/page"}],"author":[{"embeddable":true,"href":"https:\/\/categero.org.br\/antigo\/index.php?rest_route=\/wp\/v2\/users\/1"}],"replies":[{"embeddable":true,"href":"https:\/\/categero.org.br\/antigo\/index.php?rest_route=%2Fwp%2Fv2%2Fcomments&post=33"}],"version-history":[{"count":15,"href":"https:\/\/categero.org.br\/antigo\/index.php?rest_route=\/wp\/v2\/pages\/33\/revisions"}],"predecessor-version":[{"id":12106,"href":"https:\/\/categero.org.br\/antigo\/index.php?rest_route=\/wp\/v2\/pages\/33\/revisions\/12106"}],"up":[{"embeddable":true,"href":"https:\/\/categero.org.br\/antigo\/index.php?rest_route=\/wp\/v2\/pages\/6"}],"wp:featuredmedia":[{"embeddable":true,"href":"https:\/\/categero.org.br\/antigo\/index.php?rest_route=\/wp\/v2\/media\/8605"}],"wp:attachment":[{"href":"https:\/\/categero.org.br\/antigo\/index.php?rest_route=%2Fwp%2Fv2%2Fmedia&parent=33"}],"curies":[{"name":"wp","href":"https:\/\/api.w.org\/{rel}","templated":true}]}}