{"id":275,"date":"2010-10-02T14:02:47","date_gmt":"2010-10-02T14:02:47","guid":{"rendered":"http:\/\/www.categero.org.br\/?page_id=275"},"modified":"2016-07-05T14:53:48","modified_gmt":"2016-07-05T17:53:48","slug":"festa-de-santo-antonio-de-categero-salvadorba","status":"publish","type":"page","link":"https:\/\/categero.org.br\/antigo\/?page_id=275","title":{"rendered":"Festa de Santo Ant\u00f4nio de Categer\u00f3  &#8211; Salvador\/BA"},"content":{"rendered":"<p style=\"text-align: center;\"><img loading=\"lazy\" decoding=\"async\" class=\"aligncenter  wp-image-10735\" src=\"http:\/\/categero.org.br\/wp-content\/uploads\/2010\/10\/Banner-Salvador-CCBY10.jpg\" alt=\"Banner Salvador-CCBY10\" width=\"337\" height=\"253\" srcset=\"https:\/\/categero.org.br\/antigo\/wp-content\/uploads\/2010\/10\/Banner-Salvador-CCBY10.jpg 1600w, https:\/\/categero.org.br\/antigo\/wp-content\/uploads\/2010\/10\/Banner-Salvador-CCBY10-300x225.jpg 300w, https:\/\/categero.org.br\/antigo\/wp-content\/uploads\/2010\/10\/Banner-Salvador-CCBY10-768x576.jpg 768w, https:\/\/categero.org.br\/antigo\/wp-content\/uploads\/2010\/10\/Banner-Salvador-CCBY10-1024x768.jpg 1024w, https:\/\/categero.org.br\/antigo\/wp-content\/uploads\/2010\/10\/Banner-Salvador-CCBY10-495x371.jpg 495w, https:\/\/categero.org.br\/antigo\/wp-content\/uploads\/2010\/10\/Banner-Salvador-CCBY10-80x60.jpg 80w, https:\/\/categero.org.br\/antigo\/wp-content\/uploads\/2010\/10\/Banner-Salvador-CCBY10-161x120.jpg 161w\" sizes=\"auto, (max-width: 337px) 100vw, 337px\" \/><\/p>\n<p style=\"text-align: justify;\">Excerto retirado da p\u00e1g. 3 do &#8220;Cat\u00e1logo das Refer\u00eancias Culturais do Centro Hist\u00f3rico de Salvador&#8221; cujo trabalho completo pode ser encontrado no endere\u00e7o original:<\/p>\n<p style=\"text-align: justify;\"><a href=\"http:\/\/homologa.portalcultura.ba.gov.br\/wp-content\/uploads\/2010\/07\/Catalogo%20das%20Referencias%20Culturais%20do%20Centro%20Historico%20de%20Salvador.pdf\">http:\/\/homologa.portalcultura.ba.gov.br\/wp-content\/uploads\/2010\/07\/Catalogo%20das%20Referencias%20Culturais%20do%20Centro%20Historico%20de%20Salvador.pdf<\/a><\/p>\n<p style=\"text-align: justify;\">ou em nosso Portal na p\u00e1gina de Manifest\u00e3\u00e7\u00f5es da F\u00e9\/Monografias, Disserta\u00e7\u00f5es e Teses<br \/>\n<em>Excerto<\/em><br \/>\nA comemora\u00e7\u00e3o que ocorre na Igreja de Nossa Senhora do Ros\u00e1rio dos Pretos, no segundo domingo de janeiro, data em que, tamb\u00e9m \u00e9 celebrado o batismo de Jesus. Entre a sexta-feira e o domingo, na Igreja de Nossa Senhora do Ros\u00e1rio dos Pretos, \u00e9 realizado um tr\u00edduo de prepara\u00e7\u00e3o para conhecer e contar a hist\u00f3ria do Santo. No domingo acontece a prociss\u00e3o que leva as imagens de Santo Antonio de Categer\u00f3, o Santo negro, \u00e0s ruas do Centro Hist\u00f3rico at\u00e9 a Pra\u00e7a da S\u00e9. Na ter\u00e7a-feira seguinte \u00e9 oferecida, pela Irmandade, uma feijoada na Igreja.<\/p>\n<p style=\"text-align: justify;\">A coincid\u00eancia da data de festejo de Santo Antonio de Categer\u00f3 com o batismo de Jesus \u00e9 explicada pelo padre da par\u00f3quia: \u201cComo Santo Antonio foi mul\u00e7umano que se converteu ao cristianismo, ele foi muito radical, queria seguir Jesus na \u2018radicalidade\u2019, ent\u00e3o ele pediu que fosse batizado no dia do batismo de Jesus, na mesma data\u201d.<\/p>\n<p style=\"text-align: justify;\">A forte devo\u00e7\u00e3o ao Santo pelos negros da Bahia, desde o per\u00edodo da coloniza\u00e7\u00e3o, explica-se pelo fato de Santo Antonio de Categer\u00f3 ter sido escravo na \u00c1frica. Sua prece expressa a devo\u00e7\u00e3o e as s\u00faplicas dos homens pretos da Bahia.<\/p>\n<p style=\"text-align: center;\"><img loading=\"lazy\" decoding=\"async\" class=\"aligncenter  wp-image-10735\" src=\"http:\/\/categero.org.br\/wp-content\/uploads\/2010\/10\/Banner-Salvador-CCBY10.jpg\" alt=\"Banner Salvador-CCBY10\" width=\"201\" height=\"151\" srcset=\"https:\/\/categero.org.br\/antigo\/wp-content\/uploads\/2010\/10\/Banner-Salvador-CCBY10.jpg 1600w, https:\/\/categero.org.br\/antigo\/wp-content\/uploads\/2010\/10\/Banner-Salvador-CCBY10-300x225.jpg 300w, https:\/\/categero.org.br\/antigo\/wp-content\/uploads\/2010\/10\/Banner-Salvador-CCBY10-768x576.jpg 768w, https:\/\/categero.org.br\/antigo\/wp-content\/uploads\/2010\/10\/Banner-Salvador-CCBY10-1024x768.jpg 1024w, https:\/\/categero.org.br\/antigo\/wp-content\/uploads\/2010\/10\/Banner-Salvador-CCBY10-495x371.jpg 495w, https:\/\/categero.org.br\/antigo\/wp-content\/uploads\/2010\/10\/Banner-Salvador-CCBY10-80x60.jpg 80w, https:\/\/categero.org.br\/antigo\/wp-content\/uploads\/2010\/10\/Banner-Salvador-CCBY10-161x120.jpg 161w\" sizes=\"auto, (max-width: 201px) 100vw, 201px\" \/><\/p>\n","protected":false},"excerpt":{"rendered":"<p>Excerto retirado da p\u00e1g. 3 do &#8220;Cat\u00e1logo das Refer\u00eancias Culturais do Centro Hist\u00f3rico de Salvador&#8221; cujo trabalho completo pode ser encontrado no endere\u00e7o original: http:\/\/homologa.portalcultura.ba.gov.br\/wp-content\/uploads\/2010\/07\/Catalogo%20das%20Referencias%20Culturais%20do%20Centro%20Historico%20de%20Salvador.pdf ou em nosso Portal na p\u00e1gina de Manifest\u00e3\u00e7\u00f5es da F\u00e9\/Monografias, Disserta\u00e7\u00f5es e Teses Excerto A comemora\u00e7\u00e3o que ocorre na Igreja de Nossa Senhora do Ros\u00e1rio dos Pretos, no segundo domingo [&hellip;]<\/p>\n","protected":false},"author":1,"featured_media":10735,"parent":3848,"menu_order":0,"comment_status":"closed","ping_status":"closed","template":"","meta":{"ngg_post_thumbnail":0,"footnotes":""},"class_list":["post-275","page","type-page","status-publish","has-post-thumbnail","hentry"],"_links":{"self":[{"href":"https:\/\/categero.org.br\/antigo\/index.php?rest_route=\/wp\/v2\/pages\/275","targetHints":{"allow":["GET"]}}],"collection":[{"href":"https:\/\/categero.org.br\/antigo\/index.php?rest_route=\/wp\/v2\/pages"}],"about":[{"href":"https:\/\/categero.org.br\/antigo\/index.php?rest_route=\/wp\/v2\/types\/page"}],"author":[{"embeddable":true,"href":"https:\/\/categero.org.br\/antigo\/index.php?rest_route=\/wp\/v2\/users\/1"}],"replies":[{"embeddable":true,"href":"https:\/\/categero.org.br\/antigo\/index.php?rest_route=%2Fwp%2Fv2%2Fcomments&post=275"}],"version-history":[{"count":4,"href":"https:\/\/categero.org.br\/antigo\/index.php?rest_route=\/wp\/v2\/pages\/275\/revisions"}],"predecessor-version":[{"id":10739,"href":"https:\/\/categero.org.br\/antigo\/index.php?rest_route=\/wp\/v2\/pages\/275\/revisions\/10739"}],"up":[{"embeddable":true,"href":"https:\/\/categero.org.br\/antigo\/index.php?rest_route=\/wp\/v2\/pages\/3848"}],"wp:featuredmedia":[{"embeddable":true,"href":"https:\/\/categero.org.br\/antigo\/index.php?rest_route=\/wp\/v2\/media\/10735"}],"wp:attachment":[{"href":"https:\/\/categero.org.br\/antigo\/index.php?rest_route=%2Fwp%2Fv2%2Fmedia&parent=275"}],"curies":[{"name":"wp","href":"https:\/\/api.w.org\/{rel}","templated":true}]}}