{"id":255,"date":"2010-10-02T13:29:19","date_gmt":"2010-10-02T13:29:19","guid":{"rendered":"http:\/\/www.categero.org.br\/?page_id=255"},"modified":"2013-12-13T09:31:34","modified_gmt":"2013-12-13T12:31:34","slug":"1999-santos-antonios-padua-e-categero-texto-de-almanaque","status":"publish","type":"page","link":"https:\/\/categero.org.br\/antigo\/?page_id=255","title":{"rendered":"1999 &#8211; Santos Ant\u00f4nios: P\u00e1dua e Categer\u00f3 &#8211; texto de almanaque"},"content":{"rendered":"<p>Publica\u00e7\u00e3o no Jangada Almanaque Brasil &#8211; Suplemento de variedades &#8211; junho 99 &#8211; n\u00famero 10<br \/>\nFonte na Internet:<br \/>\n<a href=\"http:\/\/www.jangadabrasil.com.br\/junho\/al100600.htm\">http:\/\/www.jangadabrasil.com.br\/junho\/al100600.htm<\/a><br \/>\nAutor: (ARA\u00daJO, Alceu Maynard. Folclore nacional)<br \/>\nNo Texto h\u00e1 uma cita\u00e7\u00e3o solta de uma frase sobre Categer\u00f3, que est\u00e1 por n\u00f3s destacada.<\/p>\n<p><strong>O Santo Ant\u00f4nio Casementeiro \u2013 Festa de Santo Ant\u00f4nio<\/strong><\/p>\n<p>Pelo Brasil afora as festas populares de Santo Ant\u00f4nio praticamente n\u00e3o existem mais. No meio rural, casamenteiro \u00e9 S\u00e3o Gon\u00e7alo de Amarante e, na cidade, onde Santo Ant\u00f4nio arrumava casamentos, est\u00e1 este santo entrando em franco desprest\u00edgio, em parte gra\u00e7as \u00e0 independ\u00eancia que dia a dia a mulher brasileira vem ganhando na sociedade atual.<\/p>\n<p>Santo Ant\u00f4nio, que chegou a receber soldo de coronel do Ex\u00e9rcito Nacional at\u00e9 nos dias da Rep\u00fablica, est\u00e1 sendo olvidado. Em certas zonas paulistas, na serrana, na mantiqueira, Santo Ant\u00f4nio recebe um vint\u00e9m para achar os animais perdidos nas capoeiras; para porco alongado voltar ao chiqueiro, uma pequena moeda de cobre \u00e9 colocada sob a imagem.<\/p>\n<p>Em v\u00e1rios lugares do Brasil ainda mo\u00e7as solteiras, desejosas de se casar, colocam-no de cabe\u00e7a para baixo atr\u00e1s da porta ou dentro do po\u00e7o ou enterram-no at\u00e9 o pesco\u00e7o. Fazem-lhe o pedido e enquanto n\u00e3o s\u00e3o atendidas, l\u00e1 fica a imagem de cabe\u00e7a para baixo. Embora seja como os demais santos juninos, mui queridos, donos mesmo de deliciosos acalantos, \u00e9 no Santo Ant\u00f4nio que aplicam san\u00e7\u00f5es.<\/p>\n<p>Nas cidades e mesmo nas capitais, h\u00e1 no dia 13 a busca do &#8220;p\u00e3ozinho de Santo Ant\u00f4nio&#8221;. Os fi\u00e9is v\u00e3o \u00e0s igrejas buscar o p\u00e3o dado gratuitamente pelos frades. \u00c9 claro que em troca o crente oferece um \u00f3bolo. O p\u00e3o \u00e9 bento e acreditam que se deve coloc\u00e1-lo junto aos demais mantimentos para que estes n\u00e3o faltem jamais nas casas dos que assim procederem.<\/p>\n<p>Comum entre a classe burguesa das grandes cidades paulistas \u00e9 dar aos pobres no dia 13 de junho um determinado n\u00famero de quilos de p\u00e3o correspondente ao peso da pessoa que fez a promessa a Santo Ant\u00f4nio.<\/p>\n<p><strong>Santo Ant\u00f4nio Preto ou de Categer\u00f3 embora n\u00e3o seja popular no Brasil, sua imagem \u00e9 venerada na Igreja de S\u00e3o Francisco na capital paulista.<\/strong><br \/>\nDos santos juninos somente Santo Ant\u00f4nio \u00e9 que \u00e9 feito de madeira, de tamanho t\u00e3o pequeno, menor mesmo do que um vint\u00e9m. &#8220;\u00c9 bom carreg\u00e1-lo na algibeira, \u00e9 para proteger&#8221;. Em geral, \u00e9 esculpido em n\u00f3 de pinho, da\u00ed ter surgido:<\/p>\n<p>Meu querido Santo Ant\u00f4nio<br \/>\nfeito de n\u00f3 de pinho,<br \/>\ncom v\u00f3s arranjo o que quero,<br \/>\nporque eu pe\u00e7o com jeitinho.<\/p>\n<p>Dizem os &#8220;marmanjos&#8221; que as mo\u00e7as solteiras fazem o seguinte pedido ao santo lisboeta:<\/p>\n<p>Meu querido Santo Ant\u00f4nio<br \/>\nfeito de n\u00f3 de pinho,<br \/>\nme arranje um casamento<br \/>\ncom um mo\u00e7o bem bonitinho (ou bonzinho).<\/p>\n<p>Feito um pedido a Santo Ant\u00f4nio, caso a pessoa tenha pressa em ser atendida, \u00e9 rezar um padre-nosso pela metade que o santo atender\u00e1 logo, para que o suplicante termine a ora\u00e7\u00e3o.<br \/>\nSem as festas que lhe atribu\u00edam outrora \u00e9 ainda um santo lembrado nos acalantos:<\/p>\n<p>Numa ponta, Santo Ant\u00f4nio,<br \/>\nnoutra ponta, S\u00e3o Jo\u00e3o,<br \/>\nno meio, Nossa Senhora,<br \/>\ncom seu raminho na m\u00e3o.<\/p>\n","protected":false},"excerpt":{"rendered":"<p>Publica\u00e7\u00e3o no Jangada Almanaque Brasil &#8211; Suplemento de variedades &#8211; junho 99 &#8211; n\u00famero 10 Fonte na Internet: http:\/\/www.jangadabrasil.com.br\/junho\/al100600.htm Autor: (ARA\u00daJO, Alceu Maynard. Folclore nacional) No Texto h\u00e1 uma cita\u00e7\u00e3o solta de uma frase sobre Categer\u00f3, que est\u00e1 por n\u00f3s destacada. O Santo Ant\u00f4nio Casementeiro \u2013 Festa de Santo Ant\u00f4nio Pelo Brasil afora as festas [&hellip;]<\/p>\n","protected":false},"author":1,"featured_media":0,"parent":3848,"menu_order":0,"comment_status":"closed","ping_status":"closed","template":"","meta":{"ngg_post_thumbnail":0,"footnotes":""},"class_list":["post-255","page","type-page","status-publish","hentry"],"_links":{"self":[{"href":"https:\/\/categero.org.br\/antigo\/index.php?rest_route=\/wp\/v2\/pages\/255","targetHints":{"allow":["GET"]}}],"collection":[{"href":"https:\/\/categero.org.br\/antigo\/index.php?rest_route=\/wp\/v2\/pages"}],"about":[{"href":"https:\/\/categero.org.br\/antigo\/index.php?rest_route=\/wp\/v2\/types\/page"}],"author":[{"embeddable":true,"href":"https:\/\/categero.org.br\/antigo\/index.php?rest_route=\/wp\/v2\/users\/1"}],"replies":[{"embeddable":true,"href":"https:\/\/categero.org.br\/antigo\/index.php?rest_route=%2Fwp%2Fv2%2Fcomments&post=255"}],"version-history":[{"count":2,"href":"https:\/\/categero.org.br\/antigo\/index.php?rest_route=\/wp\/v2\/pages\/255\/revisions"}],"predecessor-version":[{"id":6014,"href":"https:\/\/categero.org.br\/antigo\/index.php?rest_route=\/wp\/v2\/pages\/255\/revisions\/6014"}],"up":[{"embeddable":true,"href":"https:\/\/categero.org.br\/antigo\/index.php?rest_route=\/wp\/v2\/pages\/3848"}],"wp:attachment":[{"href":"https:\/\/categero.org.br\/antigo\/index.php?rest_route=%2Fwp%2Fv2%2Fmedia&parent=255"}],"curies":[{"name":"wp","href":"https:\/\/api.w.org\/{rel}","templated":true}]}}