{"id":212,"date":"2010-10-02T01:57:44","date_gmt":"2010-10-02T01:57:44","guid":{"rendered":"http:\/\/www.categero.org.br\/?page_id=212"},"modified":"2014-02-21T16:35:06","modified_gmt":"2014-02-21T19:35:06","slug":"avolaitalia-igreja-da-parrocchia-santa-venera-v-m","status":"publish","type":"page","link":"https:\/\/categero.org.br\/antigo\/?page_id=212","title":{"rendered":"EU &#8211; Avola\/It\u00e1lia &#8211; Igreja da Parrocchia Santa Venera V.M."},"content":{"rendered":"<p><a href=\"http:\/\/www.categero.org.br\/wp-content\/uploads\/2010\/10\/p024_1_021.png\"><img loading=\"lazy\" decoding=\"async\" class=\"aligncenter size-medium wp-image-4609\" title=\"p024_1_02\" alt=\"\" src=\"http:\/\/www.categero.org.br\/wp-content\/uploads\/2010\/10\/p024_1_021-134x300.png\" width=\"134\" height=\"300\" \/><\/a><br \/>\nH\u00e1 uma est\u00e1tua do Beato Ant\u00f4nio de Categer\u00f3 em tamanho natural, em um dos altares da igreja da par\u00f3quia de Santa Venera Virgem Martir, em \u00c1vola na It\u00e1lia.<br \/>\nAnualmente, no m\u00eas de mar\u00e7o, s\u00e3o realizados festejos ao Beato nessa igreja.<br \/>\n<a href=\"http:\/\/www.categero.org.br\/wp-content\/uploads\/2010\/10\/Santa-Venera-VM-Avola1.jpg\"><img loading=\"lazy\" decoding=\"async\" class=\"aligncenter size-medium wp-image-4610\" title=\"Santa Venera VM Avola\" alt=\"\" src=\"http:\/\/www.categero.org.br\/wp-content\/uploads\/2010\/10\/Santa-Venera-VM-Avola1-300x225.jpg\" width=\"300\" height=\"225\" \/><\/a><\/p>\n<p>Eis os santinhos editadas pela par\u00f3quia de Santa Venera V.M.<br \/>\n<a href=\"http:\/\/www.categero.org.br\/wp-content\/uploads\/2010\/10\/Sant-Italianos-Int-e-MeioCorpo1.jpg\"><img loading=\"lazy\" decoding=\"async\" class=\"aligncenter size-full wp-image-4611\" title=\"Sant Italianos Int e MeioCorpo\" alt=\"\" src=\"http:\/\/www.categero.org.br\/wp-content\/uploads\/2010\/10\/Sant-Italianos-Int-e-MeioCorpo1.jpg\" width=\"259\" height=\"198\" \/><\/a><br \/>\nEsta estampa foi criada antes da est\u00e1tua e ela deu fei\u00e7\u00e3o \u00e0 est\u00e1tua.<br \/>\n<a href=\"http:\/\/www.categero.org.br\/wp-content\/uploads\/2010\/10\/Santinhos-italianos-metade1.jpg\"><img loading=\"lazy\" decoding=\"async\" class=\"aligncenter size-full wp-image-4612\" title=\"Santinhos italianos metade\" alt=\"\" src=\"http:\/\/www.categero.org.br\/wp-content\/uploads\/2010\/10\/Santinhos-italianos-metade1.jpg\" width=\"141\" height=\"113\" \/><\/a><br \/>\nTamb\u00e9m s\u00e3o editadas pela Curia Diosena ou pela par\u00f3quia estampas do Categer\u00f3, representativo do Brasil, como pode ser visto nesses santinhos.<br \/>\n<a href=\"http:\/\/www.categero.org.br\/wp-content\/uploads\/2010\/10\/Baner-Avola.jpg\"><img loading=\"lazy\" decoding=\"async\" class=\"aligncenter size-medium wp-image-4613\" title=\"Baner Avola\" alt=\"\" src=\"http:\/\/www.categero.org.br\/wp-content\/uploads\/2010\/10\/Baner-Avola-300x149.jpg\" width=\"300\" height=\"149\" \/><\/a><\/p>\n","protected":false},"excerpt":{"rendered":"<p>H\u00e1 uma est\u00e1tua do Beato Ant\u00f4nio de Categer\u00f3 em tamanho natural, em um dos altares da igreja da par\u00f3quia de Santa Venera Virgem Martir, em \u00c1vola na It\u00e1lia. Anualmente, no m\u00eas de mar\u00e7o, s\u00e3o realizados festejos ao Beato nessa igreja. Eis os santinhos editadas pela par\u00f3quia de Santa Venera V.M. Esta estampa foi criada antes [&hellip;]<\/p>\n","protected":false},"author":1,"featured_media":8607,"parent":33,"menu_order":0,"comment_status":"closed","ping_status":"closed","template":"","meta":{"ngg_post_thumbnail":0,"footnotes":""},"class_list":["post-212","page","type-page","status-publish","has-post-thumbnail","hentry"],"_links":{"self":[{"href":"https:\/\/categero.org.br\/antigo\/index.php?rest_route=\/wp\/v2\/pages\/212","targetHints":{"allow":["GET"]}}],"collection":[{"href":"https:\/\/categero.org.br\/antigo\/index.php?rest_route=\/wp\/v2\/pages"}],"about":[{"href":"https:\/\/categero.org.br\/antigo\/index.php?rest_route=\/wp\/v2\/types\/page"}],"author":[{"embeddable":true,"href":"https:\/\/categero.org.br\/antigo\/index.php?rest_route=\/wp\/v2\/users\/1"}],"replies":[{"embeddable":true,"href":"https:\/\/categero.org.br\/antigo\/index.php?rest_route=%2Fwp%2Fv2%2Fcomments&post=212"}],"version-history":[{"count":6,"href":"https:\/\/categero.org.br\/antigo\/index.php?rest_route=\/wp\/v2\/pages\/212\/revisions"}],"predecessor-version":[{"id":8608,"href":"https:\/\/categero.org.br\/antigo\/index.php?rest_route=\/wp\/v2\/pages\/212\/revisions\/8608"}],"up":[{"embeddable":true,"href":"https:\/\/categero.org.br\/antigo\/index.php?rest_route=\/wp\/v2\/pages\/33"}],"wp:featuredmedia":[{"embeddable":true,"href":"https:\/\/categero.org.br\/antigo\/index.php?rest_route=\/wp\/v2\/media\/8607"}],"wp:attachment":[{"href":"https:\/\/categero.org.br\/antigo\/index.php?rest_route=%2Fwp%2Fv2%2Fmedia&parent=212"}],"curies":[{"name":"wp","href":"https:\/\/api.w.org\/{rel}","templated":true}]}}