{"id":20,"date":"2010-09-27T22:35:28","date_gmt":"2010-09-27T22:35:28","guid":{"rendered":"http:\/\/www.categero.org.br\/?page_id=20"},"modified":"2013-12-12T15:12:23","modified_gmt":"2013-12-12T18:12:23","slug":"3-3-regiao-nordeste-br","status":"publish","type":"page","link":"https:\/\/categero.org.br\/antigo\/?page_id=20","title":{"rendered":"3. Regi\u00e3o Nordeste (Br)"},"content":{"rendered":"<p>Imagens de Categer\u00f3 cadastradas nesta Regi\u00e3o do Brasil:<\/p>\n<p><strong><\/p>\n<p style=\"text-align: center;\">ESTADO DO PERNAMBUCO<\/p>\n<p><\/strong><\/p>\n<p>Goiania &#8211; <a href=\"http:\/\/www.categero.org.br\/?page_id=79 \">Museu da Cidade<\/a><\/p>\n<p>Recife &#8211; <a href=\"http:\/\/www.categero.org.br\/?page_id=81 \">Convento da Penha<\/a><\/p>\n<p>Recife &#8211; <a href=\"http:\/\/www.categero.org.br\/?page_id=83 \">Igreja de Nossa Senhora do Ros\u00e1rio dos Pretos<\/a><\/p>\n<p><strong><\/p>\n<p style=\"text-align: center;\">ESTADO DA BAHIA<\/p>\n<p><\/strong><\/p>\n<p>Salvador &#8211; <a href=\"http:\/\/www.categero.org.br\/?page_id=85 \">Igreja da Irmandade de N\u00aa S\u00aa do Ros\u00e1rio dos Pretos<\/a><\/p>\n<p>Salvador &#8211; <a href=\"http:\/\/www.categero.org.br\/?page_id=92 \">Matriz de S\u00e3o Pedro<\/a><\/p>\n<p><strong><\/p>\n<p style=\"text-align: center;\">ESTADO DO SERGIPE<\/p>\n<p><\/strong><\/p>\n","protected":false},"excerpt":{"rendered":"<p>Imagens de Categer\u00f3 cadastradas nesta Regi\u00e3o do Brasil: ESTADO DO PERNAMBUCO Goiania &#8211; Museu da Cidade Recife &#8211; Convento da Penha Recife &#8211; Igreja de Nossa Senhora do Ros\u00e1rio dos Pretos ESTADO DA BAHIA Salvador &#8211; Igreja da Irmandade de N\u00aa S\u00aa do Ros\u00e1rio dos Pretos Salvador &#8211; Matriz de S\u00e3o Pedro ESTADO DO SERGIPE<\/p>\n","protected":false},"author":1,"featured_media":0,"parent":6,"menu_order":0,"comment_status":"closed","ping_status":"closed","template":"","meta":{"ngg_post_thumbnail":0,"footnotes":""},"class_list":["post-20","page","type-page","status-publish","hentry"],"_links":{"self":[{"href":"https:\/\/categero.org.br\/antigo\/index.php?rest_route=\/wp\/v2\/pages\/20","targetHints":{"allow":["GET"]}}],"collection":[{"href":"https:\/\/categero.org.br\/antigo\/index.php?rest_route=\/wp\/v2\/pages"}],"about":[{"href":"https:\/\/categero.org.br\/antigo\/index.php?rest_route=\/wp\/v2\/types\/page"}],"author":[{"embeddable":true,"href":"https:\/\/categero.org.br\/antigo\/index.php?rest_route=\/wp\/v2\/users\/1"}],"replies":[{"embeddable":true,"href":"https:\/\/categero.org.br\/antigo\/index.php?rest_route=%2Fwp%2Fv2%2Fcomments&post=20"}],"version-history":[{"count":2,"href":"https:\/\/categero.org.br\/antigo\/index.php?rest_route=\/wp\/v2\/pages\/20\/revisions"}],"predecessor-version":[{"id":5839,"href":"https:\/\/categero.org.br\/antigo\/index.php?rest_route=\/wp\/v2\/pages\/20\/revisions\/5839"}],"up":[{"embeddable":true,"href":"https:\/\/categero.org.br\/antigo\/index.php?rest_route=\/wp\/v2\/pages\/6"}],"wp:attachment":[{"href":"https:\/\/categero.org.br\/antigo\/index.php?rest_route=%2Fwp%2Fv2%2Fmedia&parent=20"}],"curies":[{"name":"wp","href":"https:\/\/api.w.org\/{rel}","templated":true}]}}