{"id":1900,"date":"2011-06-17T10:56:15","date_gmt":"2011-06-17T13:56:15","guid":{"rendered":"http:\/\/www.categero.org.br\/?page_id=1900"},"modified":"2019-01-09T07:06:16","modified_gmt":"2019-01-09T10:06:16","slug":"comentario-sobre-oracoes-de-categero","status":"publish","type":"page","link":"https:\/\/categero.org.br\/antigo\/?page_id=1900","title":{"rendered":"1\u00aa Ora\u00e7\u00e3o &#8211; A mais difundida nas igrejas com devo\u00e7\u00e3o ao Beato e na Internet  (Tradicional)"},"content":{"rendered":"<p style=\"text-align: center;\"><strong>Ora\u00e7\u00e3o tradicional de Categer\u00f3<\/strong><\/p>\n<p style=\"text-align: center;\"><img loading=\"lazy\" decoding=\"async\" width=\"183\" height=\"241\" class=\"aligncenter wp-image-11224\" alt=\"3-categero-meio-corpo-color\" src=\"http:\/\/categero.org.br\/wp-content\/uploads\/2016\/12\/3.-Categer\u00f3-Meio-corpo-Color.jpg\" srcset=\"https:\/\/categero.org.br\/antigo\/wp-content\/uploads\/2016\/12\/3.-Categer\u00f3-Meio-corpo-Color.jpg 482w, https:\/\/categero.org.br\/antigo\/wp-content\/uploads\/2016\/12\/3.-Categer\u00f3-Meio-corpo-Color-227x300.jpg 227w\" sizes=\"auto, (max-width: 183px) 100vw, 183px\" \/><\/p>\n<p style=\"text-align: right; padding-left: 240px;\"><em><span style=\"color: #ff0000;\"><strong>Link &#8211; &nbsp;<a href=\"http:\/\/categero.org.br\/?p=11452\" target=\"_blank\" rel=\"noopener\">Datas de Categer\u00f3<br \/>\n<\/a><\/strong><\/span><\/em><em><span style=\"color: #ff0000;\"><strong>Link &#8211; &nbsp;<span style=\"color: #000000;\"><a href=\"http:\/\/categero.org.br\/?p=11933\" target=\"_blank\" rel=\"noopener\">Perfil, Linha do Tempo e Vaticano<\/a><\/span><\/strong><\/span><\/em><\/p>\n<p style=\"text-align: center;\"><strong>Prece milagrosa para alcan\u00e7ar uma gra\u00e7a urgente<\/strong><\/p>\n<p style=\"padding-left: 180px; text-align: left;\">Oh, milagroso santo Ant\u00f4nio de Categer\u00f3&#8230;<br \/>\nValei-me nesta hora de afli\u00e7\u00e3o.<br \/>\nPreciso de Vossa ajuda para vencer as lutas do dia a dia e<br \/>\nas for\u00e7as malignas que procuram tirar-me a paz.<br \/>\nLibertai-me das doen\u00e7as e de todas as bact\u00e9rias infecciosas<br \/>\nque querem contaminar o meu corpo colocando-me enfermidades.<\/p>\n<p style=\"padding-left: 180px;\">Oh, santo Ant\u00f4nio de Categer\u00f3,<br \/>\nEstendei as Vossas m\u00e3os agora mesmo sobre mim,<br \/>\nlivrando-me dos desastres,<br \/>\nda inveja e todas as obras malignas.<br \/>\nOh, santo Ant\u00f4nio de Categer\u00f3,<br \/>\nIluminai os meus passos, a fim de que,<br \/>\nonde quer que eu v\u00e1, n\u00e3o encontre empecilhos,<br \/>\ne guiado pela Vossa luz me desvie de todas armadilhas<br \/>\npreparadas pelos meus advers\u00e1rios.<\/p>\n<p style=\"padding-left: 180px;\">Oh, Santo Ant\u00f4nio de Categer\u00f3,<br \/>\nAben\u00e7oai a minha fam\u00edlia,<br \/>\no meu p\u00e3o e a minha casa,<br \/>\ncobrindo-nos com o v\u00e9u da prosperidade,<br \/>\ndo amor, da sa\u00fade e da felicidade.<br \/>\nPara sempre! Para sempre!<br \/>\nQue&nbsp;Assim Seja.<\/p>\n<p style=\"text-align: right; padding-left: 240px;\"><em><span style=\"color: #ff0000;\"><strong>Link &#8211; &nbsp;<a href=\"http:\/\/categero.org.br\/?p=11452\" target=\"_blank\" rel=\"noopener\">Datas de Categer\u00f3<br \/>\n<\/a><\/strong><\/span><\/em><em><span style=\"color: #ff0000;\"><strong>Link &#8211; &nbsp;<span style=\"color: #000000;\"><a href=\"http:\/\/categero.org.br\/?p=11933\" target=\"_blank\" rel=\"noopener\">Perfil, Linha do Tempo e Vaticano<\/a><\/span><\/strong><\/span><\/em><\/p>\n<p style=\"text-align: center;\"><strong>Coment\u00e1rios:<\/strong><\/p>\n<address style=\"padding-left: 60px;\">A prece milagrosa, acima, &nbsp;pode ser considerada a ora\u00e7\u00e3o oficial de Santo Ant\u00f4nio de Categer\u00f3.<\/address>\n<address style=\"padding-left: 60px;\">Ou pelo menos \u00e9 a mais difundida na Internet e na maioria das comunidades religiosas que fazem a sua devo\u00e7\u00e3o.<\/address>\n<address style=\"padding-left: 60px;\">Ela tamb\u00e9m, aparece associada a outras duas vers\u00f5es, onde se evidencia mudan\u00e7a de linguajar mas n\u00e3o do sentido.<\/address>\n<address style=\"padding-left: 60px;\">A urg\u00eancia e as quest\u00f5es quase imposs\u00edveis atinentes \u00e0 sa\u00fade, fam\u00edlia, emprego e prosperidade.<\/address>\n<address style=\"padding-left: 60px;\">Mais duas ora\u00e7\u00f5es que, tamb\u00e9m, em alguns blogs, circulam junto a essa considerada oficial de Categer\u00f3 &nbsp;na internet, consta, de nosso <a href=\" http:\/\/www.categero.org.br\/fatos-de-1500-a-1699\/tres-oracoes-a\u2026io-de-categero\/\">portal<\/a>.<\/address>\n<address style=\"padding-left: 60px;\">H\u00e1 a novena produzida pelo novenista pe. Ant\u00f4nio Lucio da Silva Lima existente a venda em todo o mercado brasileiro e postada em nosso <a href=\" http:\/\/www.categero.org.br\/3-manifestacoes-da-fe\/3-livros-e-opusculos\/5-opusculo-nov\u2026io-de-categero\/\">portal<\/a> como not\u00edcia e informa\u00e7\u00e3o do editor.<\/address>\n<address style=\"padding-left: 60px;\">E tamb\u00e9m, outras manifesta\u00e7\u00f5es devocionais atrav\u00e9s de ora\u00e7\u00f5es particulares que s\u00e3o difundidas a todo mundo, estando as mesmas relatadas neste menu de ora\u00e7\u00f5es.<\/address>\n<address style=\"padding-left: 60px;\"><strong>Adm do Portal<\/strong><\/address>\n<p style=\"text-align: right;\">&nbsp;<\/p>\n","protected":false},"excerpt":{"rendered":"<p>Ora\u00e7\u00e3o tradicional de Categer\u00f3 Link &#8211; &nbsp;Datas de Categer\u00f3 Link &#8211; &nbsp;Perfil, Linha do Tempo e Vaticano Prece milagrosa para alcan\u00e7ar uma gra\u00e7a urgente Oh, milagroso santo Ant\u00f4nio de Categer\u00f3&#8230; Valei-me nesta hora de afli\u00e7\u00e3o. Preciso de Vossa ajuda para vencer as lutas do dia a dia e as for\u00e7as malignas que procuram tirar-me a [&hellip;]<\/p>\n","protected":false},"author":1,"featured_media":6119,"parent":3719,"menu_order":2,"comment_status":"open","ping_status":"open","template":"","meta":{"ngg_post_thumbnail":0,"footnotes":""},"class_list":["post-1900","page","type-page","status-publish","has-post-thumbnail","hentry"],"_links":{"self":[{"href":"https:\/\/categero.org.br\/antigo\/index.php?rest_route=\/wp\/v2\/pages\/1900","targetHints":{"allow":["GET"]}}],"collection":[{"href":"https:\/\/categero.org.br\/antigo\/index.php?rest_route=\/wp\/v2\/pages"}],"about":[{"href":"https:\/\/categero.org.br\/antigo\/index.php?rest_route=\/wp\/v2\/types\/page"}],"author":[{"embeddable":true,"href":"https:\/\/categero.org.br\/antigo\/index.php?rest_route=\/wp\/v2\/users\/1"}],"replies":[{"embeddable":true,"href":"https:\/\/categero.org.br\/antigo\/index.php?rest_route=%2Fwp%2Fv2%2Fcomments&post=1900"}],"version-history":[{"count":23,"href":"https:\/\/categero.org.br\/antigo\/index.php?rest_route=\/wp\/v2\/pages\/1900\/revisions"}],"predecessor-version":[{"id":13320,"href":"https:\/\/categero.org.br\/antigo\/index.php?rest_route=\/wp\/v2\/pages\/1900\/revisions\/13320"}],"up":[{"embeddable":true,"href":"https:\/\/categero.org.br\/antigo\/index.php?rest_route=\/wp\/v2\/pages\/3719"}],"wp:featuredmedia":[{"embeddable":true,"href":"https:\/\/categero.org.br\/antigo\/index.php?rest_route=\/wp\/v2\/media\/6119"}],"wp:attachment":[{"href":"https:\/\/categero.org.br\/antigo\/index.php?rest_route=%2Fwp%2Fv2%2Fmedia&parent=1900"}],"curies":[{"name":"wp","href":"https:\/\/api.w.org\/{rel}","templated":true}]}}