{"id":186,"date":"2010-10-02T01:22:36","date_gmt":"2010-10-02T01:22:36","guid":{"rendered":"http:\/\/www.categero.org.br\/?page_id=186"},"modified":"2017-05-18T17:43:03","modified_gmt":"2017-05-18T20:43:03","slug":"poars-igreja-de-sao-carlos","status":"publish","type":"page","link":"https:\/\/categero.org.br\/antigo\/?page_id=186","title":{"rendered":"Porto Alegre\/RS &#8211; Igreja de S\u00e3o Carlos"},"content":{"rendered":"<p style=\"text-align: center;\"><strong>Igreja &nbsp;S\u00e3o Carlos Borromeu &#8211; Porto Alegre\/RS<\/strong><\/p>\n<p style=\"text-align: right;\"><em><span style=\"color: #3366ff;\"><strong>&nbsp; &nbsp; VEJA MAIS &nbsp; &nbsp;&nbsp;<a href=\"http:\/\/categero.org.br\/?p=9928\" target=\"_blank\" rel=\"noopener noreferrer\">Not\u00edcias &nbsp;desta igreja em nosso Portal<\/a><\/strong><\/span><\/em><\/p>\n<div id=\"attachment_9757\" style=\"width: 390px\" class=\"wp-caption aligncenter\"><a href=\"http:\/\/categero.org.br\/wp-content\/uploads\/2010\/10\/Peq-dois-Catgr.jpg\"><img loading=\"lazy\" decoding=\"async\" aria-describedby=\"caption-attachment-9757\" class=\"wp-image-9757\" src=\"http:\/\/categero.org.br\/wp-content\/uploads\/2010\/10\/Peq-dois-Catgr.jpg\" alt=\"Peq dois Catgr\" width=\"380\" height=\"450\" srcset=\"https:\/\/categero.org.br\/antigo\/wp-content\/uploads\/2010\/10\/Peq-dois-Catgr.jpg 480w, https:\/\/categero.org.br\/antigo\/wp-content\/uploads\/2010\/10\/Peq-dois-Catgr-253x300.jpg 253w\" sizes=\"auto, (max-width: 380px) 100vw, 380px\" \/><\/a><p id=\"caption-attachment-9757\" class=\"wp-caption-text\">Na foto, as duas imagens situadas \u00e0 frente, \u00e0 esquerda do altar-mor, como arranjo para datas especiais<\/p><\/div>\n<p style=\"text-align: right;\"><em><span style=\"color: #3366ff;\"><strong>&nbsp; &nbsp;&nbsp;&nbsp; VEJA MAIS &nbsp; &nbsp;&nbsp;<a href=\"http:\/\/categero.org.br\/?p=9928\" target=\"_blank\" rel=\"noopener noreferrer\">Not\u00edcias &nbsp;desta igreja em nosso Portal<\/a><\/strong><\/span><\/em><\/p>\n<p style=\"text-align: center;\"><strong>Duas&nbsp;Imagens do Beato Ant\u00f3nio de &nbsp;Categer\u00f3 existem na Igreja S\u00e3o Carlos &#8211; POA\/RS<\/strong><\/p>\n<p style=\"text-align: justify;\">Uma imagem de 1,30 mt e outra de 0,90 mt. A primeira no interior da igreja e a segunda, em uma gruta no p\u00e1teo, com boa visibilidade da avenida Bento Gon\u00e7alves, em Porto Alegre.<\/p>\n<p style=\"text-align: justify;\">O padroeiro da igreja \u00e9 o jesu\u00edta S\u00e3o Carlos Borromeu, mas a devo\u00e7\u00e3o ao Beato Ant\u00f3nio de Categer\u00f3 \u00e9 uma demanda da comunidade dos bairros abrangidos pela par\u00f3quia.<\/p>\n<p style=\"text-align: justify;\"><strong>Igreja S\u00e3o Carlos Borromeu<\/strong><br \/>\nfone: (51) 3339 1202<br \/>\nEndere\u00e7o: Av.Bento Gon\u00e7alves, 6881 &#8211; bairro Agronomia Poa\/RS<\/p>\n<p style=\"text-align: justify;\">O atual p\u00e1roco \u00e9 o Pe.F\u00e1bio jos\u00e9 Christ &#8211; emal: <a href=\"mailto:saocarlos@arquipoa.com\" target=\"_blank\" rel=\"noopener noreferrer\">saocarlos@arquipoa.com<\/a><\/p>\n<p style=\"text-align: right;\"><em><span style=\"color: #3366ff;\"><strong>&nbsp;&nbsp;&nbsp; VEJA MAIS &nbsp; &nbsp;&nbsp;<a href=\"http:\/\/categero.org.br\/?p=9928\" target=\"_blank\" rel=\"noopener noreferrer\">Not\u00edcias &nbsp;desta igreja em nosso Portal<\/a><\/strong><\/span><\/em><\/p>\n<p><a href=\"http:\/\/categero.org.br\/wp-content\/uploads\/2011\/06\/RS-Baner-S-Carlos-Poa.jpg\"><img loading=\"lazy\" decoding=\"async\" class=\"aligncenter size-medium wp-image-8566\" src=\"http:\/\/categero.org.br\/wp-content\/uploads\/2011\/06\/RS-Baner-S-Carlos-Poa-300x149.jpg\" alt=\"RS-Baner-S-Carlos-Poa\" width=\"300\" height=\"149\" srcset=\"https:\/\/categero.org.br\/antigo\/wp-content\/uploads\/2011\/06\/RS-Baner-S-Carlos-Poa-300x149.jpg 300w, https:\/\/categero.org.br\/antigo\/wp-content\/uploads\/2011\/06\/RS-Baner-S-Carlos-Poa.jpg 397w\" sizes=\"auto, (max-width: 300px) 100vw, 300px\" \/><\/a><\/p>\n","protected":false},"excerpt":{"rendered":"<p>Igreja &nbsp;S\u00e3o Carlos Borromeu &#8211; Porto Alegre\/RS &nbsp; &nbsp; VEJA MAIS &nbsp; &nbsp;&nbsp;Not\u00edcias &nbsp;desta igreja em nosso Portal &nbsp; &nbsp;&nbsp;&nbsp; VEJA MAIS &nbsp; &nbsp;&nbsp;Not\u00edcias &nbsp;desta igreja em nosso Portal Duas&nbsp;Imagens do Beato Ant\u00f3nio de &nbsp;Categer\u00f3 existem na Igreja S\u00e3o Carlos &#8211; POA\/RS Uma imagem de 1,30 mt e outra de 0,90 mt. A primeira no [&hellip;]<\/p>\n","protected":false},"author":1,"featured_media":8566,"parent":12333,"menu_order":0,"comment_status":"open","ping_status":"open","template":"","meta":{"ngg_post_thumbnail":0,"footnotes":""},"class_list":["post-186","page","type-page","status-publish","has-post-thumbnail","hentry"],"_links":{"self":[{"href":"https:\/\/categero.org.br\/antigo\/index.php?rest_route=\/wp\/v2\/pages\/186","targetHints":{"allow":["GET"]}}],"collection":[{"href":"https:\/\/categero.org.br\/antigo\/index.php?rest_route=\/wp\/v2\/pages"}],"about":[{"href":"https:\/\/categero.org.br\/antigo\/index.php?rest_route=\/wp\/v2\/types\/page"}],"author":[{"embeddable":true,"href":"https:\/\/categero.org.br\/antigo\/index.php?rest_route=\/wp\/v2\/users\/1"}],"replies":[{"embeddable":true,"href":"https:\/\/categero.org.br\/antigo\/index.php?rest_route=%2Fwp%2Fv2%2Fcomments&post=186"}],"version-history":[{"count":14,"href":"https:\/\/categero.org.br\/antigo\/index.php?rest_route=\/wp\/v2\/pages\/186\/revisions"}],"predecessor-version":[{"id":12360,"href":"https:\/\/categero.org.br\/antigo\/index.php?rest_route=\/wp\/v2\/pages\/186\/revisions\/12360"}],"up":[{"embeddable":true,"href":"https:\/\/categero.org.br\/antigo\/index.php?rest_route=\/wp\/v2\/pages\/12333"}],"wp:featuredmedia":[{"embeddable":true,"href":"https:\/\/categero.org.br\/antigo\/index.php?rest_route=\/wp\/v2\/media\/8566"}],"wp:attachment":[{"href":"https:\/\/categero.org.br\/antigo\/index.php?rest_route=%2Fwp%2Fv2%2Fmedia&parent=186"}],"curies":[{"name":"wp","href":"https:\/\/api.w.org\/{rel}","templated":true}]}}