{"id":151,"date":"2010-10-01T01:21:07","date_gmt":"2010-10-01T01:21:07","guid":{"rendered":"http:\/\/www.categero.org.br\/?page_id=151"},"modified":"2017-05-18T17:50:22","modified_gmt":"2017-05-18T20:50:22","slug":"alvoradars-24%c2%ba-bpm-tem-categero","status":"publish","type":"page","link":"https:\/\/categero.org.br\/antigo\/?page_id=151","title":{"rendered":"RS\/Alvorada &#8211; O 24\u00ba BPM tem o Beato Ant\u00f4nio de Categer\u00f3 em sua sede"},"content":{"rendered":"<div id=\"attachment_10119\" style=\"width: 230px\" class=\"wp-caption alignleft\"><a href=\"http:\/\/categero.org.br\/wp-content\/uploads\/2010\/10\/Catgr-do-24\u00aa-BPM-1-Small.jpg\"><img loading=\"lazy\" decoding=\"async\" aria-describedby=\"caption-attachment-10119\" class=\"wp-image-10119\" src=\"http:\/\/categero.org.br\/wp-content\/uploads\/2010\/10\/Catgr-do-24\u00aa-BPM-1-Small.jpg\" alt=\"Catgr do 24\u00aa BPM (1) (Small)\" width=\"220\" height=\"610\" srcset=\"https:\/\/categero.org.br\/antigo\/wp-content\/uploads\/2010\/10\/Catgr-do-24\u00aa-BPM-1-Small.jpg 308w, https:\/\/categero.org.br\/antigo\/wp-content\/uploads\/2010\/10\/Catgr-do-24\u00aa-BPM-1-Small-108x300.jpg 108w\" sizes=\"auto, (max-width: 220px) 100vw, 220px\" \/><\/a><p id=\"caption-attachment-10119\" class=\"wp-caption-text\">Foto da imagem que foi entronizada.<\/p><\/div>\n<p style=\"text-align: right;\"><em><strong>VEJA MAIS &nbsp; <a href=\"http:\/\/categero.org.br\/?p=10125\" target=\"_blank\" rel=\"noopener noreferrer\">&nbsp;&nbsp;Not\u00edcias &nbsp;desta igreja em nosso Portal<\/a><\/strong><\/em><\/p>\n<p style=\"text-align: justify;\">O 24\u00ba Batalh\u00e3o da Brigada Militar, na cidade de Alvorada\/RS, tem desde o&nbsp;dia 15 de setembro de 2009, uma imagem de Santo Ant\u00f4nio de Categer\u00f3, que foi aben\u00e7oada pelo Capel\u00e3o Militar do Comando Militar Sul, Tenente Coronel do Ex\u00e9rcito Brasileiro e tamb\u00e9m Padre Estev\u00e3o Rosa do Esp\u00edrito Santo.<\/p>\n<p style=\"text-align: justify;\">O Beato Ant\u00f4nio de Categer\u00f3 foi o primeiro santo cat\u00f3lico a ter irmandades de devo\u00e7\u00e3o, devidamente formalizadas no Brasil. Antes de 1.592, em S\u00e3o Paulo e, antes de 1.699, em Salvador na Bahia. Respectivamente, na Igreja do Ser\u00e1fico Pai S\u00e3o Francisco da Chagas, em S\u00e3o Paulo e na Igreja de Nossa Senhora do Ros\u00e1rios dos Pretos, em Salvador na Bahia. Atualmente, a maior devo\u00e7\u00e3o ao beato \u00e9 na <a href=\"http:\/\/categero.org.br\/?page_id=9801\" target=\"_blank\" rel=\"noopener noreferrer\">Igreja de Nossa Senhora do \u00d3<\/a>, em S\u00e3o Paulo.<\/p>\n<p style=\"text-align: justify;\">A entroniza\u00e7\u00e3o e o patronato propostos pelo comandante do OPM deram-se dentro do conjunto de solenidades alusivas ao aniver\u00e1rio do 24\u00ba BPM.<\/p>\n<p style=\"text-align: justify;\">Na \u00e1rea do comando a que pertence o 24\u00ba BPM o Beato Ant\u00f4nio de Categer\u00f3 tem: &nbsp;uma <a href=\"http:\/\/categero.org.br\/?page_id=919\" target=\"_blank\" rel=\"noopener noreferrer\">Gruta no CPM e 15\u00ba BPM<\/a>; Imagem grande entronizada na<a href=\"http:\/\/categero.org.br\/?page_id=178\" target=\"_blank\" rel=\"noopener noreferrer\"> Igreja S\u00e3o Paulo, de Canoas<\/a>.<\/p>\n<p style=\"text-align: center;\"><a href=\"http:\/\/categero.org.br\/wp-content\/uploads\/2010\/10\/foto5.jpg\"><img loading=\"lazy\" decoding=\"async\" class=\"aligncenter size-full wp-image-10122\" src=\"http:\/\/categero.org.br\/wp-content\/uploads\/2010\/10\/foto5.jpg\" alt=\"foto5\" width=\"220\" height=\"170\" srcset=\"https:\/\/categero.org.br\/antigo\/wp-content\/uploads\/2010\/10\/foto5.jpg 220w, https:\/\/categero.org.br\/antigo\/wp-content\/uploads\/2010\/10\/foto5-150x115.jpg 150w\" sizes=\"auto, (max-width: 220px) 100vw, 220px\" \/><\/a><\/p>\n<p style=\"text-align: right;\"><em><strong>VEJA MAIS &nbsp; <a href=\"http:\/\/categero.org.br\/?p=10125\" target=\"_blank\" rel=\"noopener noreferrer\">&nbsp;&nbsp;Not\u00edcias &nbsp;desta igreja em nosso Portal<\/a><\/strong><\/em><\/p>\n<p style=\"text-align: center;\"><a href=\"http:\/\/categero.org.br\/wp-content\/uploads\/2010\/10\/Baner-de-AlvoradaRS-2.jpg\"><img loading=\"lazy\" decoding=\"async\" class=\"aligncenter size-medium wp-image-8589\" src=\"http:\/\/categero.org.br\/wp-content\/uploads\/2010\/10\/Baner-de-AlvoradaRS-2-300x149.jpg\" alt=\"Baner de AlvoradaRS 2\" width=\"300\" height=\"149\" srcset=\"https:\/\/categero.org.br\/antigo\/wp-content\/uploads\/2010\/10\/Baner-de-AlvoradaRS-2-300x149.jpg 300w, https:\/\/categero.org.br\/antigo\/wp-content\/uploads\/2010\/10\/Baner-de-AlvoradaRS-2.jpg 397w\" sizes=\"auto, (max-width: 300px) 100vw, 300px\" \/><\/a><\/p>\n<p style=\"text-align: right;\"><em><strong>VEJA MAIS &nbsp; <a href=\"http:\/\/categero.org.br\/?p=10125\" target=\"_blank\" rel=\"noopener noreferrer\">&nbsp;&nbsp;Not\u00edcias &nbsp;desta igreja em nosso Portal<\/a><\/strong><\/em><\/p>\n","protected":false},"excerpt":{"rendered":"<p>VEJA MAIS &nbsp; &nbsp;&nbsp;Not\u00edcias &nbsp;desta igreja em nosso Portal O 24\u00ba Batalh\u00e3o da Brigada Militar, na cidade de Alvorada\/RS, tem desde o&nbsp;dia 15 de setembro de 2009, uma imagem de Santo Ant\u00f4nio de Categer\u00f3, que foi aben\u00e7oada pelo Capel\u00e3o Militar do Comando Militar Sul, Tenente Coronel do Ex\u00e9rcito Brasileiro e tamb\u00e9m Padre Estev\u00e3o Rosa do [&hellip;]<\/p>\n","protected":false},"author":1,"featured_media":8589,"parent":12333,"menu_order":0,"comment_status":"open","ping_status":"open","template":"","meta":{"ngg_post_thumbnail":0,"footnotes":""},"class_list":["post-151","page","type-page","status-publish","has-post-thumbnail","hentry"],"_links":{"self":[{"href":"https:\/\/categero.org.br\/antigo\/index.php?rest_route=\/wp\/v2\/pages\/151","targetHints":{"allow":["GET"]}}],"collection":[{"href":"https:\/\/categero.org.br\/antigo\/index.php?rest_route=\/wp\/v2\/pages"}],"about":[{"href":"https:\/\/categero.org.br\/antigo\/index.php?rest_route=\/wp\/v2\/types\/page"}],"author":[{"embeddable":true,"href":"https:\/\/categero.org.br\/antigo\/index.php?rest_route=\/wp\/v2\/users\/1"}],"replies":[{"embeddable":true,"href":"https:\/\/categero.org.br\/antigo\/index.php?rest_route=%2Fwp%2Fv2%2Fcomments&post=151"}],"version-history":[{"count":9,"href":"https:\/\/categero.org.br\/antigo\/index.php?rest_route=\/wp\/v2\/pages\/151\/revisions"}],"predecessor-version":[{"id":12364,"href":"https:\/\/categero.org.br\/antigo\/index.php?rest_route=\/wp\/v2\/pages\/151\/revisions\/12364"}],"up":[{"embeddable":true,"href":"https:\/\/categero.org.br\/antigo\/index.php?rest_route=\/wp\/v2\/pages\/12333"}],"wp:featuredmedia":[{"embeddable":true,"href":"https:\/\/categero.org.br\/antigo\/index.php?rest_route=\/wp\/v2\/media\/8589"}],"wp:attachment":[{"href":"https:\/\/categero.org.br\/antigo\/index.php?rest_route=%2Fwp%2Fv2%2Fmedia&parent=151"}],"curies":[{"name":"wp","href":"https:\/\/api.w.org\/{rel}","templated":true}]}}