{"id":1434,"date":"2010-12-05T23:44:25","date_gmt":"2010-12-05T23:44:25","guid":{"rendered":"http:\/\/www.categero.org.br\/?page_id=1434"},"modified":"2013-12-13T09:26:31","modified_gmt":"2013-12-13T12:26:31","slug":"26-de-cassange-mina-benguela-a-gentio-da-guine-2009sp","status":"publish","type":"page","link":"https:\/\/categero.org.br\/antigo\/?page_id=1434","title":{"rendered":"SP\/2009 &#8211; De cassange, mina, benguela a gentio da Guin\u00e9"},"content":{"rendered":"<p style=\"text-align: center;\"><strong>De cassange, mina, benguela a gentio da Guin\u00e9. Grupos \u00e9tnicos e forma\u00e7\u00e3o de identidades africanas na cidade de S\u00e3o Paulo (1800-1850)<\/strong><\/p>\n<p>Regiane Augusto de Mattos<\/p>\n<p>S\u00e9rie: Produ\u00e7\u00e3o Acad\u00eamica Premiada<\/p>\n<p>UNIVERSIDADE DE S\u00c3O PAULO<\/p>\n<p>REITORA: Profa. Dra. Suely Vilela<\/p>\n<p>FACULDADE DE FILOSOFIA, LETRAS E CI\u00caNCIAS HUMANAS<\/p>\n<p>DIRETOR: Profa. Dra. Sandra Margarida Nitrini<\/p>\n<p>SERVI\u00c7O DE COMUNICA\u00c7\u00c3O SOCIAL &#8211; Eliana Bento da Silva Amatuzzi Barros \u2013 MTb 35.814<\/p>\n<p>Projeto Gr\u00e1fico &#8211; Dorli Hiroko Yamaoka \u2013 MTb 35.815<\/p>\n<p>COMISS\u00c3O DE PUBLICA\u00c7\u00c3O ON-LINE &#8211; Presidida pela Profa. Dra. Sandra Margarida Nitrini<\/p>\n<p>\u00a0<em>Nota do Portal:<\/em> Um trabalho acad\u00eamico com 160 p\u00e1ginas, que inicia descrevendo um fato hist\u00f3rico de cerco a uma fazendo sendo executado por \u201cafricanos paulistas\u201d os quais estavam organizados como capoeiras.\u00a0 O tema \u00e9 tratado mais \u00a0detalhadamente no terceiro cap\u00edtulo desta disserta\u00e7\u00e3o, a capoeira, assim como as irmandades religiosas e os <em>ajuntamentos <\/em>em batuques, era um espa\u00e7o constru\u00eddo pelos africanos que proporcionava contatos e reafirma\u00e7\u00e3o de la\u00e7os e de interesses comuns.bem como a, identifica\u00e7\u00e3o dos grupos \u00e9tnicos dos africanos que foram trazidos pelo tr\u00e1fico e que passaram a compor o contingente populacional da cidade de S\u00e3o Paulo, destacandoa sua diversidade de origem. A segunda parte foi reservada para o estudo dos espa\u00e7os de atua\u00e7\u00e3o social e de manifesta\u00e7\u00e3o cultural desses africanos. Assim constitu\u00eddo o trabalho: Cap\u00edtulo 01 &#8211; A popula\u00e7\u00e3o africana na cidade de S\u00e3o Paulo, 1800-1850;\u00a0 Cap\u00edtulo 02 &#8211; As na\u00e7\u00f5es africanas no Novo Mundo: formas de identifica\u00e7\u00e3o \u00e9tnica; Cap\u00edtulo 03 &#8211; Formas de organiza\u00e7\u00e3o e espa\u00e7os de sociabilidade dos africanos.<\/p>\n<p>Categer\u00f3 \u00e9 referido na p\u00e1g 111\u00a0 como\u00a0Irmandade de Santo Antonio de Cartegerona de Salvador\/BA.<\/p>\n<p>C\u00f3pia dispon\u00edvel em <a href=\"http:\/\/www.categero.org.br\/wp-content\/uploads\/2010\/12\/25.pdf\">25<\/a> de nosso Portal.\u00a0<\/p>\n<p>Endere\u00e7o onde foi obtido: <a href=\"http:\/\/www.teses.usp.br\/teses\/disponiveis\/8\/8138\/tde-06072007-120830\/pt-br.php\">http:\/\/www.teses.usp.br\/teses\/disponiveis\/8\/8138\/tde-06072007-120830\/pt-br.php<\/a> (Teses d disserta\u00e7\u00f5es &#8211; da Biblioteca Digital da USP)<\/p>\n","protected":false},"excerpt":{"rendered":"<p>De cassange, mina, benguela a gentio da Guin\u00e9. Grupos \u00e9tnicos e forma\u00e7\u00e3o de identidades africanas na cidade de S\u00e3o Paulo (1800-1850) Regiane Augusto de Mattos S\u00e9rie: Produ\u00e7\u00e3o Acad\u00eamica Premiada UNIVERSIDADE DE S\u00c3O PAULO REITORA: Profa. Dra. Suely Vilela FACULDADE DE FILOSOFIA, LETRAS E CI\u00caNCIAS HUMANAS DIRETOR: Profa. Dra. Sandra Margarida Nitrini SERVI\u00c7O DE COMUNICA\u00c7\u00c3O SOCIAL [&hellip;]<\/p>\n","protected":false},"author":1,"featured_media":0,"parent":3838,"menu_order":0,"comment_status":"closed","ping_status":"closed","template":"","meta":{"ngg_post_thumbnail":0,"footnotes":""},"class_list":["post-1434","page","type-page","status-publish","hentry"],"_links":{"self":[{"href":"https:\/\/categero.org.br\/antigo\/index.php?rest_route=\/wp\/v2\/pages\/1434","targetHints":{"allow":["GET"]}}],"collection":[{"href":"https:\/\/categero.org.br\/antigo\/index.php?rest_route=\/wp\/v2\/pages"}],"about":[{"href":"https:\/\/categero.org.br\/antigo\/index.php?rest_route=\/wp\/v2\/types\/page"}],"author":[{"embeddable":true,"href":"https:\/\/categero.org.br\/antigo\/index.php?rest_route=\/wp\/v2\/users\/1"}],"replies":[{"embeddable":true,"href":"https:\/\/categero.org.br\/antigo\/index.php?rest_route=%2Fwp%2Fv2%2Fcomments&post=1434"}],"version-history":[{"count":3,"href":"https:\/\/categero.org.br\/antigo\/index.php?rest_route=\/wp\/v2\/pages\/1434\/revisions"}],"predecessor-version":[{"id":5966,"href":"https:\/\/categero.org.br\/antigo\/index.php?rest_route=\/wp\/v2\/pages\/1434\/revisions\/5966"}],"up":[{"embeddable":true,"href":"https:\/\/categero.org.br\/antigo\/index.php?rest_route=\/wp\/v2\/pages\/3838"}],"wp:attachment":[{"href":"https:\/\/categero.org.br\/antigo\/index.php?rest_route=%2Fwp%2Fv2%2Fmedia&parent=1434"}],"curies":[{"name":"wp","href":"https:\/\/api.w.org\/{rel}","templated":true}]}}