{"id":13117,"date":"2018-07-06T12:38:58","date_gmt":"2018-07-06T15:38:58","guid":{"rendered":"http:\/\/categero.org.br\/?page_id=13117"},"modified":"2018-07-06T17:55:09","modified_gmt":"2018-07-06T20:55:09","slug":"mg-lambari-cia-folclorica-de-mocambique-santo-antonio-de-categero-espaco-de-raiz-e-devocao","status":"publish","type":"page","link":"https:\/\/categero.org.br\/antigo\/?page_id=13117","title":{"rendered":"MG &#8211; Lambari &#8211; Cia folcl\u00f3rica de Mo\u00e7ambique Santo Ant\u00f4nio de Categer\u00f3 &#8211; Espa\u00e7o de raiz e Devo\u00e7\u00e3o"},"content":{"rendered":"<div id=\"attachment_13119\" style=\"width: 310px\" class=\"wp-caption aligncenter\"><img loading=\"lazy\" decoding=\"async\" aria-describedby=\"caption-attachment-13119\" width=\"300\" height=\"236\" class=\"wp-image-13119 size-medium\" alt=\"\" src=\"http:\/\/categero.org.br\/wp-content\/uploads\/2018\/07\/MG-Lambari-GCM-SAC-01-300x236.jpg\" srcset=\"https:\/\/categero.org.br\/antigo\/wp-content\/uploads\/2018\/07\/MG-Lambari-GCM-SAC-01-300x236.jpg 300w, https:\/\/categero.org.br\/antigo\/wp-content\/uploads\/2018\/07\/MG-Lambari-GCM-SAC-01-495x390.jpg 495w, https:\/\/categero.org.br\/antigo\/wp-content\/uploads\/2018\/07\/MG-Lambari-GCM-SAC-01.jpg 621w\" sizes=\"auto, (max-width: 300px) 100vw, 300px\" \/><p id=\"caption-attachment-13119\" class=\"wp-caption-text\">O estandarte de Santo Ant\u00f4nio de Categer\u00f3<\/p><\/div>\n<p style=\"text-align: right;\"><strong><i>Link &#8211; &nbsp;<a href=\"http:\/\/categero.org.br\/?p=11452\" target=\"_blank\" rel=\"noopener noreferrer\">Datas de Categer\u00f3 &#8211; Nota do Portal<br \/>\n<\/a><\/i><\/strong><em><strong>Link &#8211; &nbsp;<a href=\"http:\/\/categero.org.br\/?p=11933\" target=\"_blank\" rel=\"noopener noreferrer\">Perfil, Linha do Tempo e Vaticano &#8211; Nota do Portal<\/a><\/strong><\/em><\/p>\n<p>Dois fatos, independentes, mas sobremaneira historicamente interligados, devem ser observados na apresenta\u00e7\u00e3o dessa entidade. A Compahia folcl\u00f3rica de Mo\u00e7ambique Santo Ant\u00f4nio de Categer\u00f3, que fez sua primeira apresenta\u00e7\u00e3o no ano de 2017, portanto iniciativa que est\u00e1 bem em seu come\u00e7o, refere duas aut\u00eanticas tradi\u00e7\u00f5es dos brasileiros, em suas regionalidades.<\/p>\n<p>A forma\u00e7\u00e3o do grupo \u00e9 um resgate \u00e0 cultura regional, evocando as festas de Mo\u00e7ambique, mas, tamb\u00e9m, como no passado, al\u00e9m do resgate \u00e0 tradi\u00e7\u00e3o cultural, atuando essa tradi\u00e7\u00e3o folcl\u00f3rica, com sua vertente religiosa, como se estabeleceu a partir do Brasil col\u00f4nia.<\/p>\n<p>Essa p\u00e1gina de apresenta\u00e7\u00e3o se tornar\u00e1, posteriormente, nossa primeira postagem, quando recebermos as informa\u00e7\u00f5es fundacionais de idealizadores, dirigentes, atual gest\u00e3o, seus objetivos, bem como de um breve relato de como foi a estreia da entidade, junto \u00e0 comunidade Lambariense, em Minas Gerais.<\/p>\n<p>Atualmente, s\u00e3o aproximadamente, de 25 pessoas que integram a entidade. Os primeiros encontros iniciando a forma\u00e7\u00e3o da entidade forma h\u00e1 cinco anos. Al\u00e9m das quest\u00f5es tradi\u00e7\u00e3o especifica, dan\u00e7ante e musical, eles mant\u00e9m o encontro mensal como grupo de ora\u00e7\u00e3o. O contato do Portal foi feito com o Anderson do Carmo, a partir da p\u00e1gina Facebook, que ele escreve para a Cia Folcl\u00f3rica Santo Ant\u00f4nio de Categer\u00f3 no endere\u00e7o:&nbsp;<br \/>\n<a href=\"https:\/\/www.facebook.com\/CompanhiaFolcloricaMocambique\" target=\"_blank\" rel=\"noopener\">https:\/\/www.facebook.com\/CompanhiaFolcloricaMocambique<\/a>\/<\/p>\n<p>Este \u00e9 o come\u00e7o de nossa divulga\u00e7\u00e3o, em tudo que seja poss\u00edvel. Nossos parab\u00e9ns pela iniciativa e tenham nossa solidariedade.&nbsp; Estamos irmanados em Beato Santo Ant\u00f4nio de Categer\u00f3.<\/p>\n<p style=\"padding-left: 60px;\"><img loading=\"lazy\" decoding=\"async\" width=\"190\" height=\"190\" class=\" wp-image-13118 alignleft\" alt=\"\" src=\"http:\/\/categero.org.br\/wp-content\/uploads\/2018\/07\/35430647_2184287228513914_8583800270599749632_n.jpg\" srcset=\"https:\/\/categero.org.br\/antigo\/wp-content\/uploads\/2018\/07\/35430647_2184287228513914_8583800270599749632_n.jpg 318w, https:\/\/categero.org.br\/antigo\/wp-content\/uploads\/2018\/07\/35430647_2184287228513914_8583800270599749632_n-150x150.jpg 150w, https:\/\/categero.org.br\/antigo\/wp-content\/uploads\/2018\/07\/35430647_2184287228513914_8583800270599749632_n-300x300.jpg 300w, https:\/\/categero.org.br\/antigo\/wp-content\/uploads\/2018\/07\/35430647_2184287228513914_8583800270599749632_n-50x50.jpg 50w\" sizes=\"auto, (max-width: 190px) 100vw, 190px\" \/><\/p>\n<p>Santo Ant\u00f4nio de Categer\u00f3<br \/>\nRogai por n\u00f3s<br \/>\nSanto Ant\u00f4nio de Categer\u00f3<br \/>\nAjude-nos a preservar neste caminho<br \/>\nSanto Ant\u00f4nio de Categer\u00f3<br \/>\nSeja nosso intercessor em Cristo<br \/>\n&nbsp; &nbsp; &nbsp; &nbsp; &nbsp; &nbsp; &nbsp; &nbsp; &nbsp; &nbsp; &nbsp; &nbsp; &nbsp; &nbsp; &nbsp; &nbsp; &nbsp; &nbsp; &nbsp; &nbsp; &nbsp; &nbsp; &nbsp; &nbsp; &nbsp; &nbsp; &nbsp; &nbsp; Am\u00e9m<\/p>\n<p>&nbsp;<\/p>\n<p style=\"text-align: right;\"><strong><i>Link &#8211; &nbsp;<a href=\"http:\/\/categero.org.br\/?p=11452\" target=\"_blank\" rel=\"noopener noreferrer\">Datas de Categer\u00f3 &#8211; Nota do Portal<br \/>\n<\/a><\/i><\/strong><em><strong>Link &#8211; &nbsp;<a href=\"http:\/\/categero.org.br\/?p=11933\" target=\"_blank\" rel=\"noopener noreferrer\">Perfil, Linha do Tempo e Vaticano &#8211; Nota do Portal<\/a><\/strong><\/em><\/p>\n<p style=\"text-align: right;\"><strong>Grupo Cia Folcl\u00f3rica de Mo\u00e7ambique<\/strong><br \/>\n<strong>Santo Ant\u00f4nio de Categer\u00f3&nbsp;<\/strong><br \/>\n<span style=\"display: inline !important; float: none; background-color: transparent; color: #333333; cursor: text; font-family: Georgia,'Times New Roman','Bitstream Charter',Times,serif; font-size: 16px; font-style: normal; font-variant: normal; font-weight: 400; letter-spacing: normal; orphans: 2; text-align: left; text-decoration: none; text-indent: 0px; text-transform: none; -webkit-text-stroke-width: 0px; white-space: normal; word-spacing: 0px;\">Endere\u00e7o<\/span>:<br \/>\nRua Messias Machado da Silveira&nbsp; n\u00ba 03,<br \/>\n<span style=\"display: inline !important; float: none; background-color: transparent; color: #333333; cursor: text; font-family: Georgia,'Times New Roman','Bitstream Charter',Times,serif; font-size: 16px; font-style: normal; font-variant: normal; font-weight: 400; letter-spacing: normal; orphans: 2; text-align: left; text-decoration: none; text-indent: 0px; text-transform: none; -webkit-text-stroke-width: 0px; white-space: normal; word-spacing: 0px;\">CEP 37.480-000&nbsp;<\/span> &#8211; Bairro Vila Nova;<br \/>\nLambari &#8211; MG &#8211; Fone (<span style=\"display: inline !important; float: none; background-color: transparent; color: #333333; cursor: text; font-family: Georgia,'Times New Roman','Bitstream Charter',Times,serif; font-size: 16px; font-style: normal; font-variant: normal; font-weight: 400; letter-spacing: normal; orphans: 2; text-align: left; text-decoration: none; text-indent: 0px; text-transform: none; -webkit-text-stroke-width: 0px; white-space: normal; word-spacing: 0px;\">35) 99905-8097.<\/span><\/p>\n<div class=\"_4bl7\">&nbsp;<\/div>\n","protected":false},"excerpt":{"rendered":"<p>Link &#8211; &nbsp;Datas de Categer\u00f3 &#8211; Nota do Portal Link &#8211; &nbsp;Perfil, Linha do Tempo e Vaticano &#8211; Nota do Portal Dois fatos, independentes, mas sobremaneira historicamente interligados, devem ser observados na apresenta\u00e7\u00e3o dessa entidade. A Compahia folcl\u00f3rica de Mo\u00e7ambique Santo Ant\u00f4nio de Categer\u00f3, que fez sua primeira apresenta\u00e7\u00e3o no ano de 2017, portanto iniciativa [&hellip;]<\/p>\n","protected":false},"author":1,"featured_media":13119,"parent":8870,"menu_order":0,"comment_status":"closed","ping_status":"closed","template":"","meta":{"ngg_post_thumbnail":0,"footnotes":""},"class_list":["post-13117","page","type-page","status-publish","has-post-thumbnail","hentry"],"_links":{"self":[{"href":"https:\/\/categero.org.br\/antigo\/index.php?rest_route=\/wp\/v2\/pages\/13117","targetHints":{"allow":["GET"]}}],"collection":[{"href":"https:\/\/categero.org.br\/antigo\/index.php?rest_route=\/wp\/v2\/pages"}],"about":[{"href":"https:\/\/categero.org.br\/antigo\/index.php?rest_route=\/wp\/v2\/types\/page"}],"author":[{"embeddable":true,"href":"https:\/\/categero.org.br\/antigo\/index.php?rest_route=\/wp\/v2\/users\/1"}],"replies":[{"embeddable":true,"href":"https:\/\/categero.org.br\/antigo\/index.php?rest_route=%2Fwp%2Fv2%2Fcomments&post=13117"}],"version-history":[{"count":6,"href":"https:\/\/categero.org.br\/antigo\/index.php?rest_route=\/wp\/v2\/pages\/13117\/revisions"}],"predecessor-version":[{"id":13137,"href":"https:\/\/categero.org.br\/antigo\/index.php?rest_route=\/wp\/v2\/pages\/13117\/revisions\/13137"}],"up":[{"embeddable":true,"href":"https:\/\/categero.org.br\/antigo\/index.php?rest_route=\/wp\/v2\/pages\/8870"}],"wp:featuredmedia":[{"embeddable":true,"href":"https:\/\/categero.org.br\/antigo\/index.php?rest_route=\/wp\/v2\/media\/13119"}],"wp:attachment":[{"href":"https:\/\/categero.org.br\/antigo\/index.php?rest_route=%2Fwp%2Fv2%2Fmedia&parent=13117"}],"curies":[{"name":"wp","href":"https:\/\/api.w.org\/{rel}","templated":true}]}}