{"id":12863,"date":"2017-11-28T20:00:16","date_gmt":"2017-11-28T23:00:16","guid":{"rendered":"http:\/\/categero.org.br\/?page_id=12863"},"modified":"2017-11-28T22:22:27","modified_gmt":"2017-11-29T01:22:27","slug":"12863-2","status":"publish","type":"page","link":"https:\/\/categero.org.br\/antigo\/?page_id=12863","title":{"rendered":"2. Regi\u00e3o Norte (Br)"},"content":{"rendered":"<p style=\"text-align: center;\"><img loading=\"lazy\" decoding=\"async\" width=\"208\" height=\"275\" class=\"aligncenter wp-image-12865\" alt=\"\" src=\"http:\/\/categero.org.br\/wp-content\/uploads\/2017\/11\/3.-Categer\u00f3-Meio-corpo-Color.jpg\" srcset=\"https:\/\/categero.org.br\/antigo\/wp-content\/uploads\/2017\/11\/3.-Categer\u00f3-Meio-corpo-Color.jpg 482w, https:\/\/categero.org.br\/antigo\/wp-content\/uploads\/2017\/11\/3.-Categer\u00f3-Meio-corpo-Color-227x300.jpg 227w\" sizes=\"auto, (max-width: 208px) 100vw, 208px\" \/><\/p>\n<p style=\"text-align: center;\"><strong>Imagens do <\/strong><br \/>\n<strong>Beato Ant\u00f4nio de Categer\u00f3<\/strong><br \/>\n<strong>cadastradas nesta Regi\u00e3o do Brasil:<\/strong><\/p>\n<div id=\"wrapper\">\n<div id=\"innerContent\">\n<div id=\"innerLeft\">\n<div class=\"post\">\n<p style=\"padding-left: 90px;\">&nbsp;<\/p>\n<p style=\"padding-left: 90px;\"><strong>ESTADO DO PAR\u00c1\u0081<br \/>\n<\/strong>PA &#8211; Ilha do Maraj\u00f3 &#8211; <a href=\"http:\/\/categero.org.br\/2-altares-da-fe\/ilha-de-marajo-pa-eva-abufaiad\/\" target=\"_blank\" rel=\"noopener noreferrer\">Orat\u00f3rio Particular de Eva Abufaiad<\/a><\/p>\n<p style=\"padding-left: 90px;\"><strong>TERRIT\u00d3IO DE ROND\u00d4NIA\u0081 &nbsp;<br \/>\n<\/strong>RO &#8211; Porto Velho &#8211; <a href=\"http:\/\/categero.org.br\/na-igreja-de-nossa-senhora-de-fatima-em-porto-velho-ha-devocao-ao-beato-antonio-de-categero\/\" target=\"_blank\" rel=\"noopener noreferrer\">Igreja de Nossa Senhora de F\u00e1tima<\/a>&nbsp;<\/p>\n<div id=\"wrapper\" style=\"padding-left: 90px;\">\n<div id=\"innerContent\" style=\"padding-left: 90px;\">\n<div id=\"innerLeft\" style=\"padding-left: 90px;\">\n<div class=\"post\" style=\"padding-left: 90px;\">\n<p>.<\/p>\n<p style=\"text-align: center;\">&nbsp;<\/p>\n<p style=\"text-align: center;\"><img loading=\"lazy\" decoding=\"async\" width=\"397\" height=\"198\" class=\"size-full wp-image-12864 alignleft\" alt=\"\" src=\"http:\/\/categero.org.br\/wp-content\/uploads\/2017\/11\/Baner-AF-Reg-Norte.jpg\" srcset=\"https:\/\/categero.org.br\/antigo\/wp-content\/uploads\/2017\/11\/Baner-AF-Reg-Norte.jpg 397w, https:\/\/categero.org.br\/antigo\/wp-content\/uploads\/2017\/11\/Baner-AF-Reg-Norte-300x150.jpg 300w\" sizes=\"auto, (max-width: 397px) 100vw, 397px\" \/><\/p>\n<\/div>\n<\/div>\n<\/div>\n<\/div>\n<\/div>\n<\/div>\n<\/div>\n<\/div>\n","protected":false},"excerpt":{"rendered":"<p>Imagens do Beato Ant\u00f4nio de Categer\u00f3 cadastradas nesta Regi\u00e3o do Brasil: &nbsp; ESTADO DO PAR\u00c1\u0081 PA &#8211; Ilha do Maraj\u00f3 &#8211; Orat\u00f3rio Particular de Eva Abufaiad TERRIT\u00d3IO DE ROND\u00d4NIA\u0081 &nbsp; RO &#8211; Porto Velho &#8211; Igreja de Nossa Senhora de F\u00e1tima&nbsp; . &nbsp;<\/p>\n","protected":false},"author":1,"featured_media":12864,"parent":6,"menu_order":0,"comment_status":"closed","ping_status":"closed","template":"","meta":{"ngg_post_thumbnail":0,"footnotes":""},"class_list":["post-12863","page","type-page","status-publish","has-post-thumbnail","hentry"],"_links":{"self":[{"href":"https:\/\/categero.org.br\/antigo\/index.php?rest_route=\/wp\/v2\/pages\/12863","targetHints":{"allow":["GET"]}}],"collection":[{"href":"https:\/\/categero.org.br\/antigo\/index.php?rest_route=\/wp\/v2\/pages"}],"about":[{"href":"https:\/\/categero.org.br\/antigo\/index.php?rest_route=\/wp\/v2\/types\/page"}],"author":[{"embeddable":true,"href":"https:\/\/categero.org.br\/antigo\/index.php?rest_route=\/wp\/v2\/users\/1"}],"replies":[{"embeddable":true,"href":"https:\/\/categero.org.br\/antigo\/index.php?rest_route=%2Fwp%2Fv2%2Fcomments&post=12863"}],"version-history":[{"count":9,"href":"https:\/\/categero.org.br\/antigo\/index.php?rest_route=\/wp\/v2\/pages\/12863\/revisions"}],"predecessor-version":[{"id":12889,"href":"https:\/\/categero.org.br\/antigo\/index.php?rest_route=\/wp\/v2\/pages\/12863\/revisions\/12889"}],"up":[{"embeddable":true,"href":"https:\/\/categero.org.br\/antigo\/index.php?rest_route=\/wp\/v2\/pages\/6"}],"wp:featuredmedia":[{"embeddable":true,"href":"https:\/\/categero.org.br\/antigo\/index.php?rest_route=\/wp\/v2\/media\/12864"}],"wp:attachment":[{"href":"https:\/\/categero.org.br\/antigo\/index.php?rest_route=%2Fwp%2Fv2%2Fmedia&parent=12863"}],"curies":[{"name":"wp","href":"https:\/\/api.w.org\/{rel}","templated":true}]}}