{"id":11636,"date":"2017-01-31T20:57:58","date_gmt":"2017-01-31T23:57:58","guid":{"rendered":"http:\/\/categero.org.br\/?page_id=11636"},"modified":"2017-02-03T08:59:29","modified_gmt":"2017-02-03T11:59:29","slug":"museu-afro-brasil-no-estado-de-sao-paulo-capital","status":"publish","type":"page","link":"https:\/\/categero.org.br\/antigo\/?page_id=11636","title":{"rendered":"Museu Afro Brasil na Capital do Estado de S\u00e3o Paulo tem o Beato Ant\u00f4nio de Categer\u00f3"},"content":{"rendered":"<p>&nbsp;<\/p>\n<div id=\"attachment_11639\" style=\"width: 509px\" class=\"wp-caption aligncenter\"><img loading=\"lazy\" decoding=\"async\" aria-describedby=\"caption-attachment-11639\" class=\"wp-image-11639\" src=\"http:\/\/categero.org.br\/wp-content\/uploads\/2017\/01\/1-Baner-MAB-Categero.jpg\" alt=\"1 Baner-MAB-Categero\" width=\"499\" height=\"250\" srcset=\"https:\/\/categero.org.br\/antigo\/wp-content\/uploads\/2017\/01\/1-Baner-MAB-Categero.jpg 1654w, https:\/\/categero.org.br\/antigo\/wp-content\/uploads\/2017\/01\/1-Baner-MAB-Categero-300x150.jpg 300w, https:\/\/categero.org.br\/antigo\/wp-content\/uploads\/2017\/01\/1-Baner-MAB-Categero-768x384.jpg 768w, https:\/\/categero.org.br\/antigo\/wp-content\/uploads\/2017\/01\/1-Baner-MAB-Categero-1024x512.jpg 1024w, https:\/\/categero.org.br\/antigo\/wp-content\/uploads\/2017\/01\/1-Baner-MAB-Categero-495x248.jpg 495w\" sizes=\"auto, (max-width: 499px) 100vw, 499px\" \/><p id=\"caption-attachment-11639\" class=\"wp-caption-text\">Emanoel Ara\u00fajo, diretor do MAB, fachada do Museu dentro do Ibirapuera e o Beato Categer\u00f3 indicando que h\u00e1 refer\u00eancias suas nessa casa de cultura<\/p><\/div>\n<p style=\"text-align: right;\"><em><strong>VEJA MAIS \u00a0&#8211;\u00a0<a href=\"http:\/\/categero.org.br\/?p=10996\" target=\"_blank\">\u00a0<\/a><a href=\"http:\/\/categero.org.br\/?p=11645\" target=\"_blank\">Not\u00edcias \u00a0sobre Categer\u00f3 neste Museu em nosso Portal<\/a><\/strong><\/em><\/p>\n<p>&nbsp;<\/p>\n<p style=\"text-align: justify;\">O Museu Afro Brasil, no Parque Ibirapuera em S\u00e3o Paulo, destaca a perspectiva africana na forma\u00e7\u00e3o do patrim\u00f4nio, identidade e cultura brasileira, celebrando a Mem\u00f3ria, Hist\u00f3ria e a Arte Brasileira e a Afro Brasileira.<\/p>\n<p style=\"text-align: right;\"><em>(abertura transcrita do Site do MAB, na Internet)<\/em><\/p>\n<div id=\"attachment_11638\" style=\"width: 508px\" class=\"wp-caption aligncenter\"><img loading=\"lazy\" decoding=\"async\" aria-describedby=\"caption-attachment-11638\" class=\"wp-image-11638\" src=\"http:\/\/categero.org.br\/wp-content\/uploads\/2017\/01\/Capas-Catalogo-300x187.jpg\" alt=\"Capas-Catalogo-300x187\" width=\"498\" height=\"310\" \/><p id=\"caption-attachment-11638\" class=\"wp-caption-text\">Capa e contracapa do Cat\u00e1logo, &#8220;Benedito das Flores e Antonio de Categer\u00f3&#8221; desenvolvido pelo Governo do Estado de S\u00e3o Paulo, atrav\u00e9s de sua pasta da cultura, em co-edi\u00e7\u00e3o com o Museu de Arte Sacra\/SP, sob a curadoria do diretor do Museu Afro Brasil, Emanoel Ara\u00fajo, em 2011.<\/p><\/div>\n<p>&nbsp;<\/p>\n<div id=\"attachment_11640\" style=\"width: 307px\" class=\"wp-caption aligncenter\"><img loading=\"lazy\" decoding=\"async\" aria-describedby=\"caption-attachment-11640\" class=\"wp-image-11640\" src=\"http:\/\/categero.org.br\/wp-content\/uploads\/2017\/01\/1-O-Catg-do-Museu-Afro-Brasil.jpg\" alt=\"-1 O Catg do Museu Afro Brasil\" width=\"297\" height=\"384\" srcset=\"https:\/\/categero.org.br\/antigo\/wp-content\/uploads\/2017\/01\/1-O-Catg-do-Museu-Afro-Brasil.jpg 480w, https:\/\/categero.org.br\/antigo\/wp-content\/uploads\/2017\/01\/1-O-Catg-do-Museu-Afro-Brasil-232x300.jpg 232w\" sizes=\"auto, (max-width: 297px) 100vw, 297px\" \/><p id=\"caption-attachment-11640\" class=\"wp-caption-text\">Bela imagem do Beato Ant\u00f4nio de Categer\u00f3, com 80 cm de altura, de autor desconhecido, marcada como do s\u00e9culo XIX. Al\u00e9m dessa imagem, talvez, exista uma d\u00fazia de outros Categer\u00f3s nesse Museu.<\/p><\/div>\n<p style=\"text-align: right;\"><em><strong>VEJA MAIS &#8211;\u00a0<a href=\"http:\/\/categero.org.br\/?p=11645\" target=\"_blank\">Not\u00edcias \u00a0sobre Categer\u00f3 neste Museu em nosso Portal<\/a><\/strong><\/em><\/p>\n<p><strong>Museu Afro Brasil &#8211; informa\u00e7\u00f5es gerais<\/strong><strong><br \/>\n<\/strong>Av. Pedro \u00c1lvares Cabral, s\/n<br \/>\nParque Ibirapuera &#8211; Port\u00e3o 10<br \/>\nS\u00e3o Paulo \/ SP &#8211; 04094 050<br \/>\nFone: 55 11 3320-8900<br \/>\nwww.museuafrobrasil.org.br<\/p>\n<p><strong>Informa\u00e7\u00f5es para a imprensa \u2013 Museu Afro Brasil<\/strong><strong><br \/>\n<\/strong>Luiza Magalh\u00e3es (11)3320-8940 \u2013\u00a0<a href=\"mailto:luiza.magalhaes@museuafrobrasil.org.br\">luiza.magalhaes@museuafrobrasil.org.br<\/a><br \/>\nNatalia Moriyama: (11) 3320-8914 \u2013\u00a0<a href=\"mailto:natalia@museuafrobrasil.org.br\">natalia@museuafrobrasil.org.br<\/a><\/p>\n<p><strong>Informa\u00e7\u00f5es para a imprensa &#8211; Secretaria da Cultura do Estado de S\u00e3o Paulo\u00a0<\/strong><strong><br \/>\n<\/strong>Viviane Ferreira \u2013 (11) 3339 8243 \u2013\u00a0<a href=\"mailto:viferreira@sp.gov.br\">viferreira@sp.gov.br<\/a><br \/>\nGisele Turteltaub (11) 3339-8162 |\u00a0<a href=\"mailto:gisele@sp.gov.br\">gisele@sp.gov.br<\/a><\/p>\n<p><strong>Informa\u00e7\u00f5es do hor\u00e1rio de funcionamento:<\/strong><\/p>\n<p>De ter\u00e7a-feira a domingo, das\u00a0<strong>10hs \u00e0s 17hs,<\/strong><strong><br \/>\n<\/strong><strong>com perman\u00eancia at\u00e9 \u00e0s 18hs.\u00a0<\/strong><\/p>\n<p><strong>Ingresso:<\/strong><\/p>\n<p>Ingresso: R$ 6,00 &#8211; Meia Entrada: R$ 3,00<br \/>\n<strong>Gratuidade aos s\u00e1bados\u00a0<\/strong><br \/>\nConfira aqui a<strong>\u00a0<a href=\"http:\/\/www.museuafrobrasil.org.br\/visite\/planeje-sua-visita\/entrada-e-horario-de-funcionamento\">Pol\u00edtica de gratuidade\u00a0<\/a><\/strong><strong><br \/>\n<\/strong><br \/>\n<strong>Visita Mediada:<\/strong><br \/>\nO Museu Afro Brasil agenda visitas mediadas para os seguintes dias e hor\u00e1rios:<br \/>\nTer\u00e7a a sexta-feira 9h30, 11h30, 13h30 e 15h30<br \/>\nS\u00e1bados 10h30 e 14h<br \/>\nDomingos 11h<\/p>\n<p style=\"text-align: right;\"><em><strong>VEJA MAIS &#8211;\u00a0<a href=\"http:\/\/categero.org.br\/?p=11645\" target=\"_blank\">Not\u00edcias \u00a0sobre Categer\u00f3 neste Museu em nosso Portal<\/a><\/strong><\/em><\/p>\n<p style=\"text-align: center;\"><img loading=\"lazy\" decoding=\"async\" class=\"aligncenter size-full wp-image-11641\" src=\"http:\/\/categero.org.br\/wp-content\/uploads\/2017\/01\/1-Baner-Museu.jpg\" alt=\"-1 Baner-Museu\" width=\"397\" height=\"198\" srcset=\"https:\/\/categero.org.br\/antigo\/wp-content\/uploads\/2017\/01\/1-Baner-Museu.jpg 397w, https:\/\/categero.org.br\/antigo\/wp-content\/uploads\/2017\/01\/1-Baner-Museu-300x150.jpg 300w\" sizes=\"auto, (max-width: 397px) 100vw, 397px\" \/><\/p>\n","protected":false},"excerpt":{"rendered":"<p>&nbsp; VEJA MAIS \u00a0&#8211;\u00a0\u00a0Not\u00edcias \u00a0sobre Categer\u00f3 neste Museu em nosso Portal &nbsp; O Museu Afro Brasil, no Parque Ibirapuera em S\u00e3o Paulo, destaca a perspectiva africana na forma\u00e7\u00e3o do patrim\u00f4nio, identidade e cultura brasileira, celebrando a Mem\u00f3ria, Hist\u00f3ria e a Arte Brasileira e a Afro Brasileira. (abertura transcrita do Site do MAB, na Internet) &nbsp; [&hellip;]<\/p>\n","protected":false},"author":1,"featured_media":11641,"parent":8867,"menu_order":0,"comment_status":"closed","ping_status":"closed","template":"","meta":{"ngg_post_thumbnail":0,"footnotes":""},"class_list":["post-11636","page","type-page","status-publish","has-post-thumbnail","hentry"],"_links":{"self":[{"href":"https:\/\/categero.org.br\/antigo\/index.php?rest_route=\/wp\/v2\/pages\/11636","targetHints":{"allow":["GET"]}}],"collection":[{"href":"https:\/\/categero.org.br\/antigo\/index.php?rest_route=\/wp\/v2\/pages"}],"about":[{"href":"https:\/\/categero.org.br\/antigo\/index.php?rest_route=\/wp\/v2\/types\/page"}],"author":[{"embeddable":true,"href":"https:\/\/categero.org.br\/antigo\/index.php?rest_route=\/wp\/v2\/users\/1"}],"replies":[{"embeddable":true,"href":"https:\/\/categero.org.br\/antigo\/index.php?rest_route=%2Fwp%2Fv2%2Fcomments&post=11636"}],"version-history":[{"count":5,"href":"https:\/\/categero.org.br\/antigo\/index.php?rest_route=\/wp\/v2\/pages\/11636\/revisions"}],"predecessor-version":[{"id":11658,"href":"https:\/\/categero.org.br\/antigo\/index.php?rest_route=\/wp\/v2\/pages\/11636\/revisions\/11658"}],"up":[{"embeddable":true,"href":"https:\/\/categero.org.br\/antigo\/index.php?rest_route=\/wp\/v2\/pages\/8867"}],"wp:featuredmedia":[{"embeddable":true,"href":"https:\/\/categero.org.br\/antigo\/index.php?rest_route=\/wp\/v2\/media\/11641"}],"wp:attachment":[{"href":"https:\/\/categero.org.br\/antigo\/index.php?rest_route=%2Fwp%2Fv2%2Fmedia&parent=11636"}],"curies":[{"name":"wp","href":"https:\/\/api.w.org\/{rel}","templated":true}]}}