{"id":11265,"date":"2017-01-07T06:36:48","date_gmt":"2017-01-07T09:36:48","guid":{"rendered":"http:\/\/categero.org.br\/?page_id=11265"},"modified":"2017-01-07T06:45:42","modified_gmt":"2017-01-07T09:45:42","slug":"sptaubate-igreja-de-nossa-senhora-dos-pretos-de-taubate-e-categero","status":"publish","type":"page","link":"https:\/\/categero.org.br\/antigo\/?page_id=11265","title":{"rendered":"SP\/Taubat\u00e9 \u2013 Igreja de Nossa Senhora dos Pretos de Taubat\u00e9 e Categer\u00f3"},"content":{"rendered":"<p>&nbsp;<\/p>\n<p><img loading=\"lazy\" decoding=\"async\" class=\"wp-image-11224 alignleft\" src=\"http:\/\/categero.org.br\/wp-content\/uploads\/2016\/12\/3.-Categer\u00f3-Meio-corpo-Color.jpg\" alt=\"3-categero-meio-corpo-color\" width=\"146\" height=\"193\" srcset=\"https:\/\/categero.org.br\/antigo\/wp-content\/uploads\/2016\/12\/3.-Categer\u00f3-Meio-corpo-Color.jpg 482w, https:\/\/categero.org.br\/antigo\/wp-content\/uploads\/2016\/12\/3.-Categer\u00f3-Meio-corpo-Color-227x300.jpg 227w\" sizes=\"auto, (max-width: 146px) 100vw, 146px\" \/><\/p>\n<p>Foi citado o Beato Ant\u00f4nio de Categer\u00f3, pelo jornal Contato, da cidade de Taubat\u00e9, (ano 12 &#8211; Ed 536 &#8211; 24Fev \u00a002Mar 2013, p\u00e1g. 11), na mat\u00e9ria &#8220;Bo\u00eamios da estiva&#8230; estivando nossas origens&#8221;. H\u00e1 inclusive a cita\u00e7\u00e3o, muito clara: N\u00e3o \u00e9 sem tradi\u00e7\u00e3o que o dia de S\u00e3o Benedito, S\u00e3o Jo\u00e3o, a Folia de Reis, ou celebra\u00e7\u00f5es da &#8220;velha igreja de Santo Ant\u00f4nio de Catiger\u00f3&#8221; (grifo nosso) evocam explica\u00e7\u00f5es associadas ao batuque.<br \/>\nE continua: \u00a0&#8220;Os tambores sempre estiveram presentes em nossas manifesta\u00e7\u00f5es populares. E as festas negras de Taubat\u00e9 desdobraram a voca\u00e7\u00e3o liter\u00e1ria. N\u00e3o foi, portanto, sem raz\u00e3o que Taubat\u00e9 se colocou entre as poucas cidades que libertaram os escravos antes da Lei \u00c1urea, no dia 4 de mar\u00e7o de 1988.&#8221;<\/p>\n<p>Vamos coletar mais dados e buscar informa\u00e7\u00f5es na Igreja de Nossa Senhora dos Pretos de Taubat\u00e9, que deve ser o reposit\u00f3rio dos aspectos devocionais dessa cultura. \u00a0At\u00e9, porque a cita\u00e7\u00e3o de uma velha igreja de Santo Ant\u00f4nio de Catiger\u00f3 \u00e9 de suma import\u00e2ncia em nossa pesquisa.<\/p>\n<p style=\"text-align: center;\"><img loading=\"lazy\" decoding=\"async\" class=\"aligncenter wp-image-11268\" src=\"http:\/\/categero.org.br\/wp-content\/uploads\/2017\/01\/Igr-NSRos-Taubat\u00e9-1.jpg\" alt=\"igr-nsros-taubate-1\" width=\"364\" height=\"242\" srcset=\"https:\/\/categero.org.br\/antigo\/wp-content\/uploads\/2017\/01\/Igr-NSRos-Taubat\u00e9-1.jpg 654w, https:\/\/categero.org.br\/antigo\/wp-content\/uploads\/2017\/01\/Igr-NSRos-Taubat\u00e9-1-300x199.jpg 300w, https:\/\/categero.org.br\/antigo\/wp-content\/uploads\/2017\/01\/Igr-NSRos-Taubat\u00e9-1-495x328.jpg 495w, https:\/\/categero.org.br\/antigo\/wp-content\/uploads\/2017\/01\/Igr-NSRos-Taubat\u00e9-1-75x50.jpg 75w, https:\/\/categero.org.br\/antigo\/wp-content\/uploads\/2017\/01\/Igr-NSRos-Taubat\u00e9-1-120x80.jpg 120w\" sizes=\"auto, (max-width: 364px) 100vw, 364px\" \/><\/p>\n<p style=\"text-align: center;\"><strong>\u00a0Igreja de Nossa Senhora dos Pretos de Taubat\u00e9\u00a0<\/strong><\/p>\n<p>A Igreja de Nossa Senhora do Ros\u00e1rio, que no in\u00edcio era apenas uma capela, foi constru\u00edda entre os anos 1700 e 1705 pela Irmandade de Nossa Senhora dos Homens Pretos.<\/p>\n<p>Um s\u00e9culo depois, o pr\u00e9dio precisou ser reedificado para evitar o desabamento. Para isso uma associa\u00e7\u00e3o entre mun\u00edcipes e Irmandade foi firmada em 1862. Somente 20 anos ap\u00f3s o in\u00edcio das obras os trabalhos foram finalizados.<\/p>\n<p>A capela passou a ser Par\u00f3quia de Nossa Senhora do Ros\u00e1rio em 7 de janeiro de 1925, por determina\u00e7\u00e3o do bispo de Taubat\u00e9, Dom Epaminondas Nunes de \u00c1vila e Silva.<\/p>\n<p>Conhecida como Igreja do Ros\u00e1rio, ela j\u00e1 passou por algumas reformas, n\u00e3o alterando o padr\u00e3o arquitet\u00f4nico colonial paulista, marcado por linhas s\u00f3brias e harmoniosas das constru\u00e7\u00f5es sacras.<\/p>\n<p>Para os estudiosos, a segunda par\u00f3quia criada em Taubat\u00e9 \u00e9 uma parada obrigat\u00f3ria para o conhecimento sobre a arquitetura sacra tradicional da regi\u00e3o, sendo um belo exemplo do Barroco Paulista.<\/p>\n<p>Atualmente a igreja est\u00e1 fechada para restauro. (Google 07\/01\/17)<\/p>\n<p style=\"text-align: center;\"><img loading=\"lazy\" decoding=\"async\" class=\"aligncenter size-full wp-image-11270\" src=\"http:\/\/categero.org.br\/wp-content\/uploads\/2017\/01\/Banner-Taubate.jpg\" alt=\"banner-taubate\" width=\"425\" height=\"283\" srcset=\"https:\/\/categero.org.br\/antigo\/wp-content\/uploads\/2017\/01\/Banner-Taubate.jpg 425w, https:\/\/categero.org.br\/antigo\/wp-content\/uploads\/2017\/01\/Banner-Taubate-300x200.jpg 300w, https:\/\/categero.org.br\/antigo\/wp-content\/uploads\/2017\/01\/Banner-Taubate-75x50.jpg 75w, https:\/\/categero.org.br\/antigo\/wp-content\/uploads\/2017\/01\/Banner-Taubate-120x80.jpg 120w\" sizes=\"auto, (max-width: 425px) 100vw, 425px\" \/><\/p>\n","protected":false},"excerpt":{"rendered":"<p>&nbsp; Foi citado o Beato Ant\u00f4nio de Categer\u00f3, pelo jornal Contato, da cidade de Taubat\u00e9, (ano 12 &#8211; Ed 536 &#8211; 24Fev \u00a002Mar 2013, p\u00e1g. 11), na mat\u00e9ria &#8220;Bo\u00eamios da estiva&#8230; estivando nossas origens&#8221;. H\u00e1 inclusive a cita\u00e7\u00e3o, muito clara: N\u00e3o \u00e9 sem tradi\u00e7\u00e3o que o dia de S\u00e3o Benedito, S\u00e3o Jo\u00e3o, a Folia de [&hellip;]<\/p>\n","protected":false},"author":1,"featured_media":11270,"parent":8867,"menu_order":0,"comment_status":"closed","ping_status":"closed","template":"","meta":{"ngg_post_thumbnail":0,"footnotes":""},"class_list":["post-11265","page","type-page","status-publish","has-post-thumbnail","hentry"],"_links":{"self":[{"href":"https:\/\/categero.org.br\/antigo\/index.php?rest_route=\/wp\/v2\/pages\/11265","targetHints":{"allow":["GET"]}}],"collection":[{"href":"https:\/\/categero.org.br\/antigo\/index.php?rest_route=\/wp\/v2\/pages"}],"about":[{"href":"https:\/\/categero.org.br\/antigo\/index.php?rest_route=\/wp\/v2\/types\/page"}],"author":[{"embeddable":true,"href":"https:\/\/categero.org.br\/antigo\/index.php?rest_route=\/wp\/v2\/users\/1"}],"replies":[{"embeddable":true,"href":"https:\/\/categero.org.br\/antigo\/index.php?rest_route=%2Fwp%2Fv2%2Fcomments&post=11265"}],"version-history":[{"count":7,"href":"https:\/\/categero.org.br\/antigo\/index.php?rest_route=\/wp\/v2\/pages\/11265\/revisions"}],"predecessor-version":[{"id":11274,"href":"https:\/\/categero.org.br\/antigo\/index.php?rest_route=\/wp\/v2\/pages\/11265\/revisions\/11274"}],"up":[{"embeddable":true,"href":"https:\/\/categero.org.br\/antigo\/index.php?rest_route=\/wp\/v2\/pages\/8867"}],"wp:featuredmedia":[{"embeddable":true,"href":"https:\/\/categero.org.br\/antigo\/index.php?rest_route=\/wp\/v2\/media\/11270"}],"wp:attachment":[{"href":"https:\/\/categero.org.br\/antigo\/index.php?rest_route=%2Fwp%2Fv2%2Fmedia&parent=11265"}],"curies":[{"name":"wp","href":"https:\/\/api.w.org\/{rel}","templated":true}]}}