{"id":11252,"date":"2017-01-05T22:05:56","date_gmt":"2017-01-06T01:05:56","guid":{"rendered":"http:\/\/categero.org.br\/?page_id=11252"},"modified":"2017-01-05T22:11:31","modified_gmt":"2017-01-06T01:11:31","slug":"sparuja-rua-santo-antonio-de-catigiro","status":"publish","type":"page","link":"https:\/\/categero.org.br\/antigo\/?page_id=11252","title":{"rendered":"SP\/Aruj\u00e1 &#8211; Rua Santo Antonio de Catigir\u00f3"},"content":{"rendered":"<p style=\"text-align: center;\"><strong>A terceira rua que, em cidades do Estado de S\u00e3o Paulo, homenageiam o Beato Ant\u00f4nio de Categer\u00f3<\/strong><\/p>\n<p style=\"text-align: center;\"><img loading=\"lazy\" decoding=\"async\" class=\"aligncenter wp-image-11256\" src=\"http:\/\/categero.org.br\/wp-content\/uploads\/2017\/01\/Aruja-Rua-Santo-Ant\u00f4nio-de-Caitgir\u00f3-6.jpg\" alt=\"aruja-rua-santo-antonio-de-caitgiro-6\" width=\"321\" height=\"221\" srcset=\"https:\/\/categero.org.br\/antigo\/wp-content\/uploads\/2017\/01\/Aruja-Rua-Santo-Ant\u00f4nio-de-Caitgir\u00f3-6.jpg 1273w, https:\/\/categero.org.br\/antigo\/wp-content\/uploads\/2017\/01\/Aruja-Rua-Santo-Ant\u00f4nio-de-Caitgir\u00f3-6-300x206.jpg 300w, https:\/\/categero.org.br\/antigo\/wp-content\/uploads\/2017\/01\/Aruja-Rua-Santo-Ant\u00f4nio-de-Caitgir\u00f3-6-768x528.jpg 768w, https:\/\/categero.org.br\/antigo\/wp-content\/uploads\/2017\/01\/Aruja-Rua-Santo-Ant\u00f4nio-de-Caitgir\u00f3-6-1024x705.jpg 1024w, https:\/\/categero.org.br\/antigo\/wp-content\/uploads\/2017\/01\/Aruja-Rua-Santo-Ant\u00f4nio-de-Caitgir\u00f3-6-495x341.jpg 495w, https:\/\/categero.org.br\/antigo\/wp-content\/uploads\/2017\/01\/Aruja-Rua-Santo-Ant\u00f4nio-de-Caitgir\u00f3-6-50x35.jpg 50w\" sizes=\"auto, (max-width: 321px) 100vw, 321px\" \/><\/p>\n<p style=\"text-align: center;\"><img loading=\"lazy\" decoding=\"async\" class=\"wp-image-10850 alignleft\" src=\"http:\/\/categero.org.br\/wp-content\/uploads\/2016\/07\/2.-Categer\u00f3-72-dpi-Color.jpg\" alt=\"2. Categer\u00f3 72 dpi Color\" width=\"223\" height=\"331\" srcset=\"https:\/\/categero.org.br\/antigo\/wp-content\/uploads\/2016\/07\/2.-Categer\u00f3-72-dpi-Color.jpg 348w, https:\/\/categero.org.br\/antigo\/wp-content\/uploads\/2016\/07\/2.-Categer\u00f3-72-dpi-Color-202x300.jpg 202w\" sizes=\"auto, (max-width: 223px) 100vw, 223px\" \/><\/p>\n<p style=\"text-align: justify;\">Existe no bairro Jordan\u00f3polis, \u00a0cidade \u00a0de Aruj\u00e1, no Estado de S\u00e3o Paulo, a rua denominada Santo Antonio de Catigir\u00f3. Com a grafia CATIGIR\u00d3. Essa rua tem o CEP n\u00ba 07432-575. \u00a0Pertence a um bairro, com a maioria das ruas, com designa\u00e7\u00f5es de santos.<br \/>\nDiferente da cidade de Itapeva onde a rua em honra ao Beato de Categer\u00f3, faz um entrocamento obl\u00edquo com a Rua S\u00e3o Benedito, local onde h\u00e1 uma igreja em honra a S\u00e3o Benedito, mas com um altar dedicado a Categer\u00f3, aqui em Aruj\u00e1, \u00e9 uma esquina com Santo Ant\u00f4nio (de P\u00e1dua), n\u00e3o expressado.<\/p>\n<p style=\"text-align: justify;\">Come\u00e7amos, a partir daqui, a coleta de dados sobre igrejas nessa rua ou de igrejas dedicadas ao Ros\u00e1rio ou que tiveram Irmandades de N\u00aa S\u00aa do Ros\u00e1rio, Ordem Terceira Franciscana e de S\u00e3o Benedito. Estes s\u00e3o locais poss\u00edveis de ser encontrado resqu\u00edcios de devo\u00e7\u00f5es hist\u00f3ricas ou atuais.<\/p>\n<p style=\"text-align: center;\">&#8212;&#8212;&#8212;&#8212;<\/p>\n<p style=\"text-align: justify;\"><span class=\"title_content left\">Hist\u00f3ria do in\u00edcio da cidade &#8211; \u00a0<\/span><span class=\"description_content\">Aruj\u00e1 \u00e9 uma antiga povoa\u00e7\u00e3o situada a nordeste da capital paulista, entre as serras da Cantareira e do Mar, \u00e0s margens do ribeir\u00e3o Baquirivu-Gua\u00e7u, com acesso principal pela Rodovia Presidente Dutra.<\/span><\/p>\n<p>De origem tupi, Aruj\u00e1 significa &#8220;abundantes de peixinhos barrigudinhos ou guarus&#8221;, de acordo com a obra O Tupi-Geografia Nacional, de Theodoro Sampaio.<\/p>\n<p>O munic\u00edpio surgiu com um simples tra\u00e7ado de uma estrada vicinal, que sa\u00eda da Pra\u00e7a da S\u00e9, passava pelo Br\u00e1s, Penha, Guarulhos, Bonsucesso, Aruj\u00e1 at\u00e9 chegar ao Rio de Janeiro.<\/p>\n<p>O caminho era usado por tropeiros que se dispersavam pela floresta \u00e0 fora, sentido Vale do Para\u00edba &#8211; Rio de Janeiro. Conhecidos como &#8220;faisqueiros&#8221;, esses homens eram os respons\u00e1veis pelo contato com os \u00edndios, al\u00e9m de extra\u00edrem ouro do Rio Jaguari, levando-o para Bonsucesso e de l\u00e1 para Guarulhos.<\/p>\n<p style=\"text-align: center;\"><strong>Imagens Google Earth atuais<\/strong><\/p>\n<p><img loading=\"lazy\" decoding=\"async\" class=\"aligncenter wp-image-11257\" src=\"http:\/\/categero.org.br\/wp-content\/uploads\/2017\/01\/Rua-Sto-Ant-de-Catigir\u00f3-5.jpg\" alt=\"rua-sto-ant-de-catigiro-5\" width=\"500\" height=\"345\" srcset=\"https:\/\/categero.org.br\/antigo\/wp-content\/uploads\/2017\/01\/Rua-Sto-Ant-de-Catigir\u00f3-5.jpg 1278w, https:\/\/categero.org.br\/antigo\/wp-content\/uploads\/2017\/01\/Rua-Sto-Ant-de-Catigir\u00f3-5-300x207.jpg 300w, https:\/\/categero.org.br\/antigo\/wp-content\/uploads\/2017\/01\/Rua-Sto-Ant-de-Catigir\u00f3-5-768x530.jpg 768w, https:\/\/categero.org.br\/antigo\/wp-content\/uploads\/2017\/01\/Rua-Sto-Ant-de-Catigir\u00f3-5-1024x707.jpg 1024w, https:\/\/categero.org.br\/antigo\/wp-content\/uploads\/2017\/01\/Rua-Sto-Ant-de-Catigir\u00f3-5-495x342.jpg 495w, https:\/\/categero.org.br\/antigo\/wp-content\/uploads\/2017\/01\/Rua-Sto-Ant-de-Catigir\u00f3-5-50x35.jpg 50w\" sizes=\"auto, (max-width: 500px) 100vw, 500px\" \/> <img loading=\"lazy\" decoding=\"async\" class=\"aligncenter wp-image-11258\" src=\"http:\/\/categero.org.br\/wp-content\/uploads\/2017\/01\/Rua-Sto-Ant-de-Catigir\u00f3-1.jpg\" alt=\"rua-sto-ant-de-catigiro-1\" width=\"500\" height=\"345\" srcset=\"https:\/\/categero.org.br\/antigo\/wp-content\/uploads\/2017\/01\/Rua-Sto-Ant-de-Catigir\u00f3-1.jpg 1283w, https:\/\/categero.org.br\/antigo\/wp-content\/uploads\/2017\/01\/Rua-Sto-Ant-de-Catigir\u00f3-1-300x207.jpg 300w, https:\/\/categero.org.br\/antigo\/wp-content\/uploads\/2017\/01\/Rua-Sto-Ant-de-Catigir\u00f3-1-768x530.jpg 768w, https:\/\/categero.org.br\/antigo\/wp-content\/uploads\/2017\/01\/Rua-Sto-Ant-de-Catigir\u00f3-1-1024x706.jpg 1024w, https:\/\/categero.org.br\/antigo\/wp-content\/uploads\/2017\/01\/Rua-Sto-Ant-de-Catigir\u00f3-1-495x341.jpg 495w, https:\/\/categero.org.br\/antigo\/wp-content\/uploads\/2017\/01\/Rua-Sto-Ant-de-Catigir\u00f3-1-50x35.jpg 50w\" sizes=\"auto, (max-width: 500px) 100vw, 500px\" \/> <img loading=\"lazy\" decoding=\"async\" class=\"aligncenter wp-image-11259\" src=\"http:\/\/categero.org.br\/wp-content\/uploads\/2017\/01\/Rua-Sto-Ant-de-Catigir\u00f3-2.jpg\" alt=\"rua-sto-ant-de-catigiro-2\" width=\"499\" height=\"353\" srcset=\"https:\/\/categero.org.br\/antigo\/wp-content\/uploads\/2017\/01\/Rua-Sto-Ant-de-Catigir\u00f3-2.jpg 1275w, https:\/\/categero.org.br\/antigo\/wp-content\/uploads\/2017\/01\/Rua-Sto-Ant-de-Catigir\u00f3-2-300x212.jpg 300w, https:\/\/categero.org.br\/antigo\/wp-content\/uploads\/2017\/01\/Rua-Sto-Ant-de-Catigir\u00f3-2-768x544.jpg 768w, https:\/\/categero.org.br\/antigo\/wp-content\/uploads\/2017\/01\/Rua-Sto-Ant-de-Catigir\u00f3-2-1024x725.jpg 1024w, https:\/\/categero.org.br\/antigo\/wp-content\/uploads\/2017\/01\/Rua-Sto-Ant-de-Catigir\u00f3-2-495x351.jpg 495w, https:\/\/categero.org.br\/antigo\/wp-content\/uploads\/2017\/01\/Rua-Sto-Ant-de-Catigir\u00f3-2-50x35.jpg 50w, https:\/\/categero.org.br\/antigo\/wp-content\/uploads\/2017\/01\/Rua-Sto-Ant-de-Catigir\u00f3-2-90x65.jpg 90w\" sizes=\"auto, (max-width: 499px) 100vw, 499px\" \/> <img loading=\"lazy\" decoding=\"async\" class=\"aligncenter wp-image-11260\" src=\"http:\/\/categero.org.br\/wp-content\/uploads\/2017\/01\/Rua-Sto-Ant-de-Catigir\u00f3-3.jpg\" alt=\"rua-sto-ant-de-catigiro-3\" width=\"500\" height=\"289\" srcset=\"https:\/\/categero.org.br\/antigo\/wp-content\/uploads\/2017\/01\/Rua-Sto-Ant-de-Catigir\u00f3-3.jpg 1261w, https:\/\/categero.org.br\/antigo\/wp-content\/uploads\/2017\/01\/Rua-Sto-Ant-de-Catigir\u00f3-3-300x173.jpg 300w, https:\/\/categero.org.br\/antigo\/wp-content\/uploads\/2017\/01\/Rua-Sto-Ant-de-Catigir\u00f3-3-768x444.jpg 768w, https:\/\/categero.org.br\/antigo\/wp-content\/uploads\/2017\/01\/Rua-Sto-Ant-de-Catigir\u00f3-3-1024x592.jpg 1024w, https:\/\/categero.org.br\/antigo\/wp-content\/uploads\/2017\/01\/Rua-Sto-Ant-de-Catigir\u00f3-3-495x286.jpg 495w\" sizes=\"auto, (max-width: 500px) 100vw, 500px\" \/> <img loading=\"lazy\" decoding=\"async\" class=\"aligncenter wp-image-11261\" src=\"http:\/\/categero.org.br\/wp-content\/uploads\/2017\/01\/Rua-Sto-Ant-de-Catigir\u00f3-4.jpg\" alt=\"rua-sto-ant-de-catigiro-4\" width=\"500\" height=\"345\" srcset=\"https:\/\/categero.org.br\/antigo\/wp-content\/uploads\/2017\/01\/Rua-Sto-Ant-de-Catigir\u00f3-4.jpg 1275w, https:\/\/categero.org.br\/antigo\/wp-content\/uploads\/2017\/01\/Rua-Sto-Ant-de-Catigir\u00f3-4-300x207.jpg 300w, https:\/\/categero.org.br\/antigo\/wp-content\/uploads\/2017\/01\/Rua-Sto-Ant-de-Catigir\u00f3-4-768x529.jpg 768w, https:\/\/categero.org.br\/antigo\/wp-content\/uploads\/2017\/01\/Rua-Sto-Ant-de-Catigir\u00f3-4-1024x706.jpg 1024w, https:\/\/categero.org.br\/antigo\/wp-content\/uploads\/2017\/01\/Rua-Sto-Ant-de-Catigir\u00f3-4-495x341.jpg 495w, https:\/\/categero.org.br\/antigo\/wp-content\/uploads\/2017\/01\/Rua-Sto-Ant-de-Catigir\u00f3-4-50x35.jpg 50w\" sizes=\"auto, (max-width: 500px) 100vw, 500px\" \/><\/p>\n<p style=\"text-align: center;\"><img loading=\"lazy\" decoding=\"async\" class=\"aligncenter size-full wp-image-11262\" src=\"http:\/\/categero.org.br\/wp-content\/uploads\/2017\/01\/Banner-Aruja.jpg\" alt=\"banner-aruja\" width=\"425\" height=\"283\" srcset=\"https:\/\/categero.org.br\/antigo\/wp-content\/uploads\/2017\/01\/Banner-Aruja.jpg 425w, https:\/\/categero.org.br\/antigo\/wp-content\/uploads\/2017\/01\/Banner-Aruja-300x200.jpg 300w, https:\/\/categero.org.br\/antigo\/wp-content\/uploads\/2017\/01\/Banner-Aruja-75x50.jpg 75w, https:\/\/categero.org.br\/antigo\/wp-content\/uploads\/2017\/01\/Banner-Aruja-120x80.jpg 120w\" sizes=\"auto, (max-width: 425px) 100vw, 425px\" \/><\/p>\n","protected":false},"excerpt":{"rendered":"<p>A terceira rua que, em cidades do Estado de S\u00e3o Paulo, homenageiam o Beato Ant\u00f4nio de Categer\u00f3 Existe no bairro Jordan\u00f3polis, \u00a0cidade \u00a0de Aruj\u00e1, no Estado de S\u00e3o Paulo, a rua denominada Santo Antonio de Catigir\u00f3. Com a grafia CATIGIR\u00d3. Essa rua tem o CEP n\u00ba 07432-575. \u00a0Pertence a um bairro, com a maioria das [&hellip;]<\/p>\n","protected":false},"author":1,"featured_media":11262,"parent":8867,"menu_order":0,"comment_status":"closed","ping_status":"closed","template":"","meta":{"ngg_post_thumbnail":0,"footnotes":""},"class_list":["post-11252","page","type-page","status-publish","has-post-thumbnail","hentry"],"_links":{"self":[{"href":"https:\/\/categero.org.br\/antigo\/index.php?rest_route=\/wp\/v2\/pages\/11252","targetHints":{"allow":["GET"]}}],"collection":[{"href":"https:\/\/categero.org.br\/antigo\/index.php?rest_route=\/wp\/v2\/pages"}],"about":[{"href":"https:\/\/categero.org.br\/antigo\/index.php?rest_route=\/wp\/v2\/types\/page"}],"author":[{"embeddable":true,"href":"https:\/\/categero.org.br\/antigo\/index.php?rest_route=\/wp\/v2\/users\/1"}],"replies":[{"embeddable":true,"href":"https:\/\/categero.org.br\/antigo\/index.php?rest_route=%2Fwp%2Fv2%2Fcomments&post=11252"}],"version-history":[{"count":4,"href":"https:\/\/categero.org.br\/antigo\/index.php?rest_route=\/wp\/v2\/pages\/11252\/revisions"}],"predecessor-version":[{"id":11263,"href":"https:\/\/categero.org.br\/antigo\/index.php?rest_route=\/wp\/v2\/pages\/11252\/revisions\/11263"}],"up":[{"embeddable":true,"href":"https:\/\/categero.org.br\/antigo\/index.php?rest_route=\/wp\/v2\/pages\/8867"}],"wp:featuredmedia":[{"embeddable":true,"href":"https:\/\/categero.org.br\/antigo\/index.php?rest_route=\/wp\/v2\/media\/11262"}],"wp:attachment":[{"href":"https:\/\/categero.org.br\/antigo\/index.php?rest_route=%2Fwp%2Fv2%2Fmedia&parent=11252"}],"curies":[{"name":"wp","href":"https:\/\/api.w.org\/{rel}","templated":true}]}}