{"id":10863,"date":"2016-08-02T15:27:20","date_gmt":"2016-08-02T18:27:20","guid":{"rendered":"http:\/\/categero.org.br\/?page_id=10863"},"modified":"2017-05-18T17:52:53","modified_gmt":"2017-05-18T20:52:53","slug":"sao-leopoldors-associacao-africana-santo-antonio-de-categero","status":"publish","type":"page","link":"https:\/\/categero.org.br\/antigo\/?page_id=10863","title":{"rendered":"S\u00e3o Leopoldo\/RS &#8211; Associa\u00e7\u00e3o Africana Santo Ant\u00f4nio de Categer\u00f3"},"content":{"rendered":"<h3 style=\"text-align: center;\">Associa\u00e7\u00e3o Africanista de religi\u00e3o de raiz africana<\/h3>\n<p style=\"text-align: right;\"><em><span style=\"color: #3366ff;\"><strong>VEJA MAIS &nbsp; &nbsp;&nbsp;<a href=\"http:\/\/categero.org.br\/?p=10873\" target=\"_blank\" rel=\"noopener noreferrer\">Not\u00edcias &nbsp;desta ONG&nbsp;em nosso Portal<\/a><\/strong><\/span><\/em><\/p>\n<p style=\"text-align: center;\">.<\/p>\n<p style=\"text-align: center;\"><img loading=\"lazy\" decoding=\"async\" class=\"aligncenter wp-image-10867\" src=\"http:\/\/categero.org.br\/wp-content\/uploads\/2016\/08\/Assoc-Afric-SAC-2.jpg\" alt=\"Assoc-Afric-SAC 2\" width=\"260\" height=\"191\" srcset=\"https:\/\/categero.org.br\/antigo\/wp-content\/uploads\/2016\/08\/Assoc-Afric-SAC-2.jpg 406w, https:\/\/categero.org.br\/antigo\/wp-content\/uploads\/2016\/08\/Assoc-Afric-SAC-2-300x220.jpg 300w, https:\/\/categero.org.br\/antigo\/wp-content\/uploads\/2016\/08\/Assoc-Afric-SAC-2-80x60.jpg 80w, https:\/\/categero.org.br\/antigo\/wp-content\/uploads\/2016\/08\/Assoc-Afric-SAC-2-90x65.jpg 90w\" sizes=\"auto, (max-width: 260px) 100vw, 260px\" \/><\/p>\n<p style=\"text-align: justify;\">Na cidade de S\u00e3o Leopoldo, no Estado do Rio Grande do Sul, existe uma ONG, de cunho religioso, de religi\u00e3o tribal de ra\u00edz&nbsp;africana, denominada Santo Ant\u00f4nio de Categer\u00f3, cuja respons\u00e1vel \u00e9 Dolores Senhorinha Dorneles.<\/p>\n<p style=\"text-align: center;\"><img loading=\"lazy\" decoding=\"async\" class=\"aligncenter wp-image-10865\" src=\"http:\/\/categero.org.br\/wp-content\/uploads\/2016\/08\/Assoc-Afric-SAC.jpg\" alt=\"Assoc Afric SAC\" width=\"167\" height=\"208\" srcset=\"https:\/\/categero.org.br\/antigo\/wp-content\/uploads\/2016\/08\/Assoc-Afric-SAC.jpg 1386w, https:\/\/categero.org.br\/antigo\/wp-content\/uploads\/2016\/08\/Assoc-Afric-SAC-241x300.jpg 241w, https:\/\/categero.org.br\/antigo\/wp-content\/uploads\/2016\/08\/Assoc-Afric-SAC-768x958.jpg 768w, https:\/\/categero.org.br\/antigo\/wp-content\/uploads\/2016\/08\/Assoc-Afric-SAC-821x1024.jpg 821w, https:\/\/categero.org.br\/antigo\/wp-content\/uploads\/2016\/08\/Assoc-Afric-SAC-495x617.jpg 495w\" sizes=\"auto, (max-width: 167px) 100vw, 167px\" \/><\/p>\n<p style=\"text-align: justify;\">Essa associa\u00e7\u00e3o, por sua respons\u00e1vel, tem desenvolvido, diversos trabalhos, junto a grupos de atividades acad\u00eamicas, sob os ausp\u00edcios da Universidade do Vale do Rio dos Sinos\/Unissinos, tamb\u00e9m, em S\u00e3o Leopoldo. Existem bastante registros de atividades destes grupos, atrav\u00e9s do Instituto Humanitas, da Unissinos, inclusive integrados ao F\u00f3rum Nacional Permanente de Ensino Religioso \u2013 Fonaper, do Governo Federal.<\/p>\n<p style=\"text-align: justify;\">Assim, essa associa\u00e7\u00e3o sempre est\u00e1 citada nas publica\u00e7\u00f5es, de temas sobre religi\u00f5es e africanismo, nas mat\u00e9rias das Revistas do IHU, da Unissinos no Rio Grande do Sul, obtendo em consequ\u00eancia repercuss\u00e3o na m\u00eddia ga\u00facha mais forte, que \u00e9 a RBS, quando apoia iniciativas daquela universidade. (<a href=\"http:\/\/categero.org.br\/wp-content\/uploads\/2014\/02\/Assoc-Afr-S-A-Categ-Restinga.pdf\">publica\u00e7\u00e3o da RBS em 6jul2009<\/a>)<\/p>\n<p style=\"text-align: center;\"><img loading=\"lazy\" decoding=\"async\" class=\"aligncenter wp-image-10864\" src=\"http:\/\/categero.org.br\/wp-content\/uploads\/2016\/08\/DSC04085.jpg\" alt=\"DSC04085\" width=\"496\" height=\"372\" srcset=\"https:\/\/categero.org.br\/antigo\/wp-content\/uploads\/2016\/08\/DSC04085.jpg 4896w, https:\/\/categero.org.br\/antigo\/wp-content\/uploads\/2016\/08\/DSC04085-300x225.jpg 300w, https:\/\/categero.org.br\/antigo\/wp-content\/uploads\/2016\/08\/DSC04085-768x576.jpg 768w, https:\/\/categero.org.br\/antigo\/wp-content\/uploads\/2016\/08\/DSC04085-1024x768.jpg 1024w, https:\/\/categero.org.br\/antigo\/wp-content\/uploads\/2016\/08\/DSC04085-495x371.jpg 495w, https:\/\/categero.org.br\/antigo\/wp-content\/uploads\/2016\/08\/DSC04085-80x60.jpg 80w, https:\/\/categero.org.br\/antigo\/wp-content\/uploads\/2016\/08\/DSC04085-161x120.jpg 161w\" sizes=\"auto, (max-width: 496px) 100vw, 496px\" \/><\/p>\n<p style=\"text-align: justify;\">O beato Ant\u00f4nio de Categer\u00f3 para a&nbsp;Dolores Senhorinha Dorneles \u00e9 um trabalho devocional que recebeu em sua forma\u00e7\u00e3o religiosa, com sendo seu santo protetor. E os depoimentos dela, quer em sua pr\u00e1tica religiosa, quer em seu trabalho assistencial, na distribui\u00e7\u00e3o de sacolas de alimenta\u00e7\u00e3o, apoiada pela Unissinos (Jesu\u00edtas), atrav\u00e9s de intermedia\u00e7\u00e3o com o Banco de Alimentos, s\u00e3o importantes registros que convergem aos objetivos para a pesquisa de Categer\u00f3 do Site.<\/p>\n<p style=\"text-align: right;\"><em><span style=\"color: #3366ff;\"><strong>VEJA MAIS &nbsp; &nbsp;&nbsp;<a href=\"http:\/\/categero.org.br\/?p=10873\" target=\"_blank\" rel=\"noopener noreferrer\">Not\u00edcias &nbsp;desta ONG&nbsp;em nosso Portal<\/a><\/strong><\/span><\/em><\/p>\n<p style=\"text-align: center;\">.<\/p>\n<p style=\"text-align: center;\"><img loading=\"lazy\" decoding=\"async\" class=\"aligncenter size-full wp-image-10866\" src=\"http:\/\/categero.org.br\/wp-content\/uploads\/2016\/08\/Capa-Rev-IHU.jpg\" alt=\"Capa-Rev-IHU\" width=\"397\" height=\"198\" srcset=\"https:\/\/categero.org.br\/antigo\/wp-content\/uploads\/2016\/08\/Capa-Rev-IHU.jpg 397w, https:\/\/categero.org.br\/antigo\/wp-content\/uploads\/2016\/08\/Capa-Rev-IHU-300x150.jpg 300w\" sizes=\"auto, (max-width: 397px) 100vw, 397px\" \/><\/p>\n","protected":false},"excerpt":{"rendered":"<p>Associa\u00e7\u00e3o Africanista de religi\u00e3o de raiz africana VEJA MAIS &nbsp; &nbsp;&nbsp;Not\u00edcias &nbsp;desta ONG&nbsp;em nosso Portal . Na cidade de S\u00e3o Leopoldo, no Estado do Rio Grande do Sul, existe uma ONG, de cunho religioso, de religi\u00e3o tribal de ra\u00edz&nbsp;africana, denominada Santo Ant\u00f4nio de Categer\u00f3, cuja respons\u00e1vel \u00e9 Dolores Senhorinha Dorneles. Essa associa\u00e7\u00e3o, por sua respons\u00e1vel, [&hellip;]<\/p>\n","protected":false},"author":1,"featured_media":10866,"parent":12333,"menu_order":0,"comment_status":"closed","ping_status":"closed","template":"","meta":{"ngg_post_thumbnail":0,"footnotes":""},"class_list":["post-10863","page","type-page","status-publish","has-post-thumbnail","hentry"],"_links":{"self":[{"href":"https:\/\/categero.org.br\/antigo\/index.php?rest_route=\/wp\/v2\/pages\/10863","targetHints":{"allow":["GET"]}}],"collection":[{"href":"https:\/\/categero.org.br\/antigo\/index.php?rest_route=\/wp\/v2\/pages"}],"about":[{"href":"https:\/\/categero.org.br\/antigo\/index.php?rest_route=\/wp\/v2\/types\/page"}],"author":[{"embeddable":true,"href":"https:\/\/categero.org.br\/antigo\/index.php?rest_route=\/wp\/v2\/users\/1"}],"replies":[{"embeddable":true,"href":"https:\/\/categero.org.br\/antigo\/index.php?rest_route=%2Fwp%2Fv2%2Fcomments&post=10863"}],"version-history":[{"count":5,"href":"https:\/\/categero.org.br\/antigo\/index.php?rest_route=\/wp\/v2\/pages\/10863\/revisions"}],"predecessor-version":[{"id":12371,"href":"https:\/\/categero.org.br\/antigo\/index.php?rest_route=\/wp\/v2\/pages\/10863\/revisions\/12371"}],"up":[{"embeddable":true,"href":"https:\/\/categero.org.br\/antigo\/index.php?rest_route=\/wp\/v2\/pages\/12333"}],"wp:featuredmedia":[{"embeddable":true,"href":"https:\/\/categero.org.br\/antigo\/index.php?rest_route=\/wp\/v2\/media\/10866"}],"wp:attachment":[{"href":"https:\/\/categero.org.br\/antigo\/index.php?rest_route=%2Fwp%2Fv2%2Fmedia&parent=10863"}],"curies":[{"name":"wp","href":"https:\/\/api.w.org\/{rel}","templated":true}]}}