{"id":102,"date":"2010-10-01T00:32:01","date_gmt":"2010-10-01T00:32:01","guid":{"rendered":"http:\/\/www.categero.org.br\/?page_id=102"},"modified":"2014-03-25T16:17:32","modified_gmt":"2014-03-25T19:17:32","slug":"rio-de-janeirorj-igreja-de-santo-antonio-de-categero","status":"publish","type":"page","link":"https:\/\/categero.org.br\/antigo\/?page_id=102","title":{"rendered":"RJ\/Rio de Janeiro &#8211; Ex-Igreja de Santo Ant\u00f4nio de Categer\u00f3 (atual Santo Expedito)"},"content":{"rendered":"<p style=\"text-align: center;\"><a href=\"http:\/\/www.categero.org.br\/wp-content\/uploads\/2010\/10\/DSC059342.jpg\"><img loading=\"lazy\" decoding=\"async\" class=\"aligncenter size-medium wp-image-1611\" title=\"DSC05934\" alt=\"\" src=\"http:\/\/www.categero.org.br\/wp-content\/uploads\/2010\/10\/DSC059342-225x300.jpg\" width=\"225\" height=\"300\" \/><\/a><\/p>\n<p style=\"text-align: center;\">Houve uma Igreja Santo Ant\u00f4nio de Categer\u00f3, no Rio de janeiro\/RJ. Como diz na placa afixada: No dia 19 de abril de 1998, Santo Expedito passou a ser o Padroeiro desta par\u00f3quia.\u00a0 E, provavelmente, nesta data tamb\u00e9m ocorreu a entrega do acervo de Santo Ant\u00f4nio de Categer\u00f3,\u00a0\u00a0ent\u00e3o existente,\u00a0entregue na Igreja Nossa Senhora da Anuncia\u00e7\u00e3o da M\u00e3e de Deus, igreja existente neste mesmo bairro &#8211;\u00a0a Penha.<\/p>\n<p style=\"text-align: justify;\"><a href=\"http:\/\/www.categero.org.br\/wp-content\/uploads\/2010\/10\/DSC059361.jpg\"><img loading=\"lazy\" decoding=\"async\" class=\"aligncenter size-medium wp-image-1599\" title=\"DSC05936\" alt=\"\" src=\"http:\/\/www.categero.org.br\/wp-content\/uploads\/2010\/10\/DSC059361-224x300.jpg\" width=\"224\" height=\"300\" \/><\/a><br \/>\nEssa placa definidora do patronato, constante da foto de abertura deste site, est\u00e1\u00a0afixada na\u00a0esquerda da porta principal de entrada do templo e pode ser vista na foto acima da fachada da\u00a0igreja de Santo Expedito.<\/p>\n<p style=\"text-align: left;\">Texto impresso nos santinhos da \u00e9poca em que a igreja era de Santo Ant\u00f4nio de Categer\u00f3:<\/p>\n<p style=\"text-align: left;\">(Igreja Santo Ant\u00f4nio de Categer\u00f3<br \/>\nEndere\u00e7o: rua Leopoldina R\u00eago, 917.<br \/>\nPr\u00f3ximo \u00e0 esta\u00e7\u00e3o ferrovi\u00e1ria da Penha)<\/p>\n<p>J\u00e1 a\u00a0foto abaixo \u00e9 a de um Categer\u00f3, que estava vinculado a essa igreja, em ilustra\u00e7\u00e3o do livro de Categer\u00f3, de autoria do Monsenhor Salvatore Guatella, (Lui e Noi per Loro &#8211; p.232) que apresenta uma imagem no estilo das mesmas usadas na Igreja das Chagas de S\u00e3o Francisco &#8211; SP; da Igreja N. S. da Acripta &#8211; SP;<\/p>\n<p style=\"text-align: left;\">A foto\u00a0registra o momento de um programa radiof\u00f4nico (r\u00e1dio Tupi &#8211; AM\/1.280m) em cujo programa\u00a0era divulgada a devo\u00e7\u00e3o ao Beato Ant\u00f4nio de Categer\u00f3. (N\u00e3o h\u00e1 refer\u00eancia de data) .<\/p>\n<p style=\"text-align: left;\">\u00a0Nota 1 \u00a0&#8211; O Portal est\u00e1\u00a0buscando dados, principalmente, pesquisando\u00a0o que determinou essa\u00a0 mudan\u00e7a\u00a0no patronato da igreja para\u00a0processar\u00a0historicamente a informa\u00e7\u00e3o.<\/p>\n<p style=\"text-align: left;\">Nota 2 &#8211; Todo o material de Categer\u00f3 que existia nessa igreja foi entregue na igreja da Par\u00f3quia de Nossa Senhora da Anuncia\u00e7\u00e3o da M\u00e3e de Deus. na rua Ipojuca, n\u00ba54, no mesmo bairro da Penha.<\/p>\n<p style=\"text-align: left;\">Nota 3 &#8211; A imagem de Categer\u00f3, constante da fotogragia\u00a0abaixo, n\u00e3o est\u00e1 entre o acervo entregue e gostar\u00edamos de informa\u00e7\u00f5es sobre seu paradeiro.<\/p>\n<p style=\"text-align: left;\"><img loading=\"lazy\" decoding=\"async\" title=\"pag 232\" alt=\"\" src=\"http:\/\/www.categero.org.br\/wp-content\/uploads\/2010\/10\/pag-232-234x300.jpg\" width=\"234\" height=\"300\" \/><\/p>\n","protected":false},"excerpt":{"rendered":"<p>Houve uma Igreja Santo Ant\u00f4nio de Categer\u00f3, no Rio de janeiro\/RJ. Como diz na placa afixada: No dia 19 de abril de 1998, Santo Expedito passou a ser o Padroeiro desta par\u00f3quia.\u00a0 E, provavelmente, nesta data tamb\u00e9m ocorreu a entrega do acervo de Santo Ant\u00f4nio de Categer\u00f3,\u00a0\u00a0ent\u00e3o existente,\u00a0entregue na Igreja Nossa Senhora da Anuncia\u00e7\u00e3o da [&hellip;]<\/p>\n","protected":false},"author":1,"featured_media":8514,"parent":8865,"menu_order":0,"comment_status":"closed","ping_status":"closed","template":"","meta":{"ngg_post_thumbnail":0,"footnotes":""},"class_list":["post-102","page","type-page","status-publish","has-post-thumbnail","hentry"],"_links":{"self":[{"href":"https:\/\/categero.org.br\/antigo\/index.php?rest_route=\/wp\/v2\/pages\/102","targetHints":{"allow":["GET"]}}],"collection":[{"href":"https:\/\/categero.org.br\/antigo\/index.php?rest_route=\/wp\/v2\/pages"}],"about":[{"href":"https:\/\/categero.org.br\/antigo\/index.php?rest_route=\/wp\/v2\/types\/page"}],"author":[{"embeddable":true,"href":"https:\/\/categero.org.br\/antigo\/index.php?rest_route=\/wp\/v2\/users\/1"}],"replies":[{"embeddable":true,"href":"https:\/\/categero.org.br\/antigo\/index.php?rest_route=%2Fwp%2Fv2%2Fcomments&post=102"}],"version-history":[{"count":5,"href":"https:\/\/categero.org.br\/antigo\/index.php?rest_route=\/wp\/v2\/pages\/102\/revisions"}],"predecessor-version":[{"id":8888,"href":"https:\/\/categero.org.br\/antigo\/index.php?rest_route=\/wp\/v2\/pages\/102\/revisions\/8888"}],"up":[{"embeddable":true,"href":"https:\/\/categero.org.br\/antigo\/index.php?rest_route=\/wp\/v2\/pages\/8865"}],"wp:featuredmedia":[{"embeddable":true,"href":"https:\/\/categero.org.br\/antigo\/index.php?rest_route=\/wp\/v2\/media\/8514"}],"wp:attachment":[{"href":"https:\/\/categero.org.br\/antigo\/index.php?rest_route=%2Fwp%2Fv2%2Fmedia&parent=102"}],"curies":[{"name":"wp","href":"https:\/\/api.w.org\/{rel}","templated":true}]}}